{"id":763705,"date":"2025-08-28T10:49:13","date_gmt":"2025-08-28T07:49:13","guid":{"rendered":"https:\/\/roveyayinevi.com.tr\/index.php\/urun\/filistin-laboratuvari\/"},"modified":"2026-04-15T03:29:41","modified_gmt":"2026-04-15T00:29:41","slug":"filistin-laboratuvari","status":"publish","type":"product","link":"https:\/\/roveyayinevi.com.tr\/index.php\/urun\/filistin-laboratuvari\/","title":{"rendered":"Filistin Laboratuvar\u0131"},"content":{"rendered":"<p>Kapak foto\u011fraf\u0131 \u0130srail\u2019in g\u00fcneyindeki bir askeri \u00fcss\u00fc g\u00f6steriyor. Geride g\u00f6r\u00fcnen k\u00f6y ger\u00e7ek de\u011fil. K\u00f6y bask\u0131n\u0131, ev aramas\u0131 ve sokak \u00e7at\u0131\u015fmas\u0131 ko\u015fullar\u0131n\u0131 sim\u00fcle etmek i\u00e7in in\u015fa edilmi\u015f yapay bir k\u00f6y. Burada tatbikat yapan \u0130srail askerleri k\u00f6ye \u201cmini Gazze\u201ddiyorlar. Bat\u0131 \u015eeria ve Gazze\u2019nin i\u015fgali, \u201cd\u00fc\u015fman\u201d olarak tan\u0131mlad\u0131\u011f\u0131 Filistinlileri denetleme ve g\u00f6zetleme teknolojileri konusunda \u0130srail devletine paha bi\u00e7ilmez bir deneyim kazand\u0131rd\u0131. \u0130srail devletinin askeri-end\u00fcstriyel kompleksi, i\u015fgal alt\u0131ndaki Filistin topraklar\u0131n\u0131 yeni silahlar ve g\u00f6zetleme teknolojileri i\u00e7in bir test sahas\u0131 olarak kullan\u0131yor; burada geli\u015ftirdi\u011fi silahlar\u0131 ve teknolojileri d\u00fcnyan\u0131n d\u00f6rt bir yan\u0131ndaki despot rejimlere ve demokrasilere satarak Filistin\u2019in i\u015fgaline ses \u00e7\u0131karmamalar\u0131n\u0131 sa\u011fl\u0131yor, onlar\u0131 su\u00e7 orta\u011f\u0131 haline getiriyor.  Gazeteci Loewenstein belgeler, r\u00f6portajlar ve sahadan raporlarla s\u00fcrd\u00fcrd\u00fc\u011f\u00fc k\u00fcresel bir soru\u015fturmayla b\u00fcy\u00fck \u00f6l\u00e7\u00fcde gizli olan bu d\u00fcnyay\u0131 ortaya \u00e7\u0131kar\u0131yor, Filistin\u2019in nas\u0131l m\u00fckemmel bir laboratuvar haline getirildi\u011fini derinlemesine inceliyor. Filistin laboratuvar\u0131, Jeff Bezos ve Cemal Ka\u015f\u0131k\u00e7\u0131\u2019n\u0131n telefonlar\u0131n\u0131 hackleyen Pegasus yaz\u0131l\u0131m\u0131ndan, binlerce Rohingyal\u0131y\u0131 katleden Burma ordusuna sat\u0131lan silahlara ve Avrupa Birli\u011fi taraf\u0131ndan Akdeniz\u2019de bo\u011fulmaya terk edilen m\u00fcltecileri izlemek i\u00e7in kullan\u0131lan insans\u0131z hava ara\u00e7lar\u0131na kadar uzanan bir giri\u015fim. \u0130srail\u2019in d\u00fcnyan\u0131n en ac\u0131mas\u0131z \u00e7at\u0131\u015fmalar\u0131ndan baz\u0131lar\u0131n\u0131 k\u00f6r\u00fckleyen casusluk teknolojisi ve savunma donan\u0131m\u0131n\u0131 geli\u015ftirmede nas\u0131l lider haline geldi\u011fini anlat\u0131yor. Di\u011ferleri de \u0130srail\u2019den \u00f6\u011freniyor. YAZAR HAKKINDA: Avustralyal\u0131\/Alman gazeteci, yazar ve belgesel yap\u0131mc\u0131s\u0131 Antony Loewenstein 1974 y\u0131l\u0131nda Melbourne\u2019da Yahudi bir ailede do\u011fdu. D\u00fcnyan\u0131n d\u00f6rt bir yan\u0131ndaki \u00fclkelerde gazeteci olarak \u00e7al\u0131\u015fan Loewenstein, aralar\u0131nda New York Times, Guardian, Washington Post, Al Jazeera English ve New York Review of Books\u2019un da bulundu\u011fu bir\u00e7ok gazete, dergi ve medya kurulu\u015funda yaz\u0131lar yazd\u0131. 2006 y\u0131l\u0131nda yay\u0131mlanan ilk kitab\u0131 My Israel Question\u2019\u0131 (\u0130srail Meselem), The Blogging Revolution (Blog Devrimi, 2008), Profits of Doom (K\u0131yametin K\u00e2r\u0131, 2013), Disaster Capitalism (Felaket Kapitalizmi, 2015) ve Pills, Powder, and Smoke (\u0130la\u00e7lar, Barut ve Duman, 2019) kitaplar\u0131 takip etti. Loewenstein ayr\u0131ca Disaster Capitalism (Felaket Kapitalizmi, 2018), West Africa\u2019s Opioid Crisis (Bat\u0131 Afrika\u2019n\u0131n Opioid Krizi, 2019) ve Under the Cover of Covid (Covid\u2019in Ard\u0131na Gizlenenler, 2021) gibi belgesellere imza att\u0131. Uluslararas\u0131 \u00e7apta ilgi g\u00f6ren Filistin Laboratuvar\u0131 (2023) Avustralya\u2019n\u0131n en prestijli gazetecilik \u00f6d\u00fcl\u00fc olan Walkley Book Award\u2019a lay\u0131k g\u00f6r\u00fcld\u00fc. \u0130srail ve Filistin konusundaki \u00e7al\u0131\u015fmalar\u0131ndan \u00f6t\u00fcr\u00fc Avustralya\u2019n\u0131n \u00f6nde gelen bar\u0131\u015f \u00f6d\u00fcllerinden Kud\u00fcs (Al Quds) Bar\u0131\u015f \u00d6d\u00fcl\u00fc\u2019n\u00fc alan Loewenstein, \u0130srail\u2019in Filistin\u2019e y\u00f6nelik sald\u0131r\u0131lar\u0131na kar\u015f\u0131 \u00e7\u0131kan Avustralyal\u0131 Yahudiler aras\u0131nda g\u00fc\u00e7l\u00fc bir ses te\u015fkil ediyor.                                                                                 <\/p>\n","protected":false},"excerpt":{"rendered":"<p>Kapak foto\u011fraf\u0131 \u0130srail\u2019in g\u00fcneyindeki bir askeri \u00fcss\u00fc g\u00f6steriyor. Geride g\u00f6r\u00fcnen k\u00f6y ger\u00e7ek de\u011fil. K\u00f6y bask\u0131n\u0131, ev aramas\u0131 ve sokak \u00e7at\u0131\u015fmas\u0131 ko\u015fullar\u0131n\u0131 sim\u00fcle etmek i\u00e7in in\u015fa edilmi\u015f<span class=\"excerpt-hellip\"> [\u2026]<\/span><\/p>\n","protected":false},"featured_media":0,"template":"","meta":{"_monsterinsights_skip_tracking":false,"_monsterinsights_sitenote_active":false,"_monsterinsights_sitenote_note":"","_monsterinsights_sitenote_category":0},"product_brand":[],"product_cat":[12337,14706],"product_tag":[],"class_list":{"0":"post-763705","1":"product","2":"type-product","3":"status-publish","5":"product_cat-politika-siyaset","6":"product_cat-siyaset-bilimi","7":"pa_cilt-ciltsiz","8":"pa_tur-kitap","9":"pa_yayinevi-metis-yayinlari","10":"pa_yazar-antony-loewenstein","12":"first","13":"instock","14":"sale","15":"shipping-taxable","16":"purchasable","17":"product-type-simple"},"_links":{"self":[{"href":"https:\/\/roveyayinevi.com.tr\/index.php\/wp-json\/wp\/v2\/product\/763705","targetHints":{"allow":["GET"]}}],"collection":[{"href":"https:\/\/roveyayinevi.com.tr\/index.php\/wp-json\/wp\/v2\/product"}],"about":[{"href":"https:\/\/roveyayinevi.com.tr\/index.php\/wp-json\/wp\/v2\/types\/product"}],"wp:attachment":[{"href":"https:\/\/roveyayinevi.com.tr\/index.php\/wp-json\/wp\/v2\/media?parent=763705"}],"wp:term":[{"taxonomy":"product_brand","embeddable":true,"href":"https:\/\/roveyayinevi.com.tr\/index.php\/wp-json\/wp\/v2\/product_brand?post=763705"},{"taxonomy":"product_cat","embeddable":true,"href":"https:\/\/roveyayinevi.com.tr\/index.php\/wp-json\/wp\/v2\/product_cat?post=763705"},{"taxonomy":"product_tag","embeddable":true,"href":"https:\/\/roveyayinevi.com.tr\/index.php\/wp-json\/wp\/v2\/product_tag?post=763705"}],"curies":[{"name":"wp","href":"https:\/\/api.w.org\/{rel}","templated":true}]}}