{"id":763702,"date":"2025-08-28T10:49:07","date_gmt":"2025-08-28T07:49:07","guid":{"rendered":"https:\/\/roveyayinevi.com.tr\/index.php\/urun\/magnet-modeli\/"},"modified":"2026-04-15T03:29:41","modified_gmt":"2026-04-15T00:29:41","slug":"magnet-modeli","status":"publish","type":"product","link":"https:\/\/roveyayinevi.com.tr\/index.php\/urun\/magnet-modeli\/","title":{"rendered":"Magnet Modeli"},"content":{"rendered":"<p>RAK\u0130PLER\u0130N\u0130Z\u0130 GER\u0130DE BIRAKMAK VE MARKANIZI KALICI HALE GET\u0130RMEK \u0130\u00c7\u0130N YEPYEN\u0130 B\u0130R STRATEJ\u0130   Magnet Modeli,TM m\u00fc\u015fteri ili\u015fkilerini g\u00fc\u00e7lendirme ve kal\u0131c\u0131 hale getirme konusunda devrim niteli\u011finde bir yakla\u015f\u0131m sunarak markan\u0131z\u0131 geli\u015ftirmenize yard\u0131mc\u0131 oluyor.   Alt\u0131 temel bile\u015fenden olu\u015fan bu \u00f6zg\u00fcn model, i\u015f d\u00fcnyas\u0131nda s\u00fcrd\u00fcr\u00fclebilir ba\u015far\u0131y\u0131 hedefleyenler i\u00e7in kapsaml\u0131 bir strateji seti sunuyor. Temel unsurlar\u0131 m\u00fc\u015fteri odakl\u0131l\u0131k, derin analiz, g\u00fcven in\u015fa etme, nitelikli yakla\u015f\u0131m ve \u00e7\u00f6z\u00fcm sunma, olumlu etkile\u015fim, tatmin ve tutarl\u0131l\u0131k olan Magnet Modeli,TM i\u015f d\u00fcnyas\u0131nda \u00f6ne \u00e7\u0131kman\u0131z\u0131 sa\u011fl\u0131yor. Hedef kitlenizi daha iyi anlamak ve onlara g\u00fcven veren \u00e7\u00f6z\u00fcmler sunmak istiyorsan\u0131z bu model adeta bir rehber niteli\u011finde. <\/p>\n","protected":false},"excerpt":{"rendered":"<p>RAK\u0130PLER\u0130N\u0130Z\u0130 GER\u0130DE BIRAKMAK VE MARKANIZI KALICI HALE GET\u0130RMEK \u0130\u00c7\u0130N YEPYEN\u0130 B\u0130R STRATEJ\u0130 Magnet Modeli,TM m\u00fc\u015fteri ili\u015fkilerini g\u00fc\u00e7lendirme ve kal\u0131c\u0131 hale getirme konusunda devrim niteli\u011finde bir yakla\u015f\u0131m<span class=\"excerpt-hellip\"> [\u2026]<\/span><\/p>\n","protected":false},"featured_media":0,"template":"","meta":{"_monsterinsights_skip_tracking":false,"_monsterinsights_sitenote_active":false,"_monsterinsights_sitenote_note":"","_monsterinsights_sitenote_category":0},"product_brand":[],"product_cat":[13043,17647],"product_tag":[],"class_list":{"0":"post-763702","1":"product","2":"type-product","3":"status-publish","5":"product_cat-ekonomi","6":"product_cat-is-dunyasi","7":"pa_cilt-ciltsiz","8":"pa_tur-kitap","9":"pa_yayinevi-destek-yayinlari","10":"pa_yazar-umit-unker","12":"first","13":"instock","14":"sale","15":"shipping-taxable","16":"purchasable","17":"product-type-simple"},"_links":{"self":[{"href":"https:\/\/roveyayinevi.com.tr\/index.php\/wp-json\/wp\/v2\/product\/763702","targetHints":{"allow":["GET"]}}],"collection":[{"href":"https:\/\/roveyayinevi.com.tr\/index.php\/wp-json\/wp\/v2\/product"}],"about":[{"href":"https:\/\/roveyayinevi.com.tr\/index.php\/wp-json\/wp\/v2\/types\/product"}],"wp:attachment":[{"href":"https:\/\/roveyayinevi.com.tr\/index.php\/wp-json\/wp\/v2\/media?parent=763702"}],"wp:term":[{"taxonomy":"product_brand","embeddable":true,"href":"https:\/\/roveyayinevi.com.tr\/index.php\/wp-json\/wp\/v2\/product_brand?post=763702"},{"taxonomy":"product_cat","embeddable":true,"href":"https:\/\/roveyayinevi.com.tr\/index.php\/wp-json\/wp\/v2\/product_cat?post=763702"},{"taxonomy":"product_tag","embeddable":true,"href":"https:\/\/roveyayinevi.com.tr\/index.php\/wp-json\/wp\/v2\/product_tag?post=763702"}],"curies":[{"name":"wp","href":"https:\/\/api.w.org\/{rel}","templated":true}]}}