{"id":763645,"date":"2025-08-28T10:47:20","date_gmt":"2025-08-28T07:47:20","guid":{"rendered":"https:\/\/roveyayinevi.com.tr\/index.php\/urun\/elmer-kutuphanesi-bil-bakalim-kim-ciltli\/"},"modified":"2026-04-15T03:29:40","modified_gmt":"2026-04-15T00:29:40","slug":"elmer-kutuphanesi-bil-bakalim-kim-ciltli","status":"publish","type":"product","link":"https:\/\/roveyayinevi.com.tr\/index.php\/urun\/elmer-kutuphanesi-bil-bakalim-kim-ciltli\/","title":{"rendered":"Elmer K\u00fct\u00fcphanesi Bil Bakal\u0131m Kim? (Ciltli)"},"content":{"rendered":"<p>B\u00fct\u00fcn orman ELMER\u2019in yeni arkada\u015f\u0131n\u0131 ar\u0131yor. Kim oldu\u011funu tahmin edebilir misin?   Bu aynal\u0131 kitap k\u00fc\u00e7\u00fck k\u00e2\u015fifler i\u00e7in b\u00fcy\u00fck bir macera sunuyor. <\/p>\n","protected":false},"excerpt":{"rendered":"<p>B\u00fct\u00fcn orman ELMER\u2019in yeni arkada\u015f\u0131n\u0131 ar\u0131yor. Kim oldu\u011funu tahmin edebilir misin? Bu aynal\u0131 kitap k\u00fc\u00e7\u00fck k\u00e2\u015fifler i\u00e7in b\u00fcy\u00fck bir macera sunuyor.<\/p>\n","protected":false},"featured_media":0,"template":"","meta":{"_monsterinsights_skip_tracking":false,"_monsterinsights_sitenote_active":false,"_monsterinsights_sitenote_note":"","_monsterinsights_sitenote_category":0},"product_brand":[],"product_cat":[12274,12284],"product_tag":[],"class_list":{"0":"post-763645","1":"product","2":"type-product","3":"status-publish","5":"product_cat-cocuk-ve-genclik-kitaplari","6":"product_cat-hikayeler","7":"pa_cilt-ciltli","8":"pa_tur-kitap","9":"pa_yayinevi-mundi","10":"pa_yazar-david-mckee","12":"first","13":"instock","14":"sale","15":"shipping-taxable","16":"purchasable","17":"product-type-simple"},"_links":{"self":[{"href":"https:\/\/roveyayinevi.com.tr\/index.php\/wp-json\/wp\/v2\/product\/763645","targetHints":{"allow":["GET"]}}],"collection":[{"href":"https:\/\/roveyayinevi.com.tr\/index.php\/wp-json\/wp\/v2\/product"}],"about":[{"href":"https:\/\/roveyayinevi.com.tr\/index.php\/wp-json\/wp\/v2\/types\/product"}],"wp:attachment":[{"href":"https:\/\/roveyayinevi.com.tr\/index.php\/wp-json\/wp\/v2\/media?parent=763645"}],"wp:term":[{"taxonomy":"product_brand","embeddable":true,"href":"https:\/\/roveyayinevi.com.tr\/index.php\/wp-json\/wp\/v2\/product_brand?post=763645"},{"taxonomy":"product_cat","embeddable":true,"href":"https:\/\/roveyayinevi.com.tr\/index.php\/wp-json\/wp\/v2\/product_cat?post=763645"},{"taxonomy":"product_tag","embeddable":true,"href":"https:\/\/roveyayinevi.com.tr\/index.php\/wp-json\/wp\/v2\/product_tag?post=763645"}],"curies":[{"name":"wp","href":"https:\/\/api.w.org\/{rel}","templated":true}]}}