{"id":763621,"date":"2025-08-28T10:46:21","date_gmt":"2025-08-28T07:46:21","guid":{"rendered":"https:\/\/roveyayinevi.com.tr\/index.php\/urun\/bir-evlilikten-sahneler\/"},"modified":"2026-04-15T03:29:39","modified_gmt":"2026-04-15T00:29:39","slug":"bir-evlilikten-sahneler","status":"publish","type":"product","link":"https:\/\/roveyayinevi.com.tr\/index.php\/urun\/bir-evlilikten-sahneler\/","title":{"rendered":"Bir Evlilikten Sahneler"},"content":{"rendered":"<p>1972 May\u0131s\u0131\u2019nda Ingmar Bergman\u2019\u0131n kariyerinde ilk defa televizyon dizisi \u00e7ekece\u011fi haberi verilir. Bergman dizinin, \u201cbir burjuva ideali olan g\u00fcvence aray\u0131\u015f\u0131n\u0131n insanlar\u0131n duygusal d\u00fcnyalar\u0131n\u0131 yozla\u015ft\u0131rmas\u0131, onlar\u0131 zay\u0131f d\u00fc\u015f\u00fcrmesi ve korkulara sevk etmesi\u201d ger\u00e7e\u011fini i\u015fleyece\u011fini belirtir. \u00c7ekimleri k\u0131sa s\u00fcrede tamamlanan dizi film yay\u0131mland\u0131ktan hemen sonra uluslararas\u0131 ba\u015far\u0131 elde eder, k\u0131salt\u0131larak film versiyonu piyasaya s\u00fcr\u00fcl\u00fcr ve Bergman\u2019\u0131n o g\u00fcne kadar en \u00e7ok seyredilen filmi haline gelir. Ayr\u0131ca Bergman\u2019\u0131n tiyatroya uyarlad\u0131\u011f\u0131 tek filmi olur. Orta s\u0131n\u0131ftan ayr\u0131cal\u0131kl\u0131 bir evli \u00e7iftin on y\u0131la yay\u0131lan bo\u015fanma s\u00fcrecini ve sonras\u0131n\u0131 anlatan, Strindberg ve Ibsen\u2019in aile i\u00e7i \u00e7at\u0131\u015fmalar\u0131 konu alan b\u00fcy\u00fck oyunlar\u0131n\u0131n gelene\u011fine eklemlenen Bir Evlilikten Sahneler, roman gibi okunan senaryosuyla da hem sanatsal hem manevi a\u00e7\u0131dan say\u0131s\u0131z esere ve insana esin verdi. \u00d6zellikle evlili\u011fin boyunduru\u011fundan kurtulup cinsel anlamda da \u00f6zg\u00fcrle\u015fen Marianne karakteriyle, ba\u015fta kad\u0131nlar olmak \u00fczere bir ku\u015fa\u011f\u0131n evlilik kurumuna ve hayata bak\u0131\u015f\u0131n\u0131 derinden etkiledi. Kariyeri boyunca altm\u0131\u015f\u0131n \u00fczerinde film y\u00f6netmi\u015f, 170 oyun sahnelemi\u015f, y\u00fcz\u00fcn \u00fczerinde kitap ve makale kaleme alm\u0131\u015f olan film ve tiyatro y\u00f6netmeni, yazar ve dramaturg Ingmar Bergman, \u00e7a\u011f\u0131n\u0131n en b\u00fcy\u00fck sanat\u00e7\u0131lar\u0131 aras\u0131nda yer al\u0131yor.   Hayata bak\u0131\u015f\u0131n\u0131z beni derinden etkiledi, bende iz b\u0131rakan di\u011fer filmlere k\u0131yasla \u00e7ok daha derinden etkiledi hem de. Ya\u015fayan en b\u00fcy\u00fck y\u00f6netmen oldu\u011funuzu d\u00fc\u015f\u00fcn\u00fcyorum. Stanley Kubrick\u2019in Ingmar Bergman\u2019a yazd\u0131\u011f\u0131 bir mektuptan. <\/p>\n","protected":false},"excerpt":{"rendered":"<p>1972 May\u0131s\u0131\u2019nda Ingmar Bergman\u2019\u0131n kariyerinde ilk defa televizyon dizisi \u00e7ekece\u011fi haberi verilir. Bergman dizinin, \u201cbir burjuva ideali olan g\u00fcvence aray\u0131\u015f\u0131n\u0131n insanlar\u0131n duygusal d\u00fcnyalar\u0131n\u0131 yozla\u015ft\u0131rmas\u0131, onlar\u0131 zay\u0131f<span class=\"excerpt-hellip\"> [\u2026]<\/span><\/p>\n","protected":false},"featured_media":0,"template":"","meta":{"_monsterinsights_skip_tracking":false,"_monsterinsights_sitenote_active":false,"_monsterinsights_sitenote_note":"","_monsterinsights_sitenote_category":0},"product_brand":[],"product_cat":[12291,12332],"product_tag":[],"class_list":{"0":"post-763621","1":"product","2":"type-product","3":"status-publish","5":"product_cat-edebiyat","6":"product_cat-senaryo","7":"pa_cilt-ciltsiz","8":"pa_tur-kitap","9":"pa_yayinevi-yapi-kredi-yayinlari","10":"pa_yazar-ingmar-bergman","12":"first","13":"instock","14":"sale","15":"shipping-taxable","16":"purchasable","17":"product-type-simple"},"_links":{"self":[{"href":"https:\/\/roveyayinevi.com.tr\/index.php\/wp-json\/wp\/v2\/product\/763621","targetHints":{"allow":["GET"]}}],"collection":[{"href":"https:\/\/roveyayinevi.com.tr\/index.php\/wp-json\/wp\/v2\/product"}],"about":[{"href":"https:\/\/roveyayinevi.com.tr\/index.php\/wp-json\/wp\/v2\/types\/product"}],"wp:attachment":[{"href":"https:\/\/roveyayinevi.com.tr\/index.php\/wp-json\/wp\/v2\/media?parent=763621"}],"wp:term":[{"taxonomy":"product_brand","embeddable":true,"href":"https:\/\/roveyayinevi.com.tr\/index.php\/wp-json\/wp\/v2\/product_brand?post=763621"},{"taxonomy":"product_cat","embeddable":true,"href":"https:\/\/roveyayinevi.com.tr\/index.php\/wp-json\/wp\/v2\/product_cat?post=763621"},{"taxonomy":"product_tag","embeddable":true,"href":"https:\/\/roveyayinevi.com.tr\/index.php\/wp-json\/wp\/v2\/product_tag?post=763621"}],"curies":[{"name":"wp","href":"https:\/\/api.w.org\/{rel}","templated":true}]}}