{"id":763612,"date":"2025-08-28T10:46:08","date_gmt":"2025-08-28T07:46:08","guid":{"rendered":"https:\/\/roveyayinevi.com.tr\/index.php\/urun\/olimpos-kahramanlari-melez-gunlukleri\/"},"modified":"2026-02-02T03:24:36","modified_gmt":"2026-02-02T00:24:36","slug":"olimpos-kahramanlari-melez-gunlukleri","status":"publish","type":"product","link":"https:\/\/roveyayinevi.com.tr\/index.php\/urun\/olimpos-kahramanlari-melez-gunlukleri\/","title":{"rendered":"Olimpos Kahramanlar\u0131 &#8211; Melez G\u00fcnl\u00fckleri"},"content":{"rendered":"<p>Gen\u00e7 melezler! Kaderiniz sizi bekliyor!     Evden ka\u00e7m\u0131\u015f iki melez, Luke ve Thalia, Melez Kamp\u0131\u2019na ilk defa giderken yolda neler ya\u015fad\u0131lar?   Percy ve Annabeth, pek de sevimli olmayan, ate\u015f \u00fcfleyen bir giganttan, Hermes\u2019e ait \u00e7ok \u00f6nemli bir e\u015fyay\u0131 nas\u0131l kurtaracak?   Leo, Piper ve Jason ka\u00e7ak bir masan\u0131n pe\u015fine d\u00fc\u015f\u00fcnce kar\u015f\u0131la\u015ft\u0131klar\u0131 \u00e7\u0131lg\u0131n yarat\u0131klardan nas\u0131l kurtulacak? Hem de 9. Depo havaya u\u00e7madan \u00f6nce!   RICK RIORDAN, Percy Jackson ve Olimpos Kahramanlar\u0131 serilerine destek hik\u00e2yeler i\u00e7eren bu kitapta, \u00e7ok sevilen karakterler hakk\u0131nda daha \u00f6nce hi\u00e7bir yerde okumad\u0131\u011f\u0131n\u0131z ger\u00e7ekleri a\u00e7\u0131\u011fa \u00e7\u0131kar\u0131yor. Resimli sayfalar\u0131, karakter s\u00f6yle\u015fileri ve bulmacalar\u0131yla Melez G\u00fcnl\u00fckleri, Rick Riordan hayranlar\u0131 i\u00e7in e\u015fsiz bir hazine. <\/p>\n","protected":false},"excerpt":{"rendered":"<p>Gen\u00e7 melezler! Kaderiniz sizi bekliyor! Evden ka\u00e7m\u0131\u015f iki melez, Luke ve Thalia, Melez Kamp\u0131\u2019na ilk defa giderken yolda neler ya\u015fad\u0131lar? Percy ve Annabeth, pek de sevimli<span class=\"excerpt-hellip\"> [\u2026]<\/span><\/p>\n","protected":false},"featured_media":0,"template":"","meta":{"_monsterinsights_skip_tracking":false,"_monsterinsights_sitenote_active":false,"_monsterinsights_sitenote_note":"","_monsterinsights_sitenote_category":0},"product_brand":[],"product_cat":[12416,12291],"product_tag":[],"class_list":{"0":"post-763612","1":"product","2":"type-product","3":"status-publish","5":"product_cat-cizgi-roman","6":"product_cat-edebiyat","7":"pa_cilt-ciltsiz","8":"pa_tur-kitap","9":"pa_yayinevi-x-libris","10":"pa_yazar-rick-riordan","12":"first","13":"instock","14":"sale","15":"shipping-taxable","16":"purchasable","17":"product-type-simple"},"_links":{"self":[{"href":"https:\/\/roveyayinevi.com.tr\/index.php\/wp-json\/wp\/v2\/product\/763612","targetHints":{"allow":["GET"]}}],"collection":[{"href":"https:\/\/roveyayinevi.com.tr\/index.php\/wp-json\/wp\/v2\/product"}],"about":[{"href":"https:\/\/roveyayinevi.com.tr\/index.php\/wp-json\/wp\/v2\/types\/product"}],"wp:attachment":[{"href":"https:\/\/roveyayinevi.com.tr\/index.php\/wp-json\/wp\/v2\/media?parent=763612"}],"wp:term":[{"taxonomy":"product_brand","embeddable":true,"href":"https:\/\/roveyayinevi.com.tr\/index.php\/wp-json\/wp\/v2\/product_brand?post=763612"},{"taxonomy":"product_cat","embeddable":true,"href":"https:\/\/roveyayinevi.com.tr\/index.php\/wp-json\/wp\/v2\/product_cat?post=763612"},{"taxonomy":"product_tag","embeddable":true,"href":"https:\/\/roveyayinevi.com.tr\/index.php\/wp-json\/wp\/v2\/product_tag?post=763612"}],"curies":[{"name":"wp","href":"https:\/\/api.w.org\/{rel}","templated":true}]}}