{"id":763609,"date":"2025-08-28T10:46:02","date_gmt":"2025-08-28T07:46:02","guid":{"rendered":"https:\/\/roveyayinevi.com.tr\/index.php\/urun\/hazanda-bir-gul\/"},"modified":"2026-04-15T03:28:47","modified_gmt":"2026-04-15T00:28:47","slug":"hazanda-bir-gul","status":"publish","type":"product","link":"https:\/\/roveyayinevi.com.tr\/index.php\/urun\/hazanda-bir-gul\/","title":{"rendered":"Hazanda Bir G\u00fcl"},"content":{"rendered":"<p>&#8211; G\u00fcl, g\u00fczel G\u00fcl me\u011fer hayat\u0131n ne zor  pen\u00e7esine d\u00fc\u015fm\u00fc\u015fs\u00fcn.  \u00c7ok \u00fcz\u00fcld\u00fcm. -Kimse bilmez, ruhumu ilikleyebilece\u011fim bir h\u0131rkam yoktu , ben hep \u00fc\u015f\u00fcd\u00fcm. Dedi dolu dolu g\u00f6zlerle. Ya\u015flar s\u00fcz\u00fclmek \u00fczere fakat zorla tutmaya \u00e7al\u0131\u015f\u0131yor gibiydi. -K\u0131\u015f mevsiminde olsan yaz\u0131n gelmesini beklersin, yaz mevsiminde olsan k\u0131\u015f\u0131n gelece\u011fini bilirsin fakat hi\u00e7bir mevsimde olamay\u0131\u015f\u0131n, hi\u00e7bir mevsimi bekleyemeyi\u015fin, i\u015fte bu hibe konmu\u015f bir hayat\u0131n hikayesi Kerem. Hayata kar\u015f\u0131 direni\u015fin, m\u00fccadelen, g\u00fcl\u00fcmsemen hepsi bir maskeden ibarettir. Dedi G\u00fcl h\u00fcz\u00fcnl\u00fc bir ses tonuyla. Kerem G\u00fcl&#8217;\u00fc p\u00fcr dikkat dinlemi\u015fti. <\/p>\n","protected":false},"excerpt":{"rendered":"<p>&#8211; G\u00fcl, g\u00fczel G\u00fcl me\u011fer hayat\u0131n ne zor pen\u00e7esine d\u00fc\u015fm\u00fc\u015fs\u00fcn. \u00c7ok \u00fcz\u00fcld\u00fcm. -Kimse bilmez, ruhumu ilikleyebilece\u011fim bir h\u0131rkam yoktu , ben hep \u00fc\u015f\u00fcd\u00fcm. Dedi dolu dolu<span class=\"excerpt-hellip\"> [\u2026]<\/span><\/p>\n","protected":false},"featured_media":0,"template":"","meta":{"_monsterinsights_skip_tracking":false,"_monsterinsights_sitenote_active":false,"_monsterinsights_sitenote_note":"","_monsterinsights_sitenote_category":0},"product_brand":[],"product_cat":[12291,12711],"product_tag":[],"class_list":{"0":"post-763609","1":"product","2":"type-product","3":"status-publish","5":"product_cat-edebiyat","6":"product_cat-roman-oyku","7":"pa_cilt-ciltsiz","8":"pa_tur-kitap","9":"pa_yayinevi-gulnar-yayinlari","10":"pa_yazar-nurgul-akturk","12":"first","13":"instock","14":"sale","15":"shipping-taxable","16":"purchasable","17":"product-type-simple"},"_links":{"self":[{"href":"https:\/\/roveyayinevi.com.tr\/index.php\/wp-json\/wp\/v2\/product\/763609","targetHints":{"allow":["GET"]}}],"collection":[{"href":"https:\/\/roveyayinevi.com.tr\/index.php\/wp-json\/wp\/v2\/product"}],"about":[{"href":"https:\/\/roveyayinevi.com.tr\/index.php\/wp-json\/wp\/v2\/types\/product"}],"wp:attachment":[{"href":"https:\/\/roveyayinevi.com.tr\/index.php\/wp-json\/wp\/v2\/media?parent=763609"}],"wp:term":[{"taxonomy":"product_brand","embeddable":true,"href":"https:\/\/roveyayinevi.com.tr\/index.php\/wp-json\/wp\/v2\/product_brand?post=763609"},{"taxonomy":"product_cat","embeddable":true,"href":"https:\/\/roveyayinevi.com.tr\/index.php\/wp-json\/wp\/v2\/product_cat?post=763609"},{"taxonomy":"product_tag","embeddable":true,"href":"https:\/\/roveyayinevi.com.tr\/index.php\/wp-json\/wp\/v2\/product_tag?post=763609"}],"curies":[{"name":"wp","href":"https:\/\/api.w.org\/{rel}","templated":true}]}}