{"id":763594,"date":"2025-08-28T10:45:36","date_gmt":"2025-08-28T07:45:36","guid":{"rendered":"https:\/\/roveyayinevi.com.tr\/index.php\/urun\/muz-radyoaktif-midir\/"},"modified":"2026-04-15T03:28:47","modified_gmt":"2026-04-15T00:28:47","slug":"muz-radyoaktif-midir","status":"publish","type":"product","link":"https:\/\/roveyayinevi.com.tr\/index.php\/urun\/muz-radyoaktif-midir\/","title":{"rendered":"Muz Radyoaktif Midir?"},"content":{"rendered":"<p>MUZ RADYOAKT\u0130F M\u0130D\u0130R?NEH\u0130RLER NE ZAMAN TERS\u0130NE AKAR? HAVLAYAN KUMSAL NEREDED\u0130R? UZAYDA SOLUCAN DEL\u0130\u011e\u0130 VAR MI? \u0130LG\u0130N\u00c7 B\u0130LG\u0130LERLE DOLU BU K\u0130TAP, TUHAF, \u015eA\u015eIRTICI VE KOM\u0130K B\u0130L\u0130MSEL GER\u00c7EKLER\u0130 G\u00dcN Y\u00dcZ\u00dcNE \u00c7IKARIYOR. SIKI DURUN\u2026 OKUDUKLARINIZA \u0130NANAMAYACAKSINIZ! <\/p>\n","protected":false},"excerpt":{"rendered":"<p>MUZ RADYOAKT\u0130F M\u0130D\u0130R?NEH\u0130RLER NE ZAMAN TERS\u0130NE AKAR? HAVLAYAN KUMSAL NEREDED\u0130R? UZAYDA SOLUCAN DEL\u0130\u011e\u0130 VAR MI? \u0130LG\u0130N\u00c7 B\u0130LG\u0130LERLE DOLU BU K\u0130TAP, TUHAF, \u015eA\u015eIRTICI VE KOM\u0130K B\u0130L\u0130MSEL GER\u00c7EKLER\u0130<span class=\"excerpt-hellip\"> [\u2026]<\/span><\/p>\n","protected":false},"featured_media":0,"template":"","meta":{"_monsterinsights_skip_tracking":false,"_monsterinsights_sitenote_active":false,"_monsterinsights_sitenote_note":"","_monsterinsights_sitenote_category":0},"product_brand":[],"product_cat":[13829,12274],"product_tag":[],"class_list":{"0":"post-763594","1":"product","2":"type-product","3":"status-publish","5":"product_cat-bilimsel-kitaplar","6":"product_cat-cocuk-ve-genclik-kitaplari","7":"pa_cilt-ciltsiz","8":"pa_tur-kitap","9":"pa_yayinevi-is-bankasi-kultur-yayinlari","10":"pa_yazar-william-potter-adam-phillips-clare-hibbert","12":"first","13":"instock","14":"sale","15":"shipping-taxable","16":"purchasable","17":"product-type-simple"},"_links":{"self":[{"href":"https:\/\/roveyayinevi.com.tr\/index.php\/wp-json\/wp\/v2\/product\/763594","targetHints":{"allow":["GET"]}}],"collection":[{"href":"https:\/\/roveyayinevi.com.tr\/index.php\/wp-json\/wp\/v2\/product"}],"about":[{"href":"https:\/\/roveyayinevi.com.tr\/index.php\/wp-json\/wp\/v2\/types\/product"}],"wp:attachment":[{"href":"https:\/\/roveyayinevi.com.tr\/index.php\/wp-json\/wp\/v2\/media?parent=763594"}],"wp:term":[{"taxonomy":"product_brand","embeddable":true,"href":"https:\/\/roveyayinevi.com.tr\/index.php\/wp-json\/wp\/v2\/product_brand?post=763594"},{"taxonomy":"product_cat","embeddable":true,"href":"https:\/\/roveyayinevi.com.tr\/index.php\/wp-json\/wp\/v2\/product_cat?post=763594"},{"taxonomy":"product_tag","embeddable":true,"href":"https:\/\/roveyayinevi.com.tr\/index.php\/wp-json\/wp\/v2\/product_tag?post=763594"}],"curies":[{"name":"wp","href":"https:\/\/api.w.org\/{rel}","templated":true}]}}