{"id":763593,"date":"2025-08-28T10:45:34","date_gmt":"2025-08-28T07:45:34","guid":{"rendered":"https:\/\/roveyayinevi.com.tr\/index.php\/urun\/theodora\/"},"modified":"2026-04-15T03:28:47","modified_gmt":"2026-04-15T00:28:47","slug":"theodora","status":"publish","type":"product","link":"https:\/\/roveyayinevi.com.tr\/index.php\/urun\/theodora\/","title":{"rendered":"Theodora"},"content":{"rendered":"<p>Bizans \u0130mparatori\u00e7esi Theodora (495?-548), m\u00fctevaz\u0131 bir aileden gelmesine kar\u015f\u0131n imparatori\u00e7eli\u011fe kadar y\u00fckselip \u00fclkesine damgas\u0131n\u0131 vurmay\u0131 ba\u015farm\u0131\u015ft\u0131r. Ay\u0131 terbiyecisi babas\u0131n\u0131n ve dans\u00e7\u0131 annesinin yolundan giderek ergenlik \u00e7a\u011flar\u0131nda sahneye \u00e7\u0131km\u0131\u015f, g\u00fcn\u00fcm\u00fczde o ya\u015flardaki bir k\u0131z i\u00e7in asla d\u00fc\u015f\u00fcn\u00fclemeyecek g\u00f6sterilerin i\u00e7inde yer alm\u0131\u015f, b\u00f6ylece \u015fehrin \u00f6nde gelen erkekleriyle tan\u0131\u015farak ad\u0131m att\u0131\u011f\u0131 iktidar yolu onu, taht\u0131n veliaht\u0131 ve sonras\u0131nda sahibi J\u00fcstinyen ile evlili\u011fe kadar g\u00f6t\u00fcrm\u00fc\u015ft\u00fcr. Sahne sanat\u00e7\u0131s\u0131 kad\u0131nlar\u0131n \u00fcst s\u0131n\u0131ftan erkeklerle evlenmesinin yasad\u0131\u015f\u0131 oldu\u011fu bir d\u00f6nemde Veliaht J\u00fcstinyen\u2019i ikna edip imparator day\u0131s\u0131 nezdinde giri\u015fimde bulunarak yasay\u0131 de\u011fi\u015ftirtmesini sa\u011flayan Theodora, b\u00f6ylece hem kendisine imparatori\u00e7eli\u011fin kap\u0131s\u0131n\u0131 aralam\u0131\u015f, hem de meslekta\u015flar\u0131na b\u00fcy\u00fck yarar sa\u011flam\u0131\u015ft\u0131r. \u0130ktidar sahnesindeki oyunculu\u011funda tecr\u00fcbe edinip kendi ili\u015fki a\u011f\u0131n\u0131 kurduk\u00e7a \u00fclkenin y\u00f6netiminde kazand\u0131\u011f\u0131 a\u011f\u0131rl\u0131\u011f\u0131, zor duruma d\u00fc\u015fm\u00fc\u015f kad\u0131nlar\u0131 bar\u0131nd\u0131ran kurumlar olu\u015fturmak ve genel kabul\u00fcn d\u0131\u015f\u0131ndaki din anlay\u0131\u015f\u0131na mensup ki\u015fileri desteklemek i\u00e7in kullanm\u0131\u015ft\u0131r. Ama iktidardaki en kritik ve kendisine en b\u00fcy\u00fck \u015fan\u0131 kazand\u0131ran m\u00fcdahalesi, Nika Ayaklanmas\u0131 s\u0131ras\u0131nda \u015fehirden ka\u00e7ma haz\u0131rl\u0131\u011f\u0131na ba\u015flayan \u0130mparator J\u00fcstinyen\u2019i durdurarak otuz bin ki\u015finin katledilmesi pahas\u0131na taht\u0131n\u0131 korumas\u0131n\u0131 sa\u011flayan \u015fu c\u00fcretk\u00e2r s\u00f6zleri olmu\u015ftur: \u201c\u2026h\u00fck\u00fcmdarl\u0131k etmi\u015f birinin ka\u00e7ak konumuna d\u00fc\u015fmesi m\u00fcmk\u00fcn de\u011fildir. Ben bu mor giysimden asla ayr\u0131lmayaca\u011f\u0131m. Y\u00fcz y\u00fcze geldi\u011fim insanlar bana imparatori\u00e7e demeyecekse tek bir g\u00fcn daha ya\u015famayay\u0131m. E\u011fer kurtulmak istiyorsan\u0131z Efendim, bu hi\u00e7 sorun de\u011fil. \u00c7ok param\u0131z var, deniz aya\u011f\u0131m\u0131z\u0131n alt\u0131nda ve i\u015fte gemiler. Ama ka\u00e7\u0131p g\u00fcvenli\u011fe kavu\u015furken \u00f6l\u00fcm\u00fc mutlulukla tercih edece\u011finiz bir hale d\u00fc\u015fmeyi isteyip istemedi\u011finizi iyi d\u00fc\u015f\u00fcn\u00fcn. Bana en uygun gelen, \u015fu eski s\u00f6zd\u00fcr: \u0130ktidar harika bir kefendir.\u201d Ge\u00e7 Roma ve Bizans tarih\u00e7isi David Potter, Theodora\u2019n\u0131n oyunculuktan imparatori\u00e7eli\u011fe, oradan da azizeli\u011fe ula\u015fan yolu ad\u0131mlay\u0131\u015f\u0131n\u0131 aktar\u0131rken, ba\u015fta cinsel ithamlar olmak \u00fczere Bizansl\u0131 tarih\u00e7i Prokopios\u2019un ona y\u00f6neltti\u011fi a\u011f\u0131r su\u00e7lamalar\u0131 da yerli yerine oturtuyor. <\/p>\n","protected":false},"excerpt":{"rendered":"<p>Bizans \u0130mparatori\u00e7esi Theodora (495?-548), m\u00fctevaz\u0131 bir aileden gelmesine kar\u015f\u0131n imparatori\u00e7eli\u011fe kadar y\u00fckselip \u00fclkesine damgas\u0131n\u0131 vurmay\u0131 ba\u015farm\u0131\u015ft\u0131r. Ay\u0131 terbiyecisi babas\u0131n\u0131n ve dans\u00e7\u0131 annesinin yolundan giderek ergenlik \u00e7a\u011flar\u0131nda<span class=\"excerpt-hellip\"> [\u2026]<\/span><\/p>\n","protected":false},"featured_media":0,"template":"","meta":{"_monsterinsights_skip_tracking":false,"_monsterinsights_sitenote_active":false,"_monsterinsights_sitenote_note":"","_monsterinsights_sitenote_category":0},"product_brand":[],"product_cat":[14009,12291],"product_tag":[],"class_list":{"0":"post-763593","1":"product","2":"type-product","3":"status-publish","5":"product_cat-biyografi-otobiyografi-edebiyat","6":"product_cat-edebiyat","7":"pa_cilt-ciltsiz","8":"pa_tur-kitap","9":"pa_yayinevi-is-bankasi-kultur-yayinlari","10":"pa_yazar-david-potter","12":"first","13":"instock","14":"sale","15":"shipping-taxable","16":"purchasable","17":"product-type-simple"},"_links":{"self":[{"href":"https:\/\/roveyayinevi.com.tr\/index.php\/wp-json\/wp\/v2\/product\/763593","targetHints":{"allow":["GET"]}}],"collection":[{"href":"https:\/\/roveyayinevi.com.tr\/index.php\/wp-json\/wp\/v2\/product"}],"about":[{"href":"https:\/\/roveyayinevi.com.tr\/index.php\/wp-json\/wp\/v2\/types\/product"}],"wp:attachment":[{"href":"https:\/\/roveyayinevi.com.tr\/index.php\/wp-json\/wp\/v2\/media?parent=763593"}],"wp:term":[{"taxonomy":"product_brand","embeddable":true,"href":"https:\/\/roveyayinevi.com.tr\/index.php\/wp-json\/wp\/v2\/product_brand?post=763593"},{"taxonomy":"product_cat","embeddable":true,"href":"https:\/\/roveyayinevi.com.tr\/index.php\/wp-json\/wp\/v2\/product_cat?post=763593"},{"taxonomy":"product_tag","embeddable":true,"href":"https:\/\/roveyayinevi.com.tr\/index.php\/wp-json\/wp\/v2\/product_tag?post=763593"}],"curies":[{"name":"wp","href":"https:\/\/api.w.org\/{rel}","templated":true}]}}