{"id":763582,"date":"2025-08-28T10:45:14","date_gmt":"2025-08-28T07:45:14","guid":{"rendered":"https:\/\/roveyayinevi.com.tr\/index.php\/urun\/teorinin-sonu\/"},"modified":"2026-04-15T03:28:47","modified_gmt":"2026-04-15T00:28:47","slug":"teorinin-sonu","status":"publish","type":"product","link":"https:\/\/roveyayinevi.com.tr\/index.php\/urun\/teorinin-sonu\/","title":{"rendered":"Teorinin Sonu"},"content":{"rendered":"<p>Finansal Krizler, Ekonominin Ba\u015far\u0131s\u0131zl\u0131\u011f\u0131 ve \u0130nsan Etkile\u015fiminin Kapsam\u0131   Modern finans sisteminin merkezinde yer alan insani karma\u015fan\u0131n nas\u0131l hesaba kat\u0131laca\u011f\u0131na dair derinlemesine bir inceleme   D\u00fcnya ekonomisi B\u00fcy\u00fck Buhran\u2019dan ba\u015far\u0131yla \u00e7\u0131km\u0131\u015f olsa da iktisadi durum pek i\u00e7 a\u00e7\u0131c\u0131 de\u011fil. Richard Bookstaber, insanl\u0131k durumunun ve d\u00fcnyam\u0131z\u0131n radikal belirsizli\u011finin, standart ekonomik modelini \u2013ve tabii ki bu modelin ard\u0131ndaki teoriyi\u2013 finansal krizlerle ba\u015fa \u00e7\u0131kmak i\u00e7in neden i\u015fe yaramaz h\u00e2le getirdi\u011fini tart\u0131\u015f\u0131yor. Peki, bu standart ekonomik modelin yerini hangi model almal\u0131? Hi\u00e7biri. En az\u0131ndan mevcut modelin son iki y\u00fczy\u0131ld\u0131r kullan\u0131lan herhangi bir versiyonu de\u011fil. Bookstaber; ana ak\u0131m ekonominin varsayd\u0131\u011f\u0131 gibi optimize edilmi\u015f otomatlar de\u011fil de insan oldu\u011fumuz ger\u00e7e\u011fini ba\u015flang\u0131\u00e7 noktas\u0131 olarak alan, ajan tabanl\u0131 ekonomi ad\u0131 verilen yeni bir yakla\u015f\u0131m\u0131 ileri s\u00fcr\u00fcyor.   Bookstaber\u2019\u0131n bu \u00e7\u0131\u011f\u0131r a\u00e7\u0131c\u0131 paradigmas\u0131, krizleri \u00f6nlemenin yan\u0131 s\u0131ra patlak verenleri y\u00f6netmede \u00e7ok daha iyi bir i\u015f \u00e7\u0131karmay\u0131 vadediyor. Ona g\u00f6re deneyimlerimiz ve tahayy\u00fcl\u00fcm\u00fcz ekonomik davran\u0131\u015flar\u0131m\u0131z\u0131 beklenmedik tonlarda renklendiriyor. Bookstaber, ko\u015fullar\u0131n beklentilerimizin \u00f6tesinde ger\u00e7ekle\u015fmesi h\u00e2linde ortaya \u00e7\u0131kan radikal belirsizlik ve g\u00fcnl\u00fck masum etkile\u015fimlerin bir araya gelip ani bir kaos yaratmas\u0131 h\u00e2linde meydana gelen olu\u015f gibi konular\u0131 ele al\u0131yor. Muhtemel krizlerin ge\u00e7mi\u015fe bak\u0131larak tahmin edilemeyece\u011fi ger\u00e7e\u011finden yola \u00e7\u0131kan yazar, piyasa ger\u00e7eklerini ele al\u0131rken insan anlat\u0131s\u0131n\u0131 da i\u00e7eren bir yakla\u015f\u0131m \u00f6neriyor.   Yirminci y\u00fczy\u0131l ekonomisinin tarih\u00ee ba\u015far\u0131s\u0131zl\u0131\u011f\u0131n\u0131 bir kenara b\u0131rakan Teorinin Sonu, g\u00fcn\u00fcm\u00fcz finans sisteminin yeniden patlamas\u0131n\u0131 \u00f6nlemeye yard\u0131mc\u0131 olmak i\u00e7in daha ger\u00e7ek\u00e7i ve insani bir \u00e7er\u00e7eve ile birlikte yeni ve inovatif bir bak\u0131\u015f a\u00e7\u0131s\u0131 sunuyor.     \u201cEkonomide neyin yanl\u0131\u015f oldu\u011fu ve bunun nas\u0131l d\u00fczeltilece\u011fi \u00fczerine yaz\u0131lm\u0131\u015f m\u00fcthi\u015f bir kitap okuyacaks\u0131n\u0131z.\u201d Peter Morris, Financial World   \u201cTeorinin Sonu, bug\u00fcn\u00fcn finans piyasalar\u0131 i\u00e7in \u00e7ok \u00f6nemli dersler i\u00e7eriyor\u2026 Bookstaber\u2019a g\u00f6re krizleri tahmin etmede gittik\u00e7e k\u00f6t\u00fcle\u015fen 150 y\u0131ll\u0131k bir modeli de\u011fi\u015ftirme fikrinden vazge\u00e7ip tamamen yeni bir \u015feyi benimsemenin zaman\u0131 geldi. Teorinin Sonu, \u00e7ok say\u0131da uzman\u0131n matematiksel yan\u0131lmazl\u0131klar\u0131na h\u00e2l\u00e2 \u00e7ok fazla inand\u0131\u011f\u0131 ekonomi mesle\u011finin kendisine meydan okuyor.\u201d Rana Faroohar, Financial Times   \u201cBookstaber, h\u00e2kim ekonomi teorilerindeki kusurlar\u0131 ortaya koyarak harika bir i\u015f \u00e7\u0131karm\u0131\u015f. Bu konularla ilgilenen herkes i\u00e7in Teorinin Sonu okunmaya de\u011fer.\u201d John Quiggin, Inside Story    \u201cBookstaber ekonomik modelleri yerden yere vuruyor&#8230; Kariyerini Wall Street\u2019te ge\u00e7iren Bookstaber, \u00fclkelerin ya\u015fad\u0131\u011f\u0131 finansal krizler boyunca kolayca g\u00f6zlemlenebilen s\u00fcr\u00fc davran\u0131\u015f\u0131ndan yola \u00e7\u0131karak art\u0131k \u2018ajan tabanl\u0131\u2019 modellerin \u00f6ne \u00e7\u0131kmas\u0131 gerekti\u011fini iddia ediyor.\u201d Adam Creighton, The Australian   \u201cZarif bir \u015fekilde yaz\u0131lm\u0131\u015f \u00e7ok de\u011ferli bir eser.\u201d Jason Zweig, Wall Street Journal   \u201cFinans sisteminin i\u015fleyi\u015fini anlamak isteyen herkes bu kitab\u0131 okumal\u0131d\u0131r&#8230; Neden mi? Birinci s\u0131n\u0131f bir analiz\u2026\u201d The Economist \u201cBookstaber\u2019\u0131n kendisi de finansal piyasalara uygulanan ajan tabanl\u0131 modellemenin bir uygulay\u0131c\u0131s\u0131d\u0131r ve kitab\u0131n\u0131n ikinci b\u00f6l\u00fcm\u00fcnde bu yakla\u015f\u0131ma ili\u015fkin yapt\u0131\u011f\u0131 a\u00e7\u0131klama kitab\u0131n en ilgin\u00e7 b\u00f6l\u00fcm\u00fcd\u00fcr.\u201d Diane Coyle, Project Syndicate \u201cTeorinin Sonu\u2019nu s\u0131ra d\u0131\u015f\u0131 k\u0131lan \u015fey, ajan tabanl\u0131 modelleme ad\u0131 verilen ilgin\u00e7 bir alternatif yakla\u015f\u0131m\u0131 savunmas\u0131d\u0131r.\u201d Arnold Kling, Econlib \u201c[Teorinin Sonu] ajan tabanl\u0131 modelleme olas\u0131l\u0131klar\u0131n\u0131n ikna edici olmasa da d\u00fc\u015f\u00fcnd\u00fcr\u00fcc\u00fc bir temsilidir.\u201d Choice   \u201cRichard Bookstaber konuyu tart\u0131\u015fmak i\u00e7in iyi bir konumda\u2026 Teorinin Sonu, finans sekt\u00f6r\u00fcnde \u00e7al\u0131\u015fan herkesi ilgilendiriyor&#8230; T\u00fcm yat\u0131r\u0131m profesyonelleri bu \u00f6d\u00fcllendirici kitaptan faydal\u0131 bilgiler edinecektir.\u201d Financial Analysts Journal \u201cBookstaber\u2019\u0131n akl\u0131 temel alan kitab\u0131 Teorinin Sonu, 2008 Finans Krizi\u2019ni ayr\u0131nt\u0131l\u0131 bir \u015fekilde a\u00e7\u0131klayarak insanlar\u0131n olaylara verdikleri tepkilerin di\u011fer insanlar\u0131n davran\u0131\u015flar\u0131n\u0131 nas\u0131l etkiledi\u011fini ve bunun da ilk akt\u00f6rlere nas\u0131l geri yans\u0131d\u0131\u011f\u0131n\u0131 g\u00f6steriyor.\u201d Foreign Affairs   \u201cBilgilendirici, okumas\u0131 e\u011flenceli ve bir klasik olaca\u011f\u0131 kesin olan Teorinin Sonu, ekonominin standart paradigmalar\u0131n\u0131 bir kenara at\u0131yor. Bookstaber, finansal krizlerin en iyi \u015fekilde ger\u00e7ekte meydana geldikleri gibi modellenebilece\u011fini savunuyor: karma\u015f\u0131k bir ortamda insanlar\u0131n sezgisel etkile\u015fimleri.\u201d Darrell Duffie, Stanford \u00dcniversitesi   \u201cGreg Mankiw on y\u0131l \u00f6nce \u015f\u00f6yle demi\u015fti: \u2018Modern makroekonomik ara\u015ft\u0131rmalar\u0131n pratik politika yap\u0131m\u0131nda yayg\u0131n olarak kullan\u0131lmamas\u0131, bu ama\u00e7 i\u00e7in \u00e7ok az kullan\u0131ld\u0131\u011f\u0131n\u0131n ilk kan\u0131t\u0131d\u0131r. Richard Bookstaber, Teorinin Sonu\u2019nda bunun neden b\u00f6yle oldu\u011funu a\u00e7\u0131kl\u0131yor ve bu durumu de\u011fi\u015ftirmek i\u00e7in bir alternatif sunuyor. Ajan tabanl\u0131 modellemenin ekonomik krizler geli\u015ftik\u00e7e ortaya \u00e7\u0131kan kal\u0131plar\u0131 tan\u0131man\u0131n bir yolunu sundu\u011funu g\u00f6steren Bookstaber\u2019\u0131n yakla\u015f\u0131m\u0131, krizleri ve etkilerini azaltmaya yard\u0131mc\u0131 olacakt\u0131r. Daha \u00f6nemli ne olabilir?\u201d Alan Kirman, Ecole des Hautes Etudes en Sciences Sociales   \u201cEkonomi ara\u015ft\u0131rmalar\u0131na yeniden y\u00f6n vermeyi ama\u00e7layan bu iddial\u0131 kitap, ajan temelli hesaplama modellerine dayanan g\u00fc\u00e7l\u00fc bir alternatif yakla\u015f\u0131m\u0131n ana hatlar\u0131n\u0131 \u00e7iziyor. Canl\u0131 ve ilgi \u00e7ekici \u00fcslubuyla Bookstaber, matematik ve bilgisayar bilimleri de d\u00e2hil olmak \u00fczere bir\u00e7ok alanda derin bir bilgi birikimine ve finans sekt\u00f6r\u00fcne ili\u015fkin pratik bir kavray\u0131\u015fa sahip oldu\u011funu ortaya koyuyor. Kitab\u0131 okumas\u0131 e\u011flenceli, pedagojik a\u00e7\u0131dan parlak ve son derece bilgilendirici.\u201d Rajiv Sethi, Barnard College   \u201cBu etkileyici kitap, bilimden felsefeye ve edebiyata kadar bir\u00e7ok disiplinden \u00f6nemli g\u00f6r\u00fc\u015fleri bir araya getirmekte ve bunlar\u0131 finansal istikrar ve ekonomik modelleme konular\u0131na uygulamaktad\u0131r. Bu derinlemesine bak\u0131\u015f a\u00e7\u0131s\u0131yla Bookstaber, okuyuculara 2008 Finans Krizi hakk\u0131nda \u00e7ok say\u0131da faydal\u0131 bilgi sunuyor ve olaylar\u0131n dalgalar\u0131n\u0131n sistem boyunca nas\u0131l izlendi\u011fini vurguluyor.\u201d Blake LeBaron, Brandeis \u00dcniversitesi <\/p>\n","protected":false},"excerpt":{"rendered":"<p>Finansal Krizler, Ekonominin Ba\u015far\u0131s\u0131zl\u0131\u011f\u0131 ve \u0130nsan Etkile\u015fiminin Kapsam\u0131 Modern finans sisteminin merkezinde yer alan insani karma\u015fan\u0131n nas\u0131l hesaba kat\u0131laca\u011f\u0131na dair derinlemesine bir inceleme D\u00fcnya ekonomisi B\u00fcy\u00fck<span class=\"excerpt-hellip\"> [\u2026]<\/span><\/p>\n","protected":false},"featured_media":0,"template":"","meta":{"_monsterinsights_skip_tracking":false,"_monsterinsights_sitenote_active":false,"_monsterinsights_sitenote_note":"","_monsterinsights_sitenote_category":0},"product_brand":[],"product_cat":[13043],"product_tag":[],"class_list":{"0":"post-763582","1":"product","2":"type-product","3":"status-publish","5":"product_cat-ekonomi","6":"pa_cilt-ciltsiz","7":"pa_tur-kitap","8":"pa_yayinevi-pegasus-yayinlari","9":"pa_yazar-richard-bookstaber","11":"first","12":"instock","13":"sale","14":"shipping-taxable","15":"purchasable","16":"product-type-simple"},"_links":{"self":[{"href":"https:\/\/roveyayinevi.com.tr\/index.php\/wp-json\/wp\/v2\/product\/763582","targetHints":{"allow":["GET"]}}],"collection":[{"href":"https:\/\/roveyayinevi.com.tr\/index.php\/wp-json\/wp\/v2\/product"}],"about":[{"href":"https:\/\/roveyayinevi.com.tr\/index.php\/wp-json\/wp\/v2\/types\/product"}],"wp:attachment":[{"href":"https:\/\/roveyayinevi.com.tr\/index.php\/wp-json\/wp\/v2\/media?parent=763582"}],"wp:term":[{"taxonomy":"product_brand","embeddable":true,"href":"https:\/\/roveyayinevi.com.tr\/index.php\/wp-json\/wp\/v2\/product_brand?post=763582"},{"taxonomy":"product_cat","embeddable":true,"href":"https:\/\/roveyayinevi.com.tr\/index.php\/wp-json\/wp\/v2\/product_cat?post=763582"},{"taxonomy":"product_tag","embeddable":true,"href":"https:\/\/roveyayinevi.com.tr\/index.php\/wp-json\/wp\/v2\/product_tag?post=763582"}],"curies":[{"name":"wp","href":"https:\/\/api.w.org\/{rel}","templated":true}]}}