{"id":763576,"date":"2025-08-28T10:45:05","date_gmt":"2025-08-28T07:45:05","guid":{"rendered":"https:\/\/roveyayinevi.com.tr\/index.php\/urun\/meslek-olarak-sanat\/"},"modified":"2026-04-15T03:28:47","modified_gmt":"2026-04-15T00:28:47","slug":"meslek-olarak-sanat","status":"publish","type":"product","link":"https:\/\/roveyayinevi.com.tr\/index.php\/urun\/meslek-olarak-sanat\/","title":{"rendered":"Meslek Olarak Sanat"},"content":{"rendered":"<p>Meslek Olarak Sanat, endu\u0308striyel tasar\u0131m kategorisinde de\u011ferlendirebilece\u011fimiz bir kitapt\u0131r. Yazar\u0131n Il Giorno gazetesi i\u00e7in yazd\u0131\u011f\u0131 makalelerinin yan\u0131 s\u0131ra kitab\u0131n temas\u0131 i\u00e7in uygun g\u00f6rdu\u0308\u011fu\u0308 ba\u015fka yaz\u0131lar\u0131n\u0131 da i\u00e7ermektedir. \u0130lk bask\u0131s\u0131 1966\u2019da yap\u0131lan ve Laterza yay\u0131nevinin \u00e7e\u015fitli dizilerinde yer alan bu eser, gu\u0308nu\u0308mu\u0308ze kadar yirmiden fazla bask\u0131 yapm\u0131\u015ft\u0131r. Endu\u0308striyel tasar\u0131m, reklamc\u0131l\u0131k, grafik tasar\u0131m, gu\u0308ndelik nesnelerin esteti\u011fi, kullan\u0131m nesneleri ve sanat, g\u00f6rsel ileti\u015fim alanlar\u0131nda vazge\u00e7ilmez bir ba\u015fvuru kayna\u011f\u0131d\u0131r. <\/p>\n","protected":false},"excerpt":{"rendered":"<p>Meslek Olarak Sanat, endu\u0308striyel tasar\u0131m kategorisinde de\u011ferlendirebilece\u011fimiz bir kitapt\u0131r. Yazar\u0131n Il Giorno gazetesi i\u00e7in yazd\u0131\u011f\u0131 makalelerinin yan\u0131 s\u0131ra kitab\u0131n temas\u0131 i\u00e7in uygun g\u00f6rdu\u0308\u011fu\u0308 ba\u015fka yaz\u0131lar\u0131n\u0131 da<span class=\"excerpt-hellip\"> [\u2026]<\/span><\/p>\n","protected":false},"featured_media":0,"template":"","meta":{"_monsterinsights_skip_tracking":false,"_monsterinsights_sitenote_active":false,"_monsterinsights_sitenote_note":"","_monsterinsights_sitenote_category":0},"product_brand":[],"product_cat":[13548,12408],"product_tag":[],"class_list":{"0":"post-763576","1":"product","2":"type-product","3":"status-publish","5":"product_cat-kuram","6":"product_cat-sanat","7":"pa_cilt-ciltsiz","8":"pa_tur-kitap","9":"pa_yayinevi-ayrinti-yayinlari","10":"pa_yazar-bruno-munari","12":"first","13":"instock","14":"sale","15":"shipping-taxable","16":"purchasable","17":"product-type-simple"},"_links":{"self":[{"href":"https:\/\/roveyayinevi.com.tr\/index.php\/wp-json\/wp\/v2\/product\/763576","targetHints":{"allow":["GET"]}}],"collection":[{"href":"https:\/\/roveyayinevi.com.tr\/index.php\/wp-json\/wp\/v2\/product"}],"about":[{"href":"https:\/\/roveyayinevi.com.tr\/index.php\/wp-json\/wp\/v2\/types\/product"}],"wp:attachment":[{"href":"https:\/\/roveyayinevi.com.tr\/index.php\/wp-json\/wp\/v2\/media?parent=763576"}],"wp:term":[{"taxonomy":"product_brand","embeddable":true,"href":"https:\/\/roveyayinevi.com.tr\/index.php\/wp-json\/wp\/v2\/product_brand?post=763576"},{"taxonomy":"product_cat","embeddable":true,"href":"https:\/\/roveyayinevi.com.tr\/index.php\/wp-json\/wp\/v2\/product_cat?post=763576"},{"taxonomy":"product_tag","embeddable":true,"href":"https:\/\/roveyayinevi.com.tr\/index.php\/wp-json\/wp\/v2\/product_tag?post=763576"}],"curies":[{"name":"wp","href":"https:\/\/api.w.org\/{rel}","templated":true}]}}