{"id":763572,"date":"2025-08-28T10:44:59","date_gmt":"2025-08-28T07:44:59","guid":{"rendered":"https:\/\/roveyayinevi.com.tr\/index.php\/urun\/korece-kelime-kartlari-isimler-sifatlar-fiiller\/"},"modified":"2026-04-15T03:28:46","modified_gmt":"2026-04-15T00:28:46","slug":"korece-kelime-kartlari-isimler-sifatlar-fiiller","status":"publish","type":"product","link":"https:\/\/roveyayinevi.com.tr\/index.php\/urun\/korece-kelime-kartlari-isimler-sifatlar-fiiller\/","title":{"rendered":"Korece Kelime Kartlar\u0131 (\u0130simler, S\u0131fatlar, Fiiller)"},"content":{"rendered":"<p>Kartlar\u0131m\u0131z\u0131n \u00f6n ve arka y\u00fczlerinde farkl\u0131 kelimeler yer almakta ve bu kelimeler g\u00f6rsellerle desteklenmi\u015ftir. Hem Korece hem de T\u00fcrk\u00e7e kar\u015f\u0131l\u0131klar\u0131yla sunulan bu kelime kartlar\u0131, Korece bilginize b\u00fcy\u00fck katk\u0131 sa\u011flayacak ve pek \u00e7ok yeni kelime \u00f6\u011frenmenize yard\u0131mc\u0131 olacakt\u0131r.   Kartlar\u0131m\u0131z, isim, s\u0131fat ve fiil olmak \u00fczere \u00fc\u00e7 desteye ayr\u0131lm\u0131\u015ft\u0131r. Her destede 50 kart bulunmakta ve toplamda 150 kart bulunmaktad\u0131r. \u00dcstelik kartlar\u0131n her iki y\u00fcz\u00fcnde de farkl\u0131 kelimeler yer ald\u0131\u011f\u0131ndan, y\u00fczlerce yeni kelime \u00f6\u011frenme f\u0131rsat\u0131 yakalayacaks\u0131n\u0131z!   Korecenizi geli\u015ftirmek istiyorsan\u0131z, ihtiya\u00e7 duydu\u011funuz kelimeler bu kart kutusunda sizi bekliyor!<\/p>\n","protected":false},"excerpt":{"rendered":"<p>Kartlar\u0131m\u0131z\u0131n \u00f6n ve arka y\u00fczlerinde farkl\u0131 kelimeler yer almakta ve bu kelimeler g\u00f6rsellerle desteklenmi\u015ftir. Hem Korece hem de T\u00fcrk\u00e7e kar\u015f\u0131l\u0131klar\u0131yla sunulan bu kelime kartlar\u0131, Korece bilginize<span class=\"excerpt-hellip\"> [\u2026]<\/span><\/p>\n","protected":false},"featured_media":0,"template":"","meta":{"_monsterinsights_skip_tracking":false,"_monsterinsights_sitenote_active":false,"_monsterinsights_sitenote_note":"","_monsterinsights_sitenote_category":0},"product_brand":[],"product_cat":[14597,12566],"product_tag":[],"class_list":{"0":"post-763572","1":"product","2":"type-product","3":"status-publish","5":"product_cat-dil-ogrenimi","6":"product_cat-egitim","7":"pa_cilt-ciltsiz","8":"pa_tur-kitap10","9":"pa_yayinevi-delta-kultur-yayinevi","10":"pa_yazar-nisa-ozlem-sahin","12":"first","13":"instock","14":"sale","15":"shipping-taxable","16":"purchasable","17":"product-type-simple"},"_links":{"self":[{"href":"https:\/\/roveyayinevi.com.tr\/index.php\/wp-json\/wp\/v2\/product\/763572","targetHints":{"allow":["GET"]}}],"collection":[{"href":"https:\/\/roveyayinevi.com.tr\/index.php\/wp-json\/wp\/v2\/product"}],"about":[{"href":"https:\/\/roveyayinevi.com.tr\/index.php\/wp-json\/wp\/v2\/types\/product"}],"wp:attachment":[{"href":"https:\/\/roveyayinevi.com.tr\/index.php\/wp-json\/wp\/v2\/media?parent=763572"}],"wp:term":[{"taxonomy":"product_brand","embeddable":true,"href":"https:\/\/roveyayinevi.com.tr\/index.php\/wp-json\/wp\/v2\/product_brand?post=763572"},{"taxonomy":"product_cat","embeddable":true,"href":"https:\/\/roveyayinevi.com.tr\/index.php\/wp-json\/wp\/v2\/product_cat?post=763572"},{"taxonomy":"product_tag","embeddable":true,"href":"https:\/\/roveyayinevi.com.tr\/index.php\/wp-json\/wp\/v2\/product_tag?post=763572"}],"curies":[{"name":"wp","href":"https:\/\/api.w.org\/{rel}","templated":true}]}}