{"id":763553,"date":"2025-08-28T10:44:25","date_gmt":"2025-08-28T07:44:25","guid":{"rendered":"https:\/\/roveyayinevi.com.tr\/index.php\/urun\/sosyal-calismada-arastirma\/"},"modified":"2026-04-15T03:28:46","modified_gmt":"2026-04-15T00:28:46","slug":"sosyal-calismada-arastirma","status":"publish","type":"product","link":"https:\/\/roveyayinevi.com.tr\/index.php\/urun\/sosyal-calismada-arastirma\/","title":{"rendered":"Sosyal \u00c7al\u0131\u015fmada Ara\u015ft\u0131rma"},"content":{"rendered":"<p>Sosyal \u00e7al\u0131\u015fmac\u0131lar\u0131n, sosyal sorunlarla m\u00fccadele edilebilmesi, insan haklar\u0131n\u0131n korumas\u0131, sosyal adaletin sa\u011flanmas\u0131 i\u00e7in toplumsal ger\u00e7eklikleri iyi analiz edebilmeleri gerekir. Bu nedenle etik sorumlulukla ger\u00e7ekle\u015ftirilen sosyal \u00e7al\u0131\u015fma ara\u015ft\u0131rmalar\u0131, etkili m\u00fcdahaleler geli\u015ftirebilmek a\u00e7\u0131s\u0131ndan vazge\u00e7ilmezdir. Bu kitap sosyal \u00e7al\u0131\u015fma ara\u015ft\u0131rmalar\u0131n\u0131n, dezavantajl\u0131 k\u0131l\u0131nm\u0131\u015f birey, grup ve topluluklar i\u00e7in b\u00fcy\u00fck bir risk olu\u015fturan toplumsal d\u0131\u015flanma, adaletsizlik, ayr\u0131mc\u0131l\u0131k ve e\u015fitsizlikle m\u00fccadele etmede etkili birer ara\u00e7 oldu\u011fu varsay\u0131m\u0131ndan hareketle yaz\u0131lm\u0131\u015ft\u0131r. Kitap, sosyal \u00e7al\u0131\u015fma ara\u015ft\u0131rmac\u0131lar\u0131n\u0131n benimsedikleri ontolojik ve epistemolojik kabuller do\u011frultusunda ara\u015ft\u0131rmalar\u0131n\u0131n ama\u00e7lar\u0131na uygun metodolojileri nas\u0131l se\u00e7ebilecekleri ve bu metodolojik tercihlerin, sosyal sorunun do\u011fas\u0131na, sosyal \u00e7al\u0131\u015fma disiplininin o soruna ili\u015fkin bilginin nas\u0131l \u00fcretilece\u011fine dair anlay\u0131\u015f\u0131na ve bu kapsamda geli\u015ftirilmi\u015f teorik perspektiflere ba\u011fl\u0131 olarak nas\u0131l de\u011fi\u015fkenlik g\u00f6sterebilece\u011fine \u0131\u015f\u0131k tutacakt\u0131r. Bu ba\u011flamda, sosyal \u00e7al\u0131\u015fmada nitel, nicel ve karma ara\u015ft\u0131rmalara duyulan ihtiya\u00e7 a\u00e7\u0131kt\u0131r. Bu kitap ile, nitel ara\u015ft\u0131rman\u0131n mevcut sorunlar\u0131n toplumsal cinsiyet, etnisite, sosyal s\u0131n\u0131f, medeni durum, cinsel y\u00f6nelim, k\u00fclt\u00fcr ve ya\u015f gibi bir\u00e7ok kategoriye ba\u011fl\u0131 olarak ortaya \u00e7\u0131kabildi\u011fine dair sosyal \u00e7al\u0131\u015fma kabul\u00fcyle \u00f6rt\u00fc\u015ft\u00fc\u011f\u00fc noktalar netle\u015ftirilmi\u015ftir. Nicel ara\u015ft\u0131rman\u0131n ise, say\u0131sal verilere belirli bir politika ya da uygulama modeline duyulan ihtiyac\u0131 ortaya koyarak, sosyal \u00e7al\u0131\u015fma a\u00e7\u0131s\u0131ndan olduk\u00e7a \u00f6nemli olan savunuculuk faaliyetleri i\u00e7in politika yap\u0131c\u0131lar\u0131 ve karar vericileri etkileyebilecek olan g\u00fcc\u00fc tart\u0131\u015f\u0131lm\u0131\u015ft\u0131r. Bununla beraber, ara\u015ft\u0131rma \u00f6znelerinin g\u00f6r\u00fc\u015fleri, fenomenlerin kapsaml\u0131 analizleri ve bulgular\u0131n geli\u015ftirilmi\u015f ge\u00e7erlili\u011fi boyutlar\u0131nda olduk\u00e7a g\u00fc\u00e7l\u00fc olan karma y\u00f6ntem ara\u015ft\u0131rmalar\u0131n\u0131n da sosyal \u00e7al\u0131\u015fmadaki yerine dair bir pencere a\u00e7\u0131lacakt\u0131r. <\/p>\n","protected":false},"excerpt":{"rendered":"<p>Sosyal \u00e7al\u0131\u015fmac\u0131lar\u0131n, sosyal sorunlarla m\u00fccadele edilebilmesi, insan haklar\u0131n\u0131n korumas\u0131, sosyal adaletin sa\u011flanmas\u0131 i\u00e7in toplumsal ger\u00e7eklikleri iyi analiz edebilmeleri gerekir. Bu nedenle etik sorumlulukla ger\u00e7ekle\u015ftirilen sosyal \u00e7al\u0131\u015fma<span class=\"excerpt-hellip\"> [\u2026]<\/span><\/p>\n","protected":false},"featured_media":0,"template":"","meta":{"_monsterinsights_skip_tracking":false,"_monsterinsights_sitenote_active":false,"_monsterinsights_sitenote_note":"","_monsterinsights_sitenote_category":0},"product_brand":[],"product_cat":[12835,12324],"product_tag":[],"class_list":{"0":"post-763553","1":"product","2":"type-product","3":"status-publish","5":"product_cat-genel-sosyoloji","6":"product_cat-sosyoloji","7":"pa_cilt-ciltsiz","8":"pa_tur-kitap","9":"pa_yayinevi-nika-yayinevi","10":"pa_yazar-kolektif","12":"first","13":"instock","14":"sale","15":"shipping-taxable","16":"purchasable","17":"product-type-simple"},"_links":{"self":[{"href":"https:\/\/roveyayinevi.com.tr\/index.php\/wp-json\/wp\/v2\/product\/763553","targetHints":{"allow":["GET"]}}],"collection":[{"href":"https:\/\/roveyayinevi.com.tr\/index.php\/wp-json\/wp\/v2\/product"}],"about":[{"href":"https:\/\/roveyayinevi.com.tr\/index.php\/wp-json\/wp\/v2\/types\/product"}],"wp:attachment":[{"href":"https:\/\/roveyayinevi.com.tr\/index.php\/wp-json\/wp\/v2\/media?parent=763553"}],"wp:term":[{"taxonomy":"product_brand","embeddable":true,"href":"https:\/\/roveyayinevi.com.tr\/index.php\/wp-json\/wp\/v2\/product_brand?post=763553"},{"taxonomy":"product_cat","embeddable":true,"href":"https:\/\/roveyayinevi.com.tr\/index.php\/wp-json\/wp\/v2\/product_cat?post=763553"},{"taxonomy":"product_tag","embeddable":true,"href":"https:\/\/roveyayinevi.com.tr\/index.php\/wp-json\/wp\/v2\/product_tag?post=763553"}],"curies":[{"name":"wp","href":"https:\/\/api.w.org\/{rel}","templated":true}]}}