{"id":763545,"date":"2025-08-28T10:44:12","date_gmt":"2025-08-28T07:44:12","guid":{"rendered":"https:\/\/roveyayinevi.com.tr\/index.php\/urun\/iran-huccetiye-cemiyeti\/"},"modified":"2026-04-15T03:28:46","modified_gmt":"2026-04-15T00:28:46","slug":"iran-huccetiye-cemiyeti","status":"publish","type":"product","link":"https:\/\/roveyayinevi.com.tr\/index.php\/urun\/iran-huccetiye-cemiyeti\/","title":{"rendered":"\u0130ran H\u00fcccetiye Cemiyeti"},"content":{"rendered":"<p>H\u00fcccetiye Cemiyeti, \u015eah Muhammed R\u0131za&#8217;n\u0131n te\u015fvikiyle 1953 y\u0131l\u0131nda \u015eeyh Mahmud Halebi taraf\u0131ndan kurulmu\u015f ve ba\u015flarda \u015eah&#8217;\u0131n siyasi g\u00fcndemini takip etmi\u015fti. Ancak Musadd\u0131k krizinden sonra di\u011fer siyasi partiler ve hareketler gibi H\u00fcccetiye de \u015eah&#8217;\u0131n k\u0131r\u0131lgan monar\u015fisine tehdit olarak g\u00f6r\u00fclm\u00fc\u015ft\u00fc. \u015eunu s\u00f6ylemek gerekir ki H\u00fcccetiye bir hareket olarak yasaklanm\u0131\u015ft\u0131, bir mezhep olarak de\u011fil. H\u00fcccetiye farkl\u0131, radikal, geleneksel \u015eii yorumdan beslenmi\u015f olsa da yeni rejime ve belli ba\u015fl\u0131 \u015eii liderlere meydan okumu\u015ftu. Karars\u0131z tutumlar\u0131yla bir yandan Humeyni&#8217;ninVelayet-i Fakih&#8217;ini reddederken, \u00f6te yandan yeni rejimin yeniden yap\u0131lanma programlar\u0131na destek veriyordu.<\/p>\n","protected":false},"excerpt":{"rendered":"<p>H\u00fcccetiye Cemiyeti, \u015eah Muhammed R\u0131za&#8217;n\u0131n te\u015fvikiyle 1953 y\u0131l\u0131nda \u015eeyh Mahmud Halebi taraf\u0131ndan kurulmu\u015f ve ba\u015flarda \u015eah&#8217;\u0131n siyasi g\u00fcndemini takip etmi\u015fti. Ancak Musadd\u0131k krizinden sonra di\u011fer siyasi<span class=\"excerpt-hellip\"> [\u2026]<\/span><\/p>\n","protected":false},"featured_media":0,"template":"","meta":{"_monsterinsights_skip_tracking":false,"_monsterinsights_sitenote_active":false,"_monsterinsights_sitenote_note":"","_monsterinsights_sitenote_category":0},"product_brand":[],"product_cat":[12370,12304],"product_tag":[],"class_list":{"0":"post-763545","1":"product","2":"type-product","3":"status-publish","5":"product_cat-arastirma-inceleme","6":"product_cat-tarih","7":"pa_cilt-ciltsiz","8":"pa_tur-kitap","9":"pa_yayinevi-iyidusun-yayinlari","10":"pa_yazar-ronen-a-cohen","12":"first","13":"instock","14":"sale","15":"shipping-taxable","16":"purchasable","17":"product-type-simple"},"_links":{"self":[{"href":"https:\/\/roveyayinevi.com.tr\/index.php\/wp-json\/wp\/v2\/product\/763545","targetHints":{"allow":["GET"]}}],"collection":[{"href":"https:\/\/roveyayinevi.com.tr\/index.php\/wp-json\/wp\/v2\/product"}],"about":[{"href":"https:\/\/roveyayinevi.com.tr\/index.php\/wp-json\/wp\/v2\/types\/product"}],"wp:attachment":[{"href":"https:\/\/roveyayinevi.com.tr\/index.php\/wp-json\/wp\/v2\/media?parent=763545"}],"wp:term":[{"taxonomy":"product_brand","embeddable":true,"href":"https:\/\/roveyayinevi.com.tr\/index.php\/wp-json\/wp\/v2\/product_brand?post=763545"},{"taxonomy":"product_cat","embeddable":true,"href":"https:\/\/roveyayinevi.com.tr\/index.php\/wp-json\/wp\/v2\/product_cat?post=763545"},{"taxonomy":"product_tag","embeddable":true,"href":"https:\/\/roveyayinevi.com.tr\/index.php\/wp-json\/wp\/v2\/product_tag?post=763545"}],"curies":[{"name":"wp","href":"https:\/\/api.w.org\/{rel}","templated":true}]}}