{"id":763540,"date":"2025-08-28T10:44:04","date_gmt":"2025-08-28T07:44:04","guid":{"rendered":"https:\/\/roveyayinevi.com.tr\/index.php\/urun\/orta-dogu-dergisi-1961-1973\/"},"modified":"2026-04-15T03:28:46","modified_gmt":"2026-04-15T00:28:46","slug":"orta-dogu-dergisi-1961-1973","status":"publish","type":"product","link":"https:\/\/roveyayinevi.com.tr\/index.php\/urun\/orta-dogu-dergisi-1961-1973\/","title":{"rendered":"Orta Do\u011fu Dergisi 1961-1973"},"content":{"rendered":"<p>1960 darbesinde M\u0130T M\u00fcste\u015far\u0131 olan Celal Tevfik Karasapan\u2019\u0131n, Yakup Kadri Karaosmano\u011flu, \u015eevket S\u00fcreyya Aydemir, Nihat Erim ve Abd\u00fclahat Ak\u015fin gibi isimlerle birlikte 1961 y\u0131l\u0131nda abonelik usul\u00fcyle \u00e7\u0131karmaya ba\u015flad\u0131\u011f\u0131 ve 1974\u2019te vefat\u0131ndan k\u0131sa bir s\u00fcre \u00f6ncesine kadar neredeyse tek ba\u015f\u0131na yay\u0131nlamaya devam etti\u011fi Orta Do\u011fu dergisi, d\u00f6nemin h\u00e2kim d\u0131\u015f politika paradigmas\u0131nda Orta Do\u011fu ile ili\u015fkilerin yeni ba\u015ftan ele al\u0131nmas\u0131 gereklili\u011fini savunan platformlar\u0131n ilklerinden biri olmu\u015ftur.  Elinizdeki kitap bu s\u00fcreci incelerken, derginin t\u00fcm say\u0131lar\u0131n\u0131 i\u00e7eren izahatl\u0131 bir bibliyografya ile birlikte, dergide yaz\u0131lar\u0131 da bulunan Celal Tevfik Karasapan\u2019\u0131n damad\u0131 Mehmet Ali K\u0131\u015flal\u0131 ile yap\u0131lan bir s\u00f6yle\u015fiyi de i\u00e7ermektedir.<\/p>\n","protected":false},"excerpt":{"rendered":"<p>1960 darbesinde M\u0130T M\u00fcste\u015far\u0131 olan Celal Tevfik Karasapan\u2019\u0131n, Yakup Kadri Karaosmano\u011flu, \u015eevket S\u00fcreyya Aydemir, Nihat Erim ve Abd\u00fclahat Ak\u015fin gibi isimlerle birlikte 1961 y\u0131l\u0131nda abonelik usul\u00fcyle<span class=\"excerpt-hellip\"> [\u2026]<\/span><\/p>\n","protected":false},"featured_media":0,"template":"","meta":{"_monsterinsights_skip_tracking":false,"_monsterinsights_sitenote_active":false,"_monsterinsights_sitenote_note":"","_monsterinsights_sitenote_category":0},"product_brand":[],"product_cat":[13527],"product_tag":[],"class_list":{"0":"post-763540","1":"product","2":"type-product","3":"status-publish","5":"product_cat-sureli-yayinlar","6":"pa_cilt-ciltsiz","7":"pa_tur-dergi","8":"pa_yayinevi-iyidusun-yayinlari","9":"pa_yazar-ugur-matic","11":"first","12":"instock","13":"sale","14":"shipping-taxable","15":"purchasable","16":"product-type-simple"},"_links":{"self":[{"href":"https:\/\/roveyayinevi.com.tr\/index.php\/wp-json\/wp\/v2\/product\/763540","targetHints":{"allow":["GET"]}}],"collection":[{"href":"https:\/\/roveyayinevi.com.tr\/index.php\/wp-json\/wp\/v2\/product"}],"about":[{"href":"https:\/\/roveyayinevi.com.tr\/index.php\/wp-json\/wp\/v2\/types\/product"}],"wp:attachment":[{"href":"https:\/\/roveyayinevi.com.tr\/index.php\/wp-json\/wp\/v2\/media?parent=763540"}],"wp:term":[{"taxonomy":"product_brand","embeddable":true,"href":"https:\/\/roveyayinevi.com.tr\/index.php\/wp-json\/wp\/v2\/product_brand?post=763540"},{"taxonomy":"product_cat","embeddable":true,"href":"https:\/\/roveyayinevi.com.tr\/index.php\/wp-json\/wp\/v2\/product_cat?post=763540"},{"taxonomy":"product_tag","embeddable":true,"href":"https:\/\/roveyayinevi.com.tr\/index.php\/wp-json\/wp\/v2\/product_tag?post=763540"}],"curies":[{"name":"wp","href":"https:\/\/api.w.org\/{rel}","templated":true}]}}