{"id":763537,"date":"2025-08-28T10:44:00","date_gmt":"2025-08-28T07:44:00","guid":{"rendered":"https:\/\/roveyayinevi.com.tr\/index.php\/urun\/buyucunun-geri-donusu-1\/"},"modified":"2026-04-15T03:28:46","modified_gmt":"2026-04-15T00:28:46","slug":"buyucunun-geri-donusu-1","status":"publish","type":"product","link":"https:\/\/roveyayinevi.com.tr\/index.php\/urun\/buyucunun-geri-donusu-1\/","title":{"rendered":"B\u00fcy\u00fcc\u00fcn\u00fcn Geri D\u00f6n\u00fc\u015f\u00fc 1"},"content":{"rendered":"<p>\u0130NSANLI\u011eIN KAR\u015eILA\u015eTI\u011eI EN K\u00d6T\u00dc FELAKET, G\u00d6LGE LAB\u0130RENT\u0130. SIRADAN B\u0130R\u0130 OLMASI SEBEB\u0130YLE DO\u011eRU D\u00dcZG\u00dcN E\u011e\u0130T\u0130M B\u0130LE ALAMAMI\u015e 3. SEV\u0130YE B\u0130R B\u00dcY\u00dcC\u00dc OLAN DES\u0130R ARMAN, TERS HESAPLAMA G\u00dcC\u00dcN\u00dc B\u0130R S\u0130LAH OLARAK KULLANIP G\u00d6LGE D\u00dcNYASI\u2019NIN Z\u0130RVES\u0130 VE \u0130NSANLI\u011eIN EN B\u00dcY\u00dcK KR\u0130Z\u0130 OLAN G\u00d6LGE LAB\u0130RENT\u0130\u2019NE ULA\u015eIR. HAYATTA KALAN SON ALTI K\u0130\u015e\u0130DEN B\u0130R\u0130 OLARAK G\u00d6LGE LAB\u0130RENT\u0130\u2019N\u0130N SON A\u015eAMASINA MEYDAN OKUR ANCAK SONU\u00c7TA BA\u015eARISIZ OLUP D\u00dcNYANIN YOK OLMASINA YOL A\u00c7AR. TAM HER \u015eEY\u0130N B\u0130TT\u0130\u011e\u0130N\u0130 D\u00dc\u015e\u00dcND\u00dc\u011e\u00dc ANDA, DES\u0130R KEND\u0130N\u0130 13 YIL \u00d6NCES\u0130N\u0130N D\u00dcNYASINDA BULUR. GE\u00c7M\u0130\u015eE D\u00d6NEN DES\u0130R, G\u00d6LGE LAB\u0130RENT\u0130\u2019NDE KAYBETT\u0130\u011e\u0130 \u0130NSANLARLA YEN\u0130DEN B\u0130R ARAYA GEL\u0130R. SEVD\u0130KLER\u0130N\u0130 VE D\u00dcNYAYI KURTARMAK \u0130\u00c7\u0130N GE\u00c7M\u0130\u015e\u0130 DE\u011e\u0130\u015eT\u0130RMEK ZORUNDADIR! <\/p>\n","protected":false},"excerpt":{"rendered":"<p>\u0130NSANLI\u011eIN KAR\u015eILA\u015eTI\u011eI EN K\u00d6T\u00dc FELAKET, G\u00d6LGE LAB\u0130RENT\u0130. SIRADAN B\u0130R\u0130 OLMASI SEBEB\u0130YLE DO\u011eRU D\u00dcZG\u00dcN E\u011e\u0130T\u0130M B\u0130LE ALAMAMI\u015e 3. SEV\u0130YE B\u0130R B\u00dcY\u00dcC\u00dc OLAN DES\u0130R ARMAN, TERS HESAPLAMA G\u00dcC\u00dcN\u00dc<span class=\"excerpt-hellip\"> [\u2026]<\/span><\/p>\n","protected":false},"featured_media":0,"template":"","meta":{"_monsterinsights_skip_tracking":false,"_monsterinsights_sitenote_active":false,"_monsterinsights_sitenote_note":"","_monsterinsights_sitenote_category":0},"product_brand":[],"product_cat":[12416,12291],"product_tag":[],"class_list":{"0":"post-763537","1":"product","2":"type-product","3":"status-publish","5":"product_cat-cizgi-roman","6":"product_cat-edebiyat","7":"pa_cilt-ciltsiz","8":"pa_tur-kitap","9":"pa_yayinevi-athica-yayinlari","10":"pa_yazar-wook-jak-ga","12":"first","13":"instock","14":"sale","15":"shipping-taxable","16":"purchasable","17":"product-type-simple"},"_links":{"self":[{"href":"https:\/\/roveyayinevi.com.tr\/index.php\/wp-json\/wp\/v2\/product\/763537","targetHints":{"allow":["GET"]}}],"collection":[{"href":"https:\/\/roveyayinevi.com.tr\/index.php\/wp-json\/wp\/v2\/product"}],"about":[{"href":"https:\/\/roveyayinevi.com.tr\/index.php\/wp-json\/wp\/v2\/types\/product"}],"wp:attachment":[{"href":"https:\/\/roveyayinevi.com.tr\/index.php\/wp-json\/wp\/v2\/media?parent=763537"}],"wp:term":[{"taxonomy":"product_brand","embeddable":true,"href":"https:\/\/roveyayinevi.com.tr\/index.php\/wp-json\/wp\/v2\/product_brand?post=763537"},{"taxonomy":"product_cat","embeddable":true,"href":"https:\/\/roveyayinevi.com.tr\/index.php\/wp-json\/wp\/v2\/product_cat?post=763537"},{"taxonomy":"product_tag","embeddable":true,"href":"https:\/\/roveyayinevi.com.tr\/index.php\/wp-json\/wp\/v2\/product_tag?post=763537"}],"curies":[{"name":"wp","href":"https:\/\/api.w.org\/{rel}","templated":true}]}}