{"id":763524,"date":"2025-08-28T10:43:36","date_gmt":"2025-08-28T07:43:36","guid":{"rendered":"https:\/\/roveyayinevi.com.tr\/index.php\/urun\/minecraft-kiziltas-satosu\/"},"modified":"2026-04-15T03:28:45","modified_gmt":"2026-04-15T00:28:45","slug":"minecraft-kiziltas-satosu","status":"publish","type":"product","link":"https:\/\/roveyayinevi.com.tr\/index.php\/urun\/minecraft-kiziltas-satosu\/","title":{"rendered":"M\u0131necraft- K\u0131z\u0131lta\u015f \u015eatosu"},"content":{"rendered":"<p>Kahraman olmak isteyen ama babas\u0131n\u0131n g\u00f6lgesinden kurtulamayan Rajah; onun zeki, sad\u0131k ama sava\u015f\u00e7\u0131 olmakla hi\u00e7 ilgilenmeyen hizmetk\u00e2r\u0131 Pal ve s\u0131k\u0131c\u0131 hayat\u0131ndan maceralara at\u0131lmak i\u00e7in ka\u00e7an g\u00f6z\u00fc pek ok\u00e7u Faith. Bu destans\u0131 Minecraft roman\u0131nda \u00fc\u00e7 talihsiz macerac\u0131, kay\u0131p bir uygarl\u0131\u011f\u0131n izini s\u00fcr\u00fcyor! K\u0131z\u0131lta\u015f \u015eato\u2019suna ula\u015f\u0131p, bu lanetli yerin deh\u015fet verici gizemini \u00e7\u00f6zmeyi ba\u015farabilecekler mi? Hem de bir ekip olarak! <\/p>\n","protected":false},"excerpt":{"rendered":"<p>Kahraman olmak isteyen ama babas\u0131n\u0131n g\u00f6lgesinden kurtulamayan Rajah; onun zeki, sad\u0131k ama sava\u015f\u00e7\u0131 olmakla hi\u00e7 ilgilenmeyen hizmetk\u00e2r\u0131 Pal ve s\u0131k\u0131c\u0131 hayat\u0131ndan maceralara at\u0131lmak i\u00e7in ka\u00e7an g\u00f6z\u00fc<span class=\"excerpt-hellip\"> [\u2026]<\/span><\/p>\n","protected":false},"featured_media":0,"template":"","meta":{"_monsterinsights_skip_tracking":false,"_monsterinsights_sitenote_active":false,"_monsterinsights_sitenote_note":"","_monsterinsights_sitenote_category":0},"product_brand":[],"product_cat":[12291,50487],"product_tag":[],"class_list":{"0":"post-763524","1":"product","2":"type-product","3":"status-publish","5":"product_cat-edebiyat","6":"product_cat-kurgu","7":"pa_cilt-ciltsiz","8":"pa_tur-kitap","9":"pa_yayinevi-x-libris","10":"pa_yazar-sarwat-chadda","12":"first","13":"instock","14":"sale","15":"shipping-taxable","16":"purchasable","17":"product-type-simple"},"_links":{"self":[{"href":"https:\/\/roveyayinevi.com.tr\/index.php\/wp-json\/wp\/v2\/product\/763524","targetHints":{"allow":["GET"]}}],"collection":[{"href":"https:\/\/roveyayinevi.com.tr\/index.php\/wp-json\/wp\/v2\/product"}],"about":[{"href":"https:\/\/roveyayinevi.com.tr\/index.php\/wp-json\/wp\/v2\/types\/product"}],"wp:attachment":[{"href":"https:\/\/roveyayinevi.com.tr\/index.php\/wp-json\/wp\/v2\/media?parent=763524"}],"wp:term":[{"taxonomy":"product_brand","embeddable":true,"href":"https:\/\/roveyayinevi.com.tr\/index.php\/wp-json\/wp\/v2\/product_brand?post=763524"},{"taxonomy":"product_cat","embeddable":true,"href":"https:\/\/roveyayinevi.com.tr\/index.php\/wp-json\/wp\/v2\/product_cat?post=763524"},{"taxonomy":"product_tag","embeddable":true,"href":"https:\/\/roveyayinevi.com.tr\/index.php\/wp-json\/wp\/v2\/product_tag?post=763524"}],"curies":[{"name":"wp","href":"https:\/\/api.w.org\/{rel}","templated":true}]}}