{"id":763512,"date":"2025-08-28T10:43:13","date_gmt":"2025-08-28T07:43:13","guid":{"rendered":"https:\/\/roveyayinevi.com.tr\/index.php\/urun\/fantastik-kitaplar-seti-3-kitap\/"},"modified":"2026-04-15T03:28:45","modified_gmt":"2026-04-15T00:28:45","slug":"fantastik-kitaplar-seti-3-kitap","status":"publish","type":"product","link":"https:\/\/roveyayinevi.com.tr\/index.php\/urun\/fantastik-kitaplar-seti-3-kitap\/","title":{"rendered":"Fantastik Kitaplar Seti (3 Kitap)"},"content":{"rendered":"<p>ADR\u0130AN\u201cNefretim, akan bir nehir gibi s\u00fcrekli kendini yeniliyor suratlar\u0131n\u0131z\u0131 g\u00f6r\u00fcnce.\u201d***Distopik bir ya\u015famd\u0131r Adrian!Ektelesi serisinin \u0130dam Seremonisi\u2019nde d\u00f6v\u00fc\u015fmeye mahk\u00fbm edilen d\u00f6rd\u00fcnc\u00fc karakteri Adrian, \u00fctopik ya\u015famlar\u0131n aras\u0131nda g\u00f6rd\u00fc\u011f\u00fc\/g\u00f6rmek istedi\u011fi ve t\u00fcm bedeninin yan\u0131nda ruhunun da kanla kapland\u0131\u011f\u0131 bir hayat hik\u00e2yesidir.***\u201cE\u011fer insanlar bilseydi bizim soyumuzu ve onlar\u0131 korumak i\u00e7in g\u00f6revlendirildi\u011fimizi, eminim, bir g\u00fcn isyan edebilece\u011fimizin korkusundan \u00f6l\u00fcrlerdi! Tanr\u0131\u2019ysa bir ressam gibi b\u00fct\u00fcn f\u0131r\u00e7alar\u0131n\u0131 tuvalin \u00fcst\u00fcnde par\u00e7alay\u0131p biz ulu Karga \u0130nsanlar\u0131; insanlardan daha ak\u0131ll\u0131, hayvanlardan daha asil olarak yaratm\u0131\u015ft\u0131.     SVE\u0130N   \u0130nsal\u0131\u011f\u0131 g\u00f6lgelerin aras\u0131ndan gizlice korumakta olan yar\u0131 karga yar\u0131 insan \u0131rk\u0131n\u0131n \u00fcyesi Svein Larian, do\u011farken annesini, on ya\u015f\u0131ndayken babas\u0131n\u0131 kaybetmi\u015fti. Hi\u00e7bir \u015feyi kalmam\u0131\u015fken benli\u011fini her \u015feyiyle ona adayaca\u011f\u0131 kad\u0131nla tan\u0131\u015ft\u0131. Hayat\u0131n\u0131n d\u00f6n\u00fcm noktas\u0131nda olan Svein, tapt\u0131\u011f\u0131 kad\u0131n\u0131n g\u00f6zetiminde b\u00fcy\u00fcrken, bu kad\u0131n\u0131n emirleri do\u011frultusunda dostlar\u0131n\u0131 bile g\u00f6z\u00fcn\u00fc k\u0131rpmadan \u00f6ld\u00fcrebilen bir makineye d\u00f6n\u00fc\u015fecekti. Ald\u0131\u011f\u0131 son emirle \u0130dam Senfonisi&#8217;ne giden Svein, \u00f6l\u00fcmle burun buruna gelecekti ve bunu \u00f6d\u00fcl\u00fc tapt\u0131\u011f\u0131 kad\u0131n ile \u00f6zg\u00fcrce ya\u015fayaca\u011f\u0131 bir hayat olacakt\u0131.     \u0130LK VE SON MUKADDERAT   \u201c\u0130lk ve Son\u201d serisinin 4. Kitab\u0131 \u201cMukadderat\u201dBasit kelimelerle anlatmaya kalksa \u201cNe cennetteyim ne cehennemde; ne Araf beni kabul etti ne de bug\u00fcne kadar kabul edilen inan\u00e7lar bana yol g\u00f6sterdi.\u201d c\u00fcmlesiyle anlatmay\u0131 tercih ederdi. \u0130nsanlara bulundu\u011fu yeri tarif edemezdi. Var olmak ile yok olmak aras\u0131ndaki sava\u015fta iki taraf\u0131n da kendisi oldu\u011funu, galip ve ma\u011flup olman\u0131n manas\u0131z kald\u0131\u011f\u0131n\u0131, \u00e7\u0131k\u0131\u015f kap\u0131s\u0131n\u0131n olmad\u0131\u011f\u0131 bir ortamda elinde kap\u0131 anahtar\u0131yla gezmenin delilik de\u011fil de ger\u00e7e\u011fe ula\u015fmak oldu\u011funu anlatmak i\u00e7in insanl\u0131\u011f\u0131 en ba\u015fa d\u00f6nd\u00fcrmek gerekliydi.Ba\u015flad\u0131\u011f\u0131m\u0131z yerdeyiz. Ba\u015flang\u0131\u00e7 da karanl\u0131kt\u0131, son da karanl\u0131k. Belki de g\u00f6remedi\u011fimde karanl\u0131k, g\u00f6rd\u00fc\u011f\u00fcm\u00fczde ayd\u0131nl\u0131k diyoruz. G\u00f6rd\u00fc\u011f\u00fcm\u00fcz; \u0131\u015f\u0131k siyah\u0131n ta kendisi, \u0131\u015f\u0131ks\u0131zl\u0131k ayd\u0131nl\u0131\u011f\u0131n ger\u00e7e\u011fi olabilir mi? Duyamad\u0131\u011f\u0131m\u0131z y\u00fcksek ve al\u00e7ak sesleri yok sayd\u0131\u011f\u0131m\u0131z gibi sadece alg\u0131lad\u0131\u011f\u0131m\u0131z renkleri kabul edip i\u00e7erisinde veya ard\u0131nda olanlar\u0131 da yok olarak kabul ediyor olabilir miyiz? Bizler g\u00f6rmediklerimizden korktu\u011fumuz i\u00e7in ger\u00e7eklerin \u00fcst\u00fcn\u00fc \u00f6rterek onlar\u0131 yok sayd\u0131\u011f\u0131m\u0131z ger\u00e7e\u011fi, ger\u00e7ekleri gizleyebiliyor mu?<\/p>\n","protected":false},"excerpt":{"rendered":"<p>ADR\u0130AN\u201cNefretim, akan bir nehir gibi s\u00fcrekli kendini yeniliyor suratlar\u0131n\u0131z\u0131 g\u00f6r\u00fcnce.\u201d***Distopik bir ya\u015famd\u0131r Adrian!Ektelesi serisinin \u0130dam Seremonisi\u2019nde d\u00f6v\u00fc\u015fmeye mahk\u00fbm edilen d\u00f6rd\u00fcnc\u00fc karakteri Adrian, \u00fctopik ya\u015famlar\u0131n aras\u0131nda g\u00f6rd\u00fc\u011f\u00fc\/g\u00f6rmek<span class=\"excerpt-hellip\"> [\u2026]<\/span><\/p>\n","protected":false},"featured_media":0,"template":"","meta":{"_monsterinsights_skip_tracking":false,"_monsterinsights_sitenote_active":false,"_monsterinsights_sitenote_note":"","_monsterinsights_sitenote_category":0},"product_brand":[],"product_cat":[12291,14777],"product_tag":[],"class_list":{"0":"post-763512","1":"product","2":"type-product","3":"status-publish","5":"product_cat-edebiyat","6":"product_cat-fantastik","7":"pa_cilt-ciltsiz","8":"pa_tur-kitap","9":"pa_yayinevi-vaveyla-yayincilik","10":"pa_yazar-kolektif","12":"first","13":"instock","14":"sale","15":"shipping-taxable","16":"purchasable","17":"product-type-simple"},"_links":{"self":[{"href":"https:\/\/roveyayinevi.com.tr\/index.php\/wp-json\/wp\/v2\/product\/763512","targetHints":{"allow":["GET"]}}],"collection":[{"href":"https:\/\/roveyayinevi.com.tr\/index.php\/wp-json\/wp\/v2\/product"}],"about":[{"href":"https:\/\/roveyayinevi.com.tr\/index.php\/wp-json\/wp\/v2\/types\/product"}],"wp:attachment":[{"href":"https:\/\/roveyayinevi.com.tr\/index.php\/wp-json\/wp\/v2\/media?parent=763512"}],"wp:term":[{"taxonomy":"product_brand","embeddable":true,"href":"https:\/\/roveyayinevi.com.tr\/index.php\/wp-json\/wp\/v2\/product_brand?post=763512"},{"taxonomy":"product_cat","embeddable":true,"href":"https:\/\/roveyayinevi.com.tr\/index.php\/wp-json\/wp\/v2\/product_cat?post=763512"},{"taxonomy":"product_tag","embeddable":true,"href":"https:\/\/roveyayinevi.com.tr\/index.php\/wp-json\/wp\/v2\/product_tag?post=763512"}],"curies":[{"name":"wp","href":"https:\/\/api.w.org\/{rel}","templated":true}]}}