{"id":763504,"date":"2025-08-28T10:43:00","date_gmt":"2025-08-28T07:43:00","guid":{"rendered":"https:\/\/roveyayinevi.com.tr\/index.php\/urun\/ortadogu-istihbarat-sozlugu\/"},"modified":"2026-04-15T03:28:44","modified_gmt":"2026-04-15T00:28:44","slug":"ortadogu-istihbarat-sozlugu","status":"publish","type":"product","link":"https:\/\/roveyayinevi.com.tr\/index.php\/urun\/ortadogu-istihbarat-sozlugu\/","title":{"rendered":"Ortado\u011fu \u0130stihbarat S\u00f6zl\u00fc\u011f\u00fc"},"content":{"rendered":"<p>\u0130stihbarat \u00f6rg\u00fctleri ve topluluklar\u0131n\u0131n tarih\u00ee ara\u015ft\u0131rmas\u0131, ar\u015fivlere eri\u015fimin k\u0131s\u0131tl\u0131 olmas\u0131 ve alternatif kaynaklar\u0131n olmay\u0131\u015f\u0131 nedeniyle g\u00f6receli olarak yeni bir aland\u0131r. Bunun bir sonucu olarak istihbarat histo\u011frafyas\u0131 genellikle s\u0131n\u0131rl\u0131 bir zamana veya b\u00f6lgeye odaklan\u0131r. Bu s\u00f6zl\u00fck Ortado\u011fu\u2019nun de\u011fi\u015fik b\u00f6lgelerinde 19. y\u00fczy\u0131l\u0131n son \u00e7eyre\u011fini kapat\u0131p 21. y\u00fczy\u0131l\u0131n ba\u015flang\u0131c\u0131na kadar uzanan operasyonlar\u0131yla istihbarat ve kar\u015f\u0131 istihbarat \u00f6rg\u00fctlerinden edinilen geni\u015f \u00f6l\u00e7ekli kay\u0131t ve belgelere dayanmaktad\u0131r.Mevcut y\u00fcksek teknoloji devrimi istihbarat toplaman\u0131n do\u011fas\u0131n\u0131 ve buna uyun olarak istihbarat topluluklar\u0131n\u0131n yap\u0131s\u0131 ve b\u00fct\u00e7elerini de\u011fi\u015ftirmi\u015ftir. Ortado\u011fu\u2019da \u0130srail, M\u0131s\u0131r, T\u00fcrkiye, \u0130ran ve Birle\u015fik Arap Emirlikleri gibi \u00fclkeler, \u015fifre \u00e7\u00f6zme teknolojilerini ve kendi uydular\u0131n\u0131 yerle\u015ftirmeyi sa\u011flayan tesisleriyle \u00e7e\u015fitli ara\u015ft\u0131rma merkezleri ve yerel askeri ileti\u015fim ve y\u00fcksek teknoloji donan\u0131m\u0131 geli\u015ftirmi\u015ftir. Bununla beraber, Ortado\u011fu\u2019da istihbarat faaliyetleri teknolojik bir devrim ge\u00e7irse de b\u00f6lgedeki sorunlar karma\u015f\u0131k ve \u00e7\u00f6z\u00fcmleri de her zaman oldu\u011fu gibi zor olacakt\u0131r.<\/p>\n","protected":false},"excerpt":{"rendered":"<p>\u0130stihbarat \u00f6rg\u00fctleri ve topluluklar\u0131n\u0131n tarih\u00ee ara\u015ft\u0131rmas\u0131, ar\u015fivlere eri\u015fimin k\u0131s\u0131tl\u0131 olmas\u0131 ve alternatif kaynaklar\u0131n olmay\u0131\u015f\u0131 nedeniyle g\u00f6receli olarak yeni bir aland\u0131r. Bunun bir sonucu olarak istihbarat histo\u011frafyas\u0131<span class=\"excerpt-hellip\"> [\u2026]<\/span><\/p>\n","protected":false},"featured_media":0,"template":"","meta":{"_monsterinsights_skip_tracking":false,"_monsterinsights_sitenote_active":false,"_monsterinsights_sitenote_note":"","_monsterinsights_sitenote_category":0},"product_brand":[],"product_cat":[13590,12337],"product_tag":[],"class_list":{"0":"post-763504","1":"product","2":"type-product","3":"status-publish","5":"product_cat-arastirma-inceleme-politika-siyaset","6":"product_cat-politika-siyaset","7":"pa_cilt-ciltsiz","8":"pa_tur-kitap","9":"pa_yayinevi-iyidusun-yayinlari","10":"pa_yazar-ephraim-kahana-muhammed-suwaed","12":"first","13":"instock","14":"sale","15":"shipping-taxable","16":"purchasable","17":"product-type-simple"},"_links":{"self":[{"href":"https:\/\/roveyayinevi.com.tr\/index.php\/wp-json\/wp\/v2\/product\/763504","targetHints":{"allow":["GET"]}}],"collection":[{"href":"https:\/\/roveyayinevi.com.tr\/index.php\/wp-json\/wp\/v2\/product"}],"about":[{"href":"https:\/\/roveyayinevi.com.tr\/index.php\/wp-json\/wp\/v2\/types\/product"}],"wp:attachment":[{"href":"https:\/\/roveyayinevi.com.tr\/index.php\/wp-json\/wp\/v2\/media?parent=763504"}],"wp:term":[{"taxonomy":"product_brand","embeddable":true,"href":"https:\/\/roveyayinevi.com.tr\/index.php\/wp-json\/wp\/v2\/product_brand?post=763504"},{"taxonomy":"product_cat","embeddable":true,"href":"https:\/\/roveyayinevi.com.tr\/index.php\/wp-json\/wp\/v2\/product_cat?post=763504"},{"taxonomy":"product_tag","embeddable":true,"href":"https:\/\/roveyayinevi.com.tr\/index.php\/wp-json\/wp\/v2\/product_tag?post=763504"}],"curies":[{"name":"wp","href":"https:\/\/api.w.org\/{rel}","templated":true}]}}