{"id":763500,"date":"2025-08-28T10:42:53","date_gmt":"2025-08-28T07:42:53","guid":{"rendered":"https:\/\/roveyayinevi.com.tr\/index.php\/urun\/gul-yazilari\/"},"modified":"2026-04-15T03:28:44","modified_gmt":"2026-04-15T00:28:44","slug":"gul-yazilari","status":"publish","type":"product","link":"https:\/\/roveyayinevi.com.tr\/index.php\/urun\/gul-yazilari\/","title":{"rendered":"G\u00fcl Yaz\u0131lar\u0131"},"content":{"rendered":"<p>G\u00fcl Yaz\u0131lar\u0131, Servet Somuncuo\u011flu&#8217;nun fikir d\u00fcnyas\u0131n\u0131n yans\u0131malar\u0131d\u0131r. Mensup oldu\u011fu d\u00fcnya g\u00f6r\u00fc\u015f\u00fcn\u00fcn ad\u0131n\u0131 apa\u00e7\u0131k zikretmeden, sevdas\u0131n\u0131, \u00fclk\u00fcs\u00fcn\u00fc g\u00fclle \u00f6zde\u015fle\u015ftirmi\u015f, taassuba d\u00fc\u015fmeden ve fakat inanc\u0131n\u0131n kuvvetini hissettirerek sevgiyle ve inan\u00e7la kaleme ald\u0131\u011f\u0131 denemelerdir. Yak\u0131n \u00e7evresinin y\u0131llar s\u00fcren titiz emekleriyle daha \u00f6nce yay\u0131nlanmam\u0131\u015f \u00e7al\u0131\u015fmalar\u0131n\u0131n ayr\u0131 ba\u015fl\u0131klarla d\u00f6rt kitapta topland\u0131\u011f\u0131 seride G\u00fcl Yaz\u0131lar\u0131&#8217;n\u0131 di\u011ferlerinden ay\u0131ran en bariz husus budur.<\/p>\n","protected":false},"excerpt":{"rendered":"<p>G\u00fcl Yaz\u0131lar\u0131, Servet Somuncuo\u011flu&#8217;nun fikir d\u00fcnyas\u0131n\u0131n yans\u0131malar\u0131d\u0131r. Mensup oldu\u011fu d\u00fcnya g\u00f6r\u00fc\u015f\u00fcn\u00fcn ad\u0131n\u0131 apa\u00e7\u0131k zikretmeden, sevdas\u0131n\u0131, \u00fclk\u00fcs\u00fcn\u00fc g\u00fclle \u00f6zde\u015fle\u015ftirmi\u015f, taassuba d\u00fc\u015fmeden ve fakat inanc\u0131n\u0131n kuvvetini hissettirerek sevgiyle<span class=\"excerpt-hellip\"> [\u2026]<\/span><\/p>\n","protected":false},"featured_media":0,"template":"","meta":{"_monsterinsights_skip_tracking":false,"_monsterinsights_sitenote_active":false,"_monsterinsights_sitenote_note":"","_monsterinsights_sitenote_category":0},"product_brand":[],"product_cat":[12777,12291],"product_tag":[],"class_list":{"0":"post-763500","1":"product","2":"type-product","3":"status-publish","5":"product_cat-deneme","6":"product_cat-edebiyat","7":"pa_cilt-ciltsiz","8":"pa_tur-kitap","9":"pa_yayinevi-matbuat-yayinlari","10":"pa_yazar-servet-somuncuoglu","12":"first","13":"instock","14":"sale","15":"shipping-taxable","16":"purchasable","17":"product-type-simple"},"_links":{"self":[{"href":"https:\/\/roveyayinevi.com.tr\/index.php\/wp-json\/wp\/v2\/product\/763500","targetHints":{"allow":["GET"]}}],"collection":[{"href":"https:\/\/roveyayinevi.com.tr\/index.php\/wp-json\/wp\/v2\/product"}],"about":[{"href":"https:\/\/roveyayinevi.com.tr\/index.php\/wp-json\/wp\/v2\/types\/product"}],"wp:attachment":[{"href":"https:\/\/roveyayinevi.com.tr\/index.php\/wp-json\/wp\/v2\/media?parent=763500"}],"wp:term":[{"taxonomy":"product_brand","embeddable":true,"href":"https:\/\/roveyayinevi.com.tr\/index.php\/wp-json\/wp\/v2\/product_brand?post=763500"},{"taxonomy":"product_cat","embeddable":true,"href":"https:\/\/roveyayinevi.com.tr\/index.php\/wp-json\/wp\/v2\/product_cat?post=763500"},{"taxonomy":"product_tag","embeddable":true,"href":"https:\/\/roveyayinevi.com.tr\/index.php\/wp-json\/wp\/v2\/product_tag?post=763500"}],"curies":[{"name":"wp","href":"https:\/\/api.w.org\/{rel}","templated":true}]}}