{"id":763481,"date":"2025-08-28T10:42:19","date_gmt":"2025-08-28T07:42:19","guid":{"rendered":"https:\/\/roveyayinevi.com.tr\/index.php\/urun\/trump-dosyasinin-arkasindaki-adam-christopher-steele\/"},"modified":"2026-04-15T03:28:44","modified_gmt":"2026-04-15T00:28:44","slug":"trump-dosyasinin-arkasindaki-adam-christopher-steele","status":"publish","type":"product","link":"https:\/\/roveyayinevi.com.tr\/index.php\/urun\/trump-dosyasinin-arkasindaki-adam-christopher-steele\/","title":{"rendered":"Trump Dosyas\u0131n\u0131n Arkas\u0131ndaki Adam: Christopher Steele"},"content":{"rendered":"<p>\u00d6d\u00fcll\u00fc ara\u015ft\u0131rmac\u0131 gazeteci, best-seller yazar\u0131 ve The New Yorker dergisinin k\u0131demli Washington muhabiri Jane Mayer T\u00fcrk\u00e7e\u2019ye ilk kez \u00e7evrilen bu \u00e7al\u0131\u015fmas\u0131nda, Ruslar\u0131n Trump\u2019la ge\u00e7mi\u015ften beri \u00f6zel bir ili\u015fki i\u00e7inde olduklar\u0131n\u0131 ve 2016 se\u00e7imlerine de Trump lehine m\u00fcdahale ettikleri iddias\u0131n\u0131n dayana\u011f\u0131n\u0131 te\u015fkil eden \u201cTrump Dosyas\u0131\u201dn\u0131 haz\u0131rlayan eski \u0130ngiliz Gizli Servisi casusu Christopher Steele\u2019i oda\u011f\u0131na alarak, s\u00fcrecin perde arkas\u0131n\u0131 anlat\u0131yor. K\u00fc\u00e7\u00fck hacimde olmas\u0131na kar\u015f\u0131n nitelikli bir ara\u015ft\u0131rmac\u0131 gazetecili\u011fin \u00fcr\u00fcn\u00fc olarak ayr\u0131ca incelenmeye de\u011fer pek \u00e7ok anekdot i\u00e7ermesiyle bu kitap\u00e7\u0131k, sadece ABD i\u00e7inde olan bitenlere de\u011fil, bunlar\u0131n k\u00fcresel etkile\u015fimlerine de perspektif sunuyor.<\/p>\n","protected":false},"excerpt":{"rendered":"<p>\u00d6d\u00fcll\u00fc ara\u015ft\u0131rmac\u0131 gazeteci, best-seller yazar\u0131 ve The New Yorker dergisinin k\u0131demli Washington muhabiri Jane Mayer T\u00fcrk\u00e7e\u2019ye ilk kez \u00e7evrilen bu \u00e7al\u0131\u015fmas\u0131nda, Ruslar\u0131n Trump\u2019la ge\u00e7mi\u015ften beri \u00f6zel<span class=\"excerpt-hellip\"> [\u2026]<\/span><\/p>\n","protected":false},"featured_media":0,"template":"","meta":{"_monsterinsights_skip_tracking":false,"_monsterinsights_sitenote_active":false,"_monsterinsights_sitenote_note":"","_monsterinsights_sitenote_category":0},"product_brand":[],"product_cat":[31194,12337],"product_tag":[],"class_list":{"0":"post-763481","1":"product","2":"type-product","3":"status-publish","5":"product_cat-guncel-siyaset","6":"product_cat-politika-siyaset","7":"pa_cilt-ciltsiz","8":"pa_tur-kitap","9":"pa_yayinevi-iyidusun-yayinlari","10":"pa_yazar-jane-mayer","12":"first","13":"instock","14":"sale","15":"shipping-taxable","16":"purchasable","17":"product-type-simple"},"_links":{"self":[{"href":"https:\/\/roveyayinevi.com.tr\/index.php\/wp-json\/wp\/v2\/product\/763481","targetHints":{"allow":["GET"]}}],"collection":[{"href":"https:\/\/roveyayinevi.com.tr\/index.php\/wp-json\/wp\/v2\/product"}],"about":[{"href":"https:\/\/roveyayinevi.com.tr\/index.php\/wp-json\/wp\/v2\/types\/product"}],"wp:attachment":[{"href":"https:\/\/roveyayinevi.com.tr\/index.php\/wp-json\/wp\/v2\/media?parent=763481"}],"wp:term":[{"taxonomy":"product_brand","embeddable":true,"href":"https:\/\/roveyayinevi.com.tr\/index.php\/wp-json\/wp\/v2\/product_brand?post=763481"},{"taxonomy":"product_cat","embeddable":true,"href":"https:\/\/roveyayinevi.com.tr\/index.php\/wp-json\/wp\/v2\/product_cat?post=763481"},{"taxonomy":"product_tag","embeddable":true,"href":"https:\/\/roveyayinevi.com.tr\/index.php\/wp-json\/wp\/v2\/product_tag?post=763481"}],"curies":[{"name":"wp","href":"https:\/\/api.w.org\/{rel}","templated":true}]}}