{"id":763471,"date":"2025-08-28T10:42:01","date_gmt":"2025-08-28T07:42:01","guid":{"rendered":"https:\/\/roveyayinevi.com.tr\/index.php\/urun\/perva\/"},"modified":"2026-04-15T03:28:43","modified_gmt":"2026-04-15T00:28:43","slug":"perva","status":"publish","type":"product","link":"https:\/\/roveyayinevi.com.tr\/index.php\/urun\/perva\/","title":{"rendered":"Perva"},"content":{"rendered":"<p>Yak\u0131n zaman \u00f6nce elim bir hastal\u0131k nedeniyle kaybetti\u011fi yak\u0131n arkada\u015f\u0131 Taner Metin\u2019den e-postalar almaya ba\u015flayan Levent \u0130\u00e7li hik\u00e2yenin kahraman\u0131d\u0131r ve t\u00fcm d\u00fcnyay\u0131 yok edecek bir felaket, beklenin aksine uzaydan de\u011fil Mu\u011fla Akyaka\u2019dan yava\u015f yava\u015f belirmektedir. Gizemli d\u00fcnyan\u0131n i\u00e7indeki h\u0131zl\u0131 yolculukla bula\u015ft\u0131\u011f\u0131 bu b\u00fcy\u00fck belay\u0131, a\u011f\u0131r bir a\u015fk\u0131n pen\u00e7esindeki Levent \u0130\u00e7li&#8217;den ba\u015fkas\u0131 yok edemeyecektir. Korkular\u0131n h\u00fckmetmedi\u011fi bir d\u00fcnya \u00fctopya m\u0131d\u0131r? Distopya m\u0131? Ali G\u00fcner Temelli \u00fc\u00e7\u00fcnc\u00fc kitab\u0131 olan bu novellada bilim kurgu t\u00fcr\u00fcne devam ediyor.<\/p>\n","protected":false},"excerpt":{"rendered":"<p>Yak\u0131n zaman \u00f6nce elim bir hastal\u0131k nedeniyle kaybetti\u011fi yak\u0131n arkada\u015f\u0131 Taner Metin\u2019den e-postalar almaya ba\u015flayan Levent \u0130\u00e7li hik\u00e2yenin kahraman\u0131d\u0131r ve t\u00fcm d\u00fcnyay\u0131 yok edecek bir felaket,<span class=\"excerpt-hellip\"> [\u2026]<\/span><\/p>\n","protected":false},"featured_media":0,"template":"","meta":{"_monsterinsights_skip_tracking":false,"_monsterinsights_sitenote_active":false,"_monsterinsights_sitenote_note":"","_monsterinsights_sitenote_category":0},"product_brand":[],"product_cat":[12540,12291],"product_tag":[],"class_list":{"0":"post-763471","1":"product","2":"type-product","3":"status-publish","5":"product_cat-bilim-kurgu","6":"product_cat-edebiyat","7":"pa_cilt-ciltsiz","8":"pa_tur-kitap","9":"pa_yayinevi-40-ikindi-yayinlari","10":"pa_yazar-ali-guner-temelli","12":"first","13":"instock","14":"sale","15":"shipping-taxable","16":"purchasable","17":"product-type-simple"},"_links":{"self":[{"href":"https:\/\/roveyayinevi.com.tr\/index.php\/wp-json\/wp\/v2\/product\/763471","targetHints":{"allow":["GET"]}}],"collection":[{"href":"https:\/\/roveyayinevi.com.tr\/index.php\/wp-json\/wp\/v2\/product"}],"about":[{"href":"https:\/\/roveyayinevi.com.tr\/index.php\/wp-json\/wp\/v2\/types\/product"}],"wp:attachment":[{"href":"https:\/\/roveyayinevi.com.tr\/index.php\/wp-json\/wp\/v2\/media?parent=763471"}],"wp:term":[{"taxonomy":"product_brand","embeddable":true,"href":"https:\/\/roveyayinevi.com.tr\/index.php\/wp-json\/wp\/v2\/product_brand?post=763471"},{"taxonomy":"product_cat","embeddable":true,"href":"https:\/\/roveyayinevi.com.tr\/index.php\/wp-json\/wp\/v2\/product_cat?post=763471"},{"taxonomy":"product_tag","embeddable":true,"href":"https:\/\/roveyayinevi.com.tr\/index.php\/wp-json\/wp\/v2\/product_tag?post=763471"}],"curies":[{"name":"wp","href":"https:\/\/api.w.org\/{rel}","templated":true}]}}