{"id":763469,"date":"2025-08-28T10:41:57","date_gmt":"2025-08-28T07:41:57","guid":{"rendered":"https:\/\/roveyayinevi.com.tr\/index.php\/urun\/yakaladigim-sanat\/"},"modified":"2026-04-15T03:28:43","modified_gmt":"2026-04-15T00:28:43","slug":"yakaladigim-sanat","status":"publish","type":"product","link":"https:\/\/roveyayinevi.com.tr\/index.php\/urun\/yakaladigim-sanat\/","title":{"rendered":"Yakalad\u0131\u011f\u0131m Sanat"},"content":{"rendered":"<p>Ya\u015fad\u0131\u011f\u0131m\u0131z tecr\u00fcbeler sanat\u0131n ayr\u0131 dallar\u0131nda bizleri s\u0131cac\u0131k iklimlere g\u00f6t\u00fcrmez mi? Bazen s\u0131zlayan kelimeler yerle\u015fir bedenimize. Kurak topraklardan ka\u00e7ar c\u00fcmleler. Sanata her dokunu\u015fumuz b\u00fcy\u00fcyen sat\u0131rlara y\u00f6nlendirir imgeleri. Kalbe yak\u0131nla\u015fan t\u00fcm duygular yaz\u0131n kokusunu derinden hissettirir. Sevgiyle hayat\u0131n i\u00e7erisine eklenir durur. Sonsuzlu\u011fu ararken \u00e7izdi\u011fim ve yazd\u0131\u011f\u0131m eylemler ans\u0131z\u0131n dile gelir. Gizemli renkleriyle durmadan konu\u015fur sanat. Yakalad\u0131\u011f\u0131m\u0131z sevin\u00e7ler edebiyat kokar, \u00e7i\u00e7ekleri an\u0131msat\u0131r. Keyif ve heyecan\u0131n g\u00f6lgesiyle yol al\u0131r derinle\u015fen s\u0131fatlar. Ula\u015f\u0131lmaz niyetlerle hayat bize umudu anlat\u0131r. Mevsimlere s\u0131\u011fmayan s\u00f6zc\u00fckler edebi bir dilde derdini s\u00f6yletir\u2026<\/p>\n","protected":false},"excerpt":{"rendered":"<p>Ya\u015fad\u0131\u011f\u0131m\u0131z tecr\u00fcbeler sanat\u0131n ayr\u0131 dallar\u0131nda bizleri s\u0131cac\u0131k iklimlere g\u00f6t\u00fcrmez mi? Bazen s\u0131zlayan kelimeler yerle\u015fir bedenimize. Kurak topraklardan ka\u00e7ar c\u00fcmleler. Sanata her dokunu\u015fumuz b\u00fcy\u00fcyen sat\u0131rlara y\u00f6nlendirir imgeleri.<span class=\"excerpt-hellip\"> [\u2026]<\/span><\/p>\n","protected":false},"featured_media":0,"template":"","meta":{"_monsterinsights_skip_tracking":false,"_monsterinsights_sitenote_active":false,"_monsterinsights_sitenote_note":"","_monsterinsights_sitenote_category":0},"product_brand":[],"product_cat":[12291,12509],"product_tag":[],"class_list":{"0":"post-763469","1":"product","2":"type-product","3":"status-publish","5":"product_cat-edebiyat","6":"product_cat-siir","7":"pa_cilt-ciltsiz","8":"pa_tur-kitap","9":"pa_yayinevi-luna-yayinlari","10":"pa_yazar-ufuk-sezer","12":"first","13":"instock","14":"sale","15":"shipping-taxable","16":"purchasable","17":"product-type-simple"},"_links":{"self":[{"href":"https:\/\/roveyayinevi.com.tr\/index.php\/wp-json\/wp\/v2\/product\/763469","targetHints":{"allow":["GET"]}}],"collection":[{"href":"https:\/\/roveyayinevi.com.tr\/index.php\/wp-json\/wp\/v2\/product"}],"about":[{"href":"https:\/\/roveyayinevi.com.tr\/index.php\/wp-json\/wp\/v2\/types\/product"}],"wp:attachment":[{"href":"https:\/\/roveyayinevi.com.tr\/index.php\/wp-json\/wp\/v2\/media?parent=763469"}],"wp:term":[{"taxonomy":"product_brand","embeddable":true,"href":"https:\/\/roveyayinevi.com.tr\/index.php\/wp-json\/wp\/v2\/product_brand?post=763469"},{"taxonomy":"product_cat","embeddable":true,"href":"https:\/\/roveyayinevi.com.tr\/index.php\/wp-json\/wp\/v2\/product_cat?post=763469"},{"taxonomy":"product_tag","embeddable":true,"href":"https:\/\/roveyayinevi.com.tr\/index.php\/wp-json\/wp\/v2\/product_tag?post=763469"}],"curies":[{"name":"wp","href":"https:\/\/api.w.org\/{rel}","templated":true}]}}