{"id":763452,"date":"2025-08-28T10:41:25","date_gmt":"2025-08-28T07:41:25","guid":{"rendered":"https:\/\/roveyayinevi.com.tr\/index.php\/urun\/cumhuriyetin-muzik-onculeri10-portre\/"},"modified":"2026-04-15T03:28:43","modified_gmt":"2026-04-15T00:28:43","slug":"cumhuriyetin-muzik-onculeri10-portre","status":"publish","type":"product","link":"https:\/\/roveyayinevi.com.tr\/index.php\/urun\/cumhuriyetin-muzik-onculeri10-portre\/","title":{"rendered":"Cumhuriyet\u2019in M\u00fczik \u00d6nc\u00fcleri:10 Portre"},"content":{"rendered":"<p>Tarih yaln\u0131zca okullarda okutulan, kitaplarda anlat\u0131lanlardan ibaret de\u011fildir. Do\u011frular\u0131 de\u011fi\u015fmez ama bak\u0131\u015f a\u00e7\u0131lar\u0131na ideolojilere g\u00f6re de\u011fi\u015ftirilmeye \u00e7al\u0131\u015f\u0131l\u0131r, \u00e7arp\u0131t\u0131l\u0131r ve ne yaz\u0131k ki bu t\u00fcr \u00e7abalar kitleler \u00fczerinde etkili olabilmektedir. Cumhuriyetin 100 y\u0131l\u0131nda, \u201cErken Cumhuriyet D\u00f6nemi\u201d dedi\u011fimiz ilk kurulu\u015f y\u0131llar\u0131 ve sonras\u0131na bakt\u0131\u011f\u0131m\u0131zda, Atat\u00fcrk\u2019\u00fcn en \u00e7ok \u00f6nem verdi\u011fi de\u011fi\u015fimlerden birinin m\u00fczik konusunda oldu\u011funu g\u00f6r\u00fcr\u00fcz. Kurulmakta olan T\u00fcrkiye Cumhuriyeti\u2019nde da\u011f\u0131n\u0131k ve etkisiz topluluklar\u0131n bir ulusa d\u00f6n\u00fc\u015ft\u00fcr\u00fclmesinde e\u011fitim ve sanat\u0131n \u00f6neminin bilinciyle bu iki alana \u00f6ncelik verilmesini sa\u011flayan Atat\u00fcrk\u2019\u00fcn vizyonu sayesinde \u00fclkemiz konservatuvar ve sanat kurumlar\u0131na kavu\u015fmu\u015ftur. Erken Cumhuriyet D\u00f6nemi\u2019nde m\u00fczik alan\u0131ndaki at\u0131l\u0131mlara pek \u00e7ok insan\u0131n katk\u0131s\u0131 vard\u0131r. Bunlar\u0131n i\u00e7inden \u201c\u00f6nc\u00fc\u201d olarak nitelendirilebilecek yabanc\u0131 ve T\u00fcrk 10 m\u00fczik insan\u0131n\u0131n yollar\u0131, hem T\u00fcrkiye ile hem de birbirleriyle kesi\u015fmi\u015ftir. Bu kesi\u015fmeler bir\u00e7ok ilgin\u00e7 \u00f6yk\u00fcn\u00fcn olu\u015fumuna da yol a\u00e7m\u0131\u015ft\u0131r. K\u00fclt\u00fcr ve sanat yazar\u0131, y\u0131llar\u0131n gazetecisi \u015eefik Kahramankaptan, yak\u0131n tarihimizden se\u00e7ti\u011fi Dimitri \u015eostakovi\u00e7, Paul Hindemith, Bella Bartok, Joaquin Rodrigo, Cemal Re\u015fit Rey, Hasan Ferit Alnar, Ulvi Cemal Erkin, Ahmet Adnan Saygun, Necil K\u00e2z\u0131m Akses ve Necip Cel\u00e2l Andel\u2019i, katlar\u0131n\u0131, \u00f6ne \u00e7\u0131kan yap\u0131tlar\u0131 ve bilinmeyenleriyle, ak\u0131c\u0131 bir \u00fcslupla kaleme ald\u0131. \u0130ster bir solukta tamam\u0131n\u0131 roman gibi, ister se\u00e7ti\u011finiz bestecileri birer \u00f6yk\u00fc gibi ayr\u0131 ayr\u0131 okuyabilece\u011finiz bir kitap ortaya \u00e7\u0131kt\u0131\u2026 <\/p>\n","protected":false},"excerpt":{"rendered":"<p>Tarih yaln\u0131zca okullarda okutulan, kitaplarda anlat\u0131lanlardan ibaret de\u011fildir. Do\u011frular\u0131 de\u011fi\u015fmez ama bak\u0131\u015f a\u00e7\u0131lar\u0131na ideolojilere g\u00f6re de\u011fi\u015ftirilmeye \u00e7al\u0131\u015f\u0131l\u0131r, \u00e7arp\u0131t\u0131l\u0131r ve ne yaz\u0131k ki bu t\u00fcr \u00e7abalar kitleler<span class=\"excerpt-hellip\"> [\u2026]<\/span><\/p>\n","protected":false},"featured_media":0,"template":"","meta":{"_monsterinsights_skip_tracking":false,"_monsterinsights_sitenote_active":false,"_monsterinsights_sitenote_note":"","_monsterinsights_sitenote_category":0},"product_brand":[],"product_cat":[14556,40131],"product_tag":[],"class_list":{"0":"post-763452","1":"product","2":"type-product","3":"status-publish","5":"product_cat-muzik","6":"product_cat-sanatcilar","7":"pa_cilt-ciltsiz","8":"pa_tur-kitap","9":"pa_yayinevi-cumhuriyet-kitaplari","10":"pa_yazar-sefik-kahramankaptan","12":"first","13":"instock","14":"sale","15":"shipping-taxable","16":"purchasable","17":"product-type-simple"},"_links":{"self":[{"href":"https:\/\/roveyayinevi.com.tr\/index.php\/wp-json\/wp\/v2\/product\/763452","targetHints":{"allow":["GET"]}}],"collection":[{"href":"https:\/\/roveyayinevi.com.tr\/index.php\/wp-json\/wp\/v2\/product"}],"about":[{"href":"https:\/\/roveyayinevi.com.tr\/index.php\/wp-json\/wp\/v2\/types\/product"}],"wp:attachment":[{"href":"https:\/\/roveyayinevi.com.tr\/index.php\/wp-json\/wp\/v2\/media?parent=763452"}],"wp:term":[{"taxonomy":"product_brand","embeddable":true,"href":"https:\/\/roveyayinevi.com.tr\/index.php\/wp-json\/wp\/v2\/product_brand?post=763452"},{"taxonomy":"product_cat","embeddable":true,"href":"https:\/\/roveyayinevi.com.tr\/index.php\/wp-json\/wp\/v2\/product_cat?post=763452"},{"taxonomy":"product_tag","embeddable":true,"href":"https:\/\/roveyayinevi.com.tr\/index.php\/wp-json\/wp\/v2\/product_tag?post=763452"}],"curies":[{"name":"wp","href":"https:\/\/api.w.org\/{rel}","templated":true}]}}