{"id":763450,"date":"2025-08-28T10:41:21","date_gmt":"2025-08-28T07:41:21","guid":{"rendered":"https:\/\/roveyayinevi.com.tr\/index.php\/urun\/yesil-duzenin-insasi\/"},"modified":"2026-04-15T03:28:43","modified_gmt":"2026-04-15T00:28:43","slug":"yesil-duzenin-insasi","status":"publish","type":"product","link":"https:\/\/roveyayinevi.com.tr\/index.php\/urun\/yesil-duzenin-insasi\/","title":{"rendered":"Ye\u015fil D\u00fczenin \u0130n\u015fas\u0131"},"content":{"rendered":"<p>\u00c7evresel problemlerin olu\u015fmas\u0131nda ve g\u00fcnden g\u00fcne art\u0131\u015f\u0131nda insano\u011flunun rol\u00fc az\u0131msanamayacak derecede fazlad\u0131r. Ya\u015fam\u0131m\u0131z\u0131n her alan\u0131nda kar\u015f\u0131m\u0131za \u00e7\u0131kan lakin aktif bilincimizle fark\u0131na varamad\u0131\u011f\u0131m\u0131z bu problemler, ya\u015fayan her canl\u0131ya do\u011frudan veya dolayl\u0131 olarak zarar verdi\u011fi gibi ya\u015fad\u0131\u011f\u0131m\u0131z d\u00fcnyay\u0131 ve bizi ya\u015fatan \u00f6zelliklerini de g\u00fcnden g\u00fcne t\u00fcketmektedir. \u00c7evresel problemlerin giderilmesi veya \u00f6nlenmesinde bir\u00e7ok proses uygulanabilir olsa da bu sorunlar\u0131n \u00e7\u00f6z\u00fcm\u00fcnde insan ve toplum bilincini ayr\u0131 bir noktada de\u011ferlendirmek gerekir. Aktif bilince ula\u015fm\u0131\u015f toplumlar\u0131 kalk\u0131nm\u0131\u015f toplumlar olarak kabul etti\u011fimizde \u00e7evresel problemlerin bu toplumlarda hangi seviyede oldu\u011fu sorusu akl\u0131m\u0131za gelecektir. \u0130\u015fte bu kitapta, yap\u0131lan ara\u015ft\u0131rma ve \u00e7al\u0131\u015fmalar\u0131n \u0131\u015f\u0131\u011f\u0131nda bu problemin cevab\u0131na ula\u015fmaya \u00e7al\u0131\u015ft\u0131k. <\/p>\n","protected":false},"excerpt":{"rendered":"<p>\u00c7evresel problemlerin olu\u015fmas\u0131nda ve g\u00fcnden g\u00fcne art\u0131\u015f\u0131nda insano\u011flunun rol\u00fc az\u0131msanamayacak derecede fazlad\u0131r. Ya\u015fam\u0131m\u0131z\u0131n her alan\u0131nda kar\u015f\u0131m\u0131za \u00e7\u0131kan lakin aktif bilincimizle fark\u0131na varamad\u0131\u011f\u0131m\u0131z bu problemler, ya\u015fayan her<span class=\"excerpt-hellip\"> [\u2026]<\/span><\/p>\n","protected":false},"featured_media":0,"template":"","meta":{"_monsterinsights_skip_tracking":false,"_monsterinsights_sitenote_active":false,"_monsterinsights_sitenote_note":"","_monsterinsights_sitenote_category":0},"product_brand":[],"product_cat":[23323,12364],"product_tag":[],"class_list":{"0":"post-763450","1":"product","2":"type-product","3":"status-publish","5":"product_cat-ekoloji","6":"product_cat-genel-konular","7":"pa_cilt-ciltsiz","8":"pa_tur-kitap","9":"pa_yayinevi-ankara-universitesi-yayinevi","10":"pa_yazar-i-melih-gecten","12":"first","13":"instock","14":"sale","15":"shipping-taxable","16":"purchasable","17":"product-type-simple"},"_links":{"self":[{"href":"https:\/\/roveyayinevi.com.tr\/index.php\/wp-json\/wp\/v2\/product\/763450","targetHints":{"allow":["GET"]}}],"collection":[{"href":"https:\/\/roveyayinevi.com.tr\/index.php\/wp-json\/wp\/v2\/product"}],"about":[{"href":"https:\/\/roveyayinevi.com.tr\/index.php\/wp-json\/wp\/v2\/types\/product"}],"wp:attachment":[{"href":"https:\/\/roveyayinevi.com.tr\/index.php\/wp-json\/wp\/v2\/media?parent=763450"}],"wp:term":[{"taxonomy":"product_brand","embeddable":true,"href":"https:\/\/roveyayinevi.com.tr\/index.php\/wp-json\/wp\/v2\/product_brand?post=763450"},{"taxonomy":"product_cat","embeddable":true,"href":"https:\/\/roveyayinevi.com.tr\/index.php\/wp-json\/wp\/v2\/product_cat?post=763450"},{"taxonomy":"product_tag","embeddable":true,"href":"https:\/\/roveyayinevi.com.tr\/index.php\/wp-json\/wp\/v2\/product_tag?post=763450"}],"curies":[{"name":"wp","href":"https:\/\/api.w.org\/{rel}","templated":true}]}}

Yeşil Düzenin İnşası

<p>Çevresel problemlerin oluşmasında ve günden güne artışında insanoğlunun rolü azımsanamayacak derecede fazladır. Yaşamımızın her alanında karşımıza çıkan lakin aktif bilincimizle farkına varamadığımız bu problemler, yaşayan her canlıya doğrudan veya dolaylı olarak zarar verdiği gibi yaşadığımız dünyayı ve bizi yaşatan özelliklerini de günden güne tüketmektedir. Çevresel problemlerin giderilmesi veya önlenmesinde birçok proses uygulanabilir olsa da bu sorunların çözümünde insan ve toplum bilincini ayrı bir noktada değerlendirmek gerekir. Aktif bilince ulaşmış toplumları kalkınmış toplumlar olarak kabul ettiğimizde çevresel problemlerin bu toplumlarda hangi seviyede olduğu sorusu aklımıza gelecektir. İşte bu kitapta, yapılan araştırma ve çalışmaların ışığında bu problemin cevabına ulaşmaya çalıştık. </p>

<p>Çevresel problemlerin oluşmasında ve günden güne artışında insanoğlunun rolü azımsanamayacak derecede fazladır. Yaşamımızın her alanında karşımıza çıkan lakin aktif bilincimizle farkına varamadığımız bu problemler, yaşayan her<span class="excerpt-hellip"> […]</span></p>
