{"id":763449,"date":"2025-08-28T10:41:20","date_gmt":"2025-08-28T07:41:20","guid":{"rendered":"https:\/\/roveyayinevi.com.tr\/index.php\/urun\/tanri-inayet-ve-aranedencilik\/"},"modified":"2026-04-15T03:28:43","modified_gmt":"2026-04-15T00:28:43","slug":"tanri-inayet-ve-aranedencilik","status":"publish","type":"product","link":"https:\/\/roveyayinevi.com.tr\/index.php\/urun\/tanri-inayet-ve-aranedencilik\/","title":{"rendered":"Tanr\u0131, \u0130nayet ve Aranedencilik"},"content":{"rendered":"<p>Klasik teizme g\u00f6re Tanr\u0131 \u00e2lemin yarat\u0131c\u0131s\u0131 olmas\u0131n\u0131n yan\u0131 s\u0131ra \u00e2lemi her an idame de etmektedir. Yaratma ve idame fiilleriyle ili\u015fkili olarak ele al\u0131nd\u0131\u011f\u0131nda inayet kavram\u0131 her ne kadar Tanr\u0131\u2019n\u0131n h\u00fck\u00fcmranl\u0131\u011f\u0131n\u0131n \u00f6nemli bir y\u00f6n\u00fc olsa da Tanr\u0131\u2019n\u0131n \u00e2lemi yaratmas\u0131n\u0131n ve her an idame etmesinin teizm a\u00e7\u0131s\u0131ndan zorlay\u0131c\u0131 baz\u0131 dolay\u0131mlar\u0131 oldu\u011fu s\u00f6ylenebilir. Nitekim \u201cTanr\u0131\u2019n\u0131n eli\u201dnin her an yarat\u0131lm\u0131\u015f varl\u0131klar\u0131n \u00fczerinde oldu\u011fu bir \u00e2lemde yarat\u0131lm\u0131\u015f varl\u0131klar\u0131n ger\u00e7ek nedensel etkilere sahip olabilece\u011finden s\u00f6z etmenin imkan\u0131 tart\u0131\u015fmaya de\u011fer g\u00f6r\u00fcnmektedir. Bu kitapta, yarat\u0131lm\u0131\u015f varl\u0131klar\u0131n \u00e2lemdeki nedensel etkilerinin kapsam\u0131 belli ba\u015fl\u0131 nedensellik doktrinleri ele al\u0131narak analitik bir y\u00f6ntemle irdelenmekte, bu ba\u011flamda Tanr\u0131 taraf\u0131ndan yarat\u0131l\u0131p her an idame edilen bir \u00e2lemde neden ve sonu\u00e7 aras\u0131nda zorunlu bir ba\u011f olup olmad\u0131\u011f\u0131, insan \u00f6zg\u00fcrl\u00fc\u011f\u00fcnden bahsetmenin imkan\u0131 gibi felsefenin \u00f6nemli meseleleri ele al\u0131nmaktad\u0131r. <\/p>\n","protected":false},"excerpt":{"rendered":"<p>Klasik teizme g\u00f6re Tanr\u0131 \u00e2lemin yarat\u0131c\u0131s\u0131 olmas\u0131n\u0131n yan\u0131 s\u0131ra \u00e2lemi her an idame de etmektedir. Yaratma ve idame fiilleriyle ili\u015fkili olarak ele al\u0131nd\u0131\u011f\u0131nda inayet kavram\u0131 her<span class=\"excerpt-hellip\"> [\u2026]<\/span><\/p>\n","protected":false},"featured_media":0,"template":"","meta":{"_monsterinsights_skip_tracking":false,"_monsterinsights_sitenote_active":false,"_monsterinsights_sitenote_note":"","_monsterinsights_sitenote_category":0},"product_brand":[],"product_cat":[19998,12388],"product_tag":[],"class_list":{"0":"post-763449","1":"product","2":"type-product","3":"status-publish","5":"product_cat-din-felsefesi","6":"product_cat-felsefe","7":"pa_cilt-ciltsiz","8":"pa_tur-kitap","9":"pa_yayinevi-ankara-universitesi-yayinevi","10":"pa_yazar-merve-izin-badria","12":"first","13":"instock","14":"sale","15":"shipping-taxable","16":"purchasable","17":"product-type-simple"},"_links":{"self":[{"href":"https:\/\/roveyayinevi.com.tr\/index.php\/wp-json\/wp\/v2\/product\/763449","targetHints":{"allow":["GET"]}}],"collection":[{"href":"https:\/\/roveyayinevi.com.tr\/index.php\/wp-json\/wp\/v2\/product"}],"about":[{"href":"https:\/\/roveyayinevi.com.tr\/index.php\/wp-json\/wp\/v2\/types\/product"}],"wp:attachment":[{"href":"https:\/\/roveyayinevi.com.tr\/index.php\/wp-json\/wp\/v2\/media?parent=763449"}],"wp:term":[{"taxonomy":"product_brand","embeddable":true,"href":"https:\/\/roveyayinevi.com.tr\/index.php\/wp-json\/wp\/v2\/product_brand?post=763449"},{"taxonomy":"product_cat","embeddable":true,"href":"https:\/\/roveyayinevi.com.tr\/index.php\/wp-json\/wp\/v2\/product_cat?post=763449"},{"taxonomy":"product_tag","embeddable":true,"href":"https:\/\/roveyayinevi.com.tr\/index.php\/wp-json\/wp\/v2\/product_tag?post=763449"}],"curies":[{"name":"wp","href":"https:\/\/api.w.org\/{rel}","templated":true}]}}