{"id":763448,"date":"2025-08-28T10:41:19","date_gmt":"2025-08-28T07:41:19","guid":{"rendered":"https:\/\/roveyayinevi.com.tr\/index.php\/urun\/sivil-havacilikta-yolcu-memnuniyeti-ve-musteri-sadakatinin-dinamikleri\/"},"modified":"2026-04-15T03:28:43","modified_gmt":"2026-04-15T00:28:43","slug":"sivil-havacilikta-yolcu-memnuniyeti-ve-musteri-sadakatinin-dinamikleri","status":"publish","type":"product","link":"https:\/\/roveyayinevi.com.tr\/index.php\/urun\/sivil-havacilikta-yolcu-memnuniyeti-ve-musteri-sadakatinin-dinamikleri\/","title":{"rendered":"Sivil Havac\u0131l\u0131kta Yolcu Memnuniyeti ve M\u00fc\u015fteri Sadakatinin Dinamikleri"},"content":{"rendered":"<p>G\u00f6ky\u00fcz\u00fcne duyulan tutku, insanl\u0131k tarihi kadar eskidir. U\u00e7arak seyahat edebilme fikri her medeniyetin ilgilisi \u00e7ekmi\u015f, pek \u00e7ok mucit bunu ba\u015farabilmek i\u00e7in \u00f6zveriyle \u00e7al\u0131\u015fm\u0131\u015ft\u0131r. Y\u00fczy\u0131llar\u0131n birikimi ve teknolojik geli\u015fmelerle birlikte ger\u00e7e\u011fe d\u00f6n\u00fc\u015fen bu hayal sonucunda hava ta\u015f\u0131mac\u0131l\u0131\u011f\u0131 art\u0131k hayat\u0131m\u0131z\u0131n \u00f6nemli bir par\u00e7as\u0131 durumdad\u0131r. Ula\u015f\u0131labilirli\u011finin her ge\u00e7en g\u00fcn artmas\u0131 ise pek \u00e7ok farkl\u0131 sekt\u00f6rdeki \u00f6rne\u011fi gibi sivil havac\u0131l\u0131k alan\u0131nda da rekabeti k\u00fcresel \u00f6l\u00e7e\u011fe ta\u015f\u0131maktad\u0131r. Bu geli\u015fmelerin sonucunda da sivil havac\u0131l\u0131k m\u00fc\u015fterisi ortaya \u00e7\u0131km\u0131\u015f ve bu ba\u011flamda ileti\u015fim \u00e7al\u0131\u015fmalar\u0131 h\u0131z kazanm\u0131\u015ft\u0131r. \u00c7a\u011fda\u015f pazarlama stratejileri do\u011frultusunda yolcu sadakati ve memnuniyeti, havayolu \u015firketleri i\u00e7in uzun s\u00fcredir vazge\u00e7ilmez bir konumda bulunmaya devam etmektedir. Sivil havac\u0131l\u0131k tutkusundan yola \u00e7\u0131kan bir motivasyonla ger\u00e7ekle\u015ftirilen bu \u00e7al\u0131\u015fma ile ama\u00e7lanan \u015fey; t\u00fcm havayolu \u015firketleri i\u00e7in bir yolcu sadakati ve memnuniyeti tecr\u00fcbesi olu\u015fturmakt\u0131r. <\/p>\n","protected":false},"excerpt":{"rendered":"<p>G\u00f6ky\u00fcz\u00fcne duyulan tutku, insanl\u0131k tarihi kadar eskidir. U\u00e7arak seyahat edebilme fikri her medeniyetin ilgilisi \u00e7ekmi\u015f, pek \u00e7ok mucit bunu ba\u015farabilmek i\u00e7in \u00f6zveriyle \u00e7al\u0131\u015fm\u0131\u015ft\u0131r. Y\u00fczy\u0131llar\u0131n birikimi ve<span class=\"excerpt-hellip\"> [\u2026]<\/span><\/p>\n","protected":false},"featured_media":0,"template":"","meta":{"_monsterinsights_skip_tracking":false,"_monsterinsights_sitenote_active":false,"_monsterinsights_sitenote_note":"","_monsterinsights_sitenote_category":0},"product_brand":[],"product_cat":[13043,14381],"product_tag":[],"class_list":{"0":"post-763448","1":"product","2":"type-product","3":"status-publish","5":"product_cat-ekonomi","6":"product_cat-isletme-muhasebe-maliye","7":"pa_cilt-ciltsiz","8":"pa_tur-kitap","9":"pa_yayinevi-ankara-universitesi-yayinevi","10":"pa_yazar-sevim-sayim-madak","12":"first","13":"instock","14":"sale","15":"shipping-taxable","16":"purchasable","17":"product-type-simple"},"_links":{"self":[{"href":"https:\/\/roveyayinevi.com.tr\/index.php\/wp-json\/wp\/v2\/product\/763448","targetHints":{"allow":["GET"]}}],"collection":[{"href":"https:\/\/roveyayinevi.com.tr\/index.php\/wp-json\/wp\/v2\/product"}],"about":[{"href":"https:\/\/roveyayinevi.com.tr\/index.php\/wp-json\/wp\/v2\/types\/product"}],"wp:attachment":[{"href":"https:\/\/roveyayinevi.com.tr\/index.php\/wp-json\/wp\/v2\/media?parent=763448"}],"wp:term":[{"taxonomy":"product_brand","embeddable":true,"href":"https:\/\/roveyayinevi.com.tr\/index.php\/wp-json\/wp\/v2\/product_brand?post=763448"},{"taxonomy":"product_cat","embeddable":true,"href":"https:\/\/roveyayinevi.com.tr\/index.php\/wp-json\/wp\/v2\/product_cat?post=763448"},{"taxonomy":"product_tag","embeddable":true,"href":"https:\/\/roveyayinevi.com.tr\/index.php\/wp-json\/wp\/v2\/product_tag?post=763448"}],"curies":[{"name":"wp","href":"https:\/\/api.w.org\/{rel}","templated":true}]}}