{"id":763446,"date":"2025-08-28T10:41:17","date_gmt":"2025-08-28T07:41:17","guid":{"rendered":"https:\/\/roveyayinevi.com.tr\/index.php\/urun\/iso-27001-ve-kamu-kurumlarinda-bilgi-guvenligi\/"},"modified":"2026-04-15T03:28:43","modified_gmt":"2026-04-15T00:28:43","slug":"iso-27001-ve-kamu-kurumlarinda-bilgi-guvenligi","status":"publish","type":"product","link":"https:\/\/roveyayinevi.com.tr\/index.php\/urun\/iso-27001-ve-kamu-kurumlarinda-bilgi-guvenligi\/","title":{"rendered":"ISO 27001 ve Kamu Kurumlar\u0131nda Bilgi G\u00fcvenli\u011fi"},"content":{"rendered":"<p>Kitapta, bilgi g\u00fcvenli\u011fi politikas\u0131 a\u00e7\u0131s\u0131ndan BGYS\u2019nin sistem gereksinimleri ve kurumsal bilgi g\u00fcvenli\u011fi politikas\u0131nda g\u00f6rev, yetki ve sorumluluklar\u0131 incelenmi\u015ftir. \u00dclkemizde, ulusal ve uluslararas\u0131 standartlar dahil olmak \u00fczere BGYS\u2019lere ve genel olarak ele ald\u0131\u011f\u0131m\u0131z ara\u015ft\u0131rma sorunu kapsam\u0131nda bilgi g\u00fcvenli\u011fine uygulanabilir kurallar ve standartlar belirlenerek a\u00e7\u0131klanm\u0131\u015ft\u0131r. \u00c7al\u0131\u015fmam\u0131zda; e-Devlet Kap\u0131s\u0131nda hizmet veren ve TSE\u2019den ISO 27001 belgesini alan kamu kurumlar\u0131nda, BGYS y\u00f6neticilerine anket yap\u0131lm\u0131\u015ft\u0131r. Sistematik literat\u00fcr tarama y\u00f6ntemi ile literat\u00fcrde bilgi g\u00fcvenli\u011fi konusundaki t\u00fcm \u00e7al\u0131\u015fmalar ve kamu kurumlar\u0131n\u0131n strateji, politika metinleri ve benzeri t\u00fcm dok\u00fcmanlar\u0131 irdelenmi\u015ftir. Ayr\u0131ca bilgi ve belge y\u00f6neticilerinin bilgi g\u00fcvenli\u011fi alan\u0131ndaki rol\u00fc ve ISO 27001 belgesine sahip BGYS\u2019lerin bilgi g\u00fcvenli\u011fi politikalar\u0131n\u0131n, strateji belgeleri, politika metinleri vd. belgeler e\u015fli\u011finde incelenerek kamu kurumlar\u0131nda bilgi g\u00fcvenli\u011fi politikas\u0131 olu\u015fturma s\u00fcrecinde ya\u015fanan sorunlar\u0131n tespiti ve giderilmesi i\u00e7in muhtemel \u00e7\u00f6z\u00fcm \u00f6nerileri ortaya konmu\u015ftur. <\/p>\n","protected":false},"excerpt":{"rendered":"<p>Kitapta, bilgi g\u00fcvenli\u011fi politikas\u0131 a\u00e7\u0131s\u0131ndan BGYS\u2019nin sistem gereksinimleri ve kurumsal bilgi g\u00fcvenli\u011fi politikas\u0131nda g\u00f6rev, yetki ve sorumluluklar\u0131 incelenmi\u015ftir. \u00dclkemizde, ulusal ve uluslararas\u0131 standartlar dahil olmak \u00fczere<span class=\"excerpt-hellip\"> [\u2026]<\/span><\/p>\n","protected":false},"featured_media":0,"template":"","meta":{"_monsterinsights_skip_tracking":false,"_monsterinsights_sitenote_active":false,"_monsterinsights_sitenote_note":"","_monsterinsights_sitenote_category":0},"product_brand":[],"product_cat":[13043,17647],"product_tag":[],"class_list":{"0":"post-763446","1":"product","2":"type-product","3":"status-publish","5":"product_cat-ekonomi","6":"product_cat-is-dunyasi","7":"pa_cilt-ciltsiz","8":"pa_tur-kitap","9":"pa_yayinevi-ankara-universitesi-yayinevi","10":"pa_yazar-zeynep-akdogan","12":"first","13":"instock","14":"sale","15":"shipping-taxable","16":"purchasable","17":"product-type-simple"},"_links":{"self":[{"href":"https:\/\/roveyayinevi.com.tr\/index.php\/wp-json\/wp\/v2\/product\/763446","targetHints":{"allow":["GET"]}}],"collection":[{"href":"https:\/\/roveyayinevi.com.tr\/index.php\/wp-json\/wp\/v2\/product"}],"about":[{"href":"https:\/\/roveyayinevi.com.tr\/index.php\/wp-json\/wp\/v2\/types\/product"}],"wp:attachment":[{"href":"https:\/\/roveyayinevi.com.tr\/index.php\/wp-json\/wp\/v2\/media?parent=763446"}],"wp:term":[{"taxonomy":"product_brand","embeddable":true,"href":"https:\/\/roveyayinevi.com.tr\/index.php\/wp-json\/wp\/v2\/product_brand?post=763446"},{"taxonomy":"product_cat","embeddable":true,"href":"https:\/\/roveyayinevi.com.tr\/index.php\/wp-json\/wp\/v2\/product_cat?post=763446"},{"taxonomy":"product_tag","embeddable":true,"href":"https:\/\/roveyayinevi.com.tr\/index.php\/wp-json\/wp\/v2\/product_tag?post=763446"}],"curies":[{"name":"wp","href":"https:\/\/api.w.org\/{rel}","templated":true}]}}