{"id":763434,"date":"2025-08-28T10:40:57","date_gmt":"2025-08-28T07:40:57","guid":{"rendered":"https:\/\/roveyayinevi.com.tr\/index.php\/urun\/dikte66\/"},"modified":"2026-04-15T03:28:43","modified_gmt":"2026-04-15T00:28:43","slug":"dikte66","status":"publish","type":"product","link":"https:\/\/roveyayinevi.com.tr\/index.php\/urun\/dikte66\/","title":{"rendered":"Dikte66"},"content":{"rendered":"<p>Bu kitapta 55 tek sesli ve 11 \u00e7ift sesli toplam 66 dikte yer almaktad\u0131r. Bu dikteler 14 farkl\u0131 tonda ve 4 farkl\u0131 \u00f6l\u00e7\u00fc say\u0131s\u0131nda yaz\u0131lm\u0131\u015ft\u0131r. Ezgilerin gerek tonal yap\u0131lar\u0131 ve gerekse melodik bak\u0131mdan dikte e\u011fitiminde \u00f6nemli bir yer tutaca\u011f\u0131 d\u00fc\u015f\u00fcn\u00fclmektedir. Yazar\u0131m\u0131z\u0131n daha \u00f6nce yay\u0131nlanan Solfej66 kitab\u0131n\u0131n devam\u0131 niteli\u011finde olan bu kitab\u0131n m\u00fczik e\u011fitimine ve ilgililere fayda sa\u011flamas\u0131 dile\u011fiyle\u2026 <\/p>\n","protected":false},"excerpt":{"rendered":"<p>Bu kitapta 55 tek sesli ve 11 \u00e7ift sesli toplam 66 dikte yer almaktad\u0131r. Bu dikteler 14 farkl\u0131 tonda ve 4 farkl\u0131 \u00f6l\u00e7\u00fc say\u0131s\u0131nda yaz\u0131lm\u0131\u015ft\u0131r. Ezgilerin<span class=\"excerpt-hellip\"> [\u2026]<\/span><\/p>\n","protected":false},"featured_media":0,"template":"","meta":{"_monsterinsights_skip_tracking":false,"_monsterinsights_sitenote_active":false,"_monsterinsights_sitenote_note":"","_monsterinsights_sitenote_category":0},"product_brand":[],"product_cat":[14556,20810],"product_tag":[],"class_list":{"0":"post-763434","1":"product","2":"type-product","3":"status-publish","5":"product_cat-muzik","6":"product_cat-ogrenim-kitaplari","7":"pa_cilt-ciltsiz","8":"pa_tur-kitap","9":"pa_yayinevi-muzik-egitimi-yayinlari","10":"pa_yazar-busra-inci-gumus","12":"first","13":"instock","14":"sale","15":"shipping-taxable","16":"purchasable","17":"product-type-simple"},"_links":{"self":[{"href":"https:\/\/roveyayinevi.com.tr\/index.php\/wp-json\/wp\/v2\/product\/763434","targetHints":{"allow":["GET"]}}],"collection":[{"href":"https:\/\/roveyayinevi.com.tr\/index.php\/wp-json\/wp\/v2\/product"}],"about":[{"href":"https:\/\/roveyayinevi.com.tr\/index.php\/wp-json\/wp\/v2\/types\/product"}],"wp:attachment":[{"href":"https:\/\/roveyayinevi.com.tr\/index.php\/wp-json\/wp\/v2\/media?parent=763434"}],"wp:term":[{"taxonomy":"product_brand","embeddable":true,"href":"https:\/\/roveyayinevi.com.tr\/index.php\/wp-json\/wp\/v2\/product_brand?post=763434"},{"taxonomy":"product_cat","embeddable":true,"href":"https:\/\/roveyayinevi.com.tr\/index.php\/wp-json\/wp\/v2\/product_cat?post=763434"},{"taxonomy":"product_tag","embeddable":true,"href":"https:\/\/roveyayinevi.com.tr\/index.php\/wp-json\/wp\/v2\/product_tag?post=763434"}],"curies":[{"name":"wp","href":"https:\/\/api.w.org\/{rel}","templated":true}]}}