{"id":763425,"date":"2025-08-28T10:39:44","date_gmt":"2025-08-28T07:39:44","guid":{"rendered":"https:\/\/roveyayinevi.com.tr\/index.php\/urun\/sporda-oz-sefkat-ruh-sagligi-ve-algilanan-performans\/"},"modified":"2026-04-15T03:28:42","modified_gmt":"2026-04-15T00:28:42","slug":"sporda-oz-sefkat-ruh-sagligi-ve-algilanan-performans","status":"publish","type":"product","link":"https:\/\/roveyayinevi.com.tr\/index.php\/urun\/sporda-oz-sefkat-ruh-sagligi-ve-algilanan-performans\/","title":{"rendered":"Sporda \u00d6z \u015eefkat, Ruh Sa\u011fl\u0131\u011f\u0131 ve Alg\u0131lanan Performans"},"content":{"rendered":"<p>\u0130\u00e7indekiler :           B\u00d6L\u00dcM I G\u0130R\u0130\u015e         B\u00d6L\u00dcM II B\u0130L\u0130MSEL ARA\u015eTIRMALAR         B\u00d6L\u00dcM III MEVCUT ARA\u015eTIRMA <\/p>\n","protected":false},"excerpt":{"rendered":"<p>\u0130\u00e7indekiler : B\u00d6L\u00dcM I G\u0130R\u0130\u015e B\u00d6L\u00dcM II B\u0130L\u0130MSEL ARA\u015eTIRMALAR B\u00d6L\u00dcM III MEVCUT ARA\u015eTIRMA<\/p>\n","protected":false},"featured_media":0,"template":"","meta":{"_monsterinsights_skip_tracking":false,"_monsterinsights_sitenote_active":false,"_monsterinsights_sitenote_note":"","_monsterinsights_sitenote_category":0},"product_brand":[],"product_cat":[15563,15564],"product_tag":[],"class_list":{"0":"post-763425","1":"product","2":"type-product","3":"status-publish","5":"product_cat-hobi","6":"product_cat-spor","7":"pa_cilt-ciltsiz","8":"pa_tur-kitap","9":"pa_yayinevi-gazi-kitabevi","10":"pa_yazar-kolektif","12":"first","13":"instock","14":"sale","15":"shipping-taxable","16":"purchasable","17":"product-type-simple"},"_links":{"self":[{"href":"https:\/\/roveyayinevi.com.tr\/index.php\/wp-json\/wp\/v2\/product\/763425","targetHints":{"allow":["GET"]}}],"collection":[{"href":"https:\/\/roveyayinevi.com.tr\/index.php\/wp-json\/wp\/v2\/product"}],"about":[{"href":"https:\/\/roveyayinevi.com.tr\/index.php\/wp-json\/wp\/v2\/types\/product"}],"wp:attachment":[{"href":"https:\/\/roveyayinevi.com.tr\/index.php\/wp-json\/wp\/v2\/media?parent=763425"}],"wp:term":[{"taxonomy":"product_brand","embeddable":true,"href":"https:\/\/roveyayinevi.com.tr\/index.php\/wp-json\/wp\/v2\/product_brand?post=763425"},{"taxonomy":"product_cat","embeddable":true,"href":"https:\/\/roveyayinevi.com.tr\/index.php\/wp-json\/wp\/v2\/product_cat?post=763425"},{"taxonomy":"product_tag","embeddable":true,"href":"https:\/\/roveyayinevi.com.tr\/index.php\/wp-json\/wp\/v2\/product_tag?post=763425"}],"curies":[{"name":"wp","href":"https:\/\/api.w.org\/{rel}","templated":true}]}}