{"id":763403,"date":"2025-08-28T10:39:11","date_gmt":"2025-08-28T07:39:11","guid":{"rendered":"https:\/\/roveyayinevi.com.tr\/index.php\/urun\/yalnizligin-manifestosu\/"},"modified":"2026-04-15T03:28:42","modified_gmt":"2026-04-15T00:28:42","slug":"yalnizligin-manifestosu","status":"publish","type":"product","link":"https:\/\/roveyayinevi.com.tr\/index.php\/urun\/yalnizligin-manifestosu\/","title":{"rendered":"Yaln\u0131zl\u0131\u011f\u0131n Manifestosu"},"content":{"rendered":"<p>Seninle s\u00fcslenmi\u015f hayaller bir ba\u015fka bu gece, T\u00fcrk\u00fcler \u00e7ok farkl\u0131, na\u011fmelerde bir ne\u015fe sakl\u0131. Efk\u00e2r sokulmad\u0131 yan\u0131 ba\u015f\u0131ma usulca bu gece, Garip bir esinti y\u00fcre\u011fimi serinletiyor. Sensizlik fiyakas\u0131n\u0131 bir ba\u015fka at\u0131yor bu gece. Yakla\u015fma ey yaln\u0131zl\u0131k! Beni b\u00f6yle b\u0131rak, \u00f6zlenen sevgiliyle ba\u015f ba\u015fa\u2026  Ya\u015famak ad\u0131na verilen en b\u00fcy\u00fck kavga, kendi benli\u011finle girdi\u011fin amans\u0131z m\u00fccadeledir. Ya hep olursun ya da bir hi\u00e7.  Kendin olmay\u0131 se\u00e7ti\u011fin an yaln\u0131zl\u0131k hik\u00e2yen yaz\u0131lmaya ba\u015flar.   Yaln\u0131zl\u0131\u011f\u0131n Manifestosu; rest \u00e7ekilen d\u00fcnlere ve umutlar\u0131 ta\u015f\u0131yan yar\u0131nlara dair hik\u00e2yesi \u015fiirlerde sakl\u0131 kalan bir hayat\u0131n sat\u0131rlara yans\u0131mas\u0131d\u0131r.   Yine, yeniden diyebilmek. Talihini yitirmi\u015f f\u0131rsatlara ald\u0131rmadan Ve her seferinde inad\u0131na g\u00fclebilmek ne g\u00fczel. Umudunu yitirme!.. <\/p>\n","protected":false},"excerpt":{"rendered":"<p>Seninle s\u00fcslenmi\u015f hayaller bir ba\u015fka bu gece, T\u00fcrk\u00fcler \u00e7ok farkl\u0131, na\u011fmelerde bir ne\u015fe sakl\u0131. Efk\u00e2r sokulmad\u0131 yan\u0131 ba\u015f\u0131ma usulca bu gece, Garip bir esinti y\u00fcre\u011fimi serinletiyor.<span class=\"excerpt-hellip\"> [\u2026]<\/span><\/p>\n","protected":false},"featured_media":0,"template":"","meta":{"_monsterinsights_skip_tracking":false,"_monsterinsights_sitenote_active":false,"_monsterinsights_sitenote_note":"","_monsterinsights_sitenote_category":0},"product_brand":[],"product_cat":[12291,12509],"product_tag":[],"class_list":{"0":"post-763403","1":"product","2":"type-product","3":"status-publish","5":"product_cat-edebiyat","6":"product_cat-siir","7":"pa_cilt-ciltsiz","8":"pa_tur-kitap","9":"pa_yayinevi-cinaralti-yayinlari","10":"pa_yazar-caglar-dalkiran","12":"first","13":"instock","14":"sale","15":"shipping-taxable","16":"purchasable","17":"product-type-simple"},"_links":{"self":[{"href":"https:\/\/roveyayinevi.com.tr\/index.php\/wp-json\/wp\/v2\/product\/763403","targetHints":{"allow":["GET"]}}],"collection":[{"href":"https:\/\/roveyayinevi.com.tr\/index.php\/wp-json\/wp\/v2\/product"}],"about":[{"href":"https:\/\/roveyayinevi.com.tr\/index.php\/wp-json\/wp\/v2\/types\/product"}],"wp:attachment":[{"href":"https:\/\/roveyayinevi.com.tr\/index.php\/wp-json\/wp\/v2\/media?parent=763403"}],"wp:term":[{"taxonomy":"product_brand","embeddable":true,"href":"https:\/\/roveyayinevi.com.tr\/index.php\/wp-json\/wp\/v2\/product_brand?post=763403"},{"taxonomy":"product_cat","embeddable":true,"href":"https:\/\/roveyayinevi.com.tr\/index.php\/wp-json\/wp\/v2\/product_cat?post=763403"},{"taxonomy":"product_tag","embeddable":true,"href":"https:\/\/roveyayinevi.com.tr\/index.php\/wp-json\/wp\/v2\/product_tag?post=763403"}],"curies":[{"name":"wp","href":"https:\/\/api.w.org\/{rel}","templated":true}]}}