{"id":763396,"date":"2025-08-28T10:38:59","date_gmt":"2025-08-28T07:38:59","guid":{"rendered":"https:\/\/roveyayinevi.com.tr\/index.php\/urun\/national-geographic-kids-kopekler-cikartmali-faaliyet-kitabi\/"},"modified":"2026-04-15T03:28:42","modified_gmt":"2026-04-15T00:28:42","slug":"national-geographic-kids-kopekler-cikartmali-faaliyet-kitabi","status":"publish","type":"product","link":"https:\/\/roveyayinevi.com.tr\/index.php\/urun\/national-geographic-kids-kopekler-cikartmali-faaliyet-kitabi\/","title":{"rendered":"National Geographic Kids K\u00f6pekler \u00c7\u0131kartmal\u0131 Faaliyet Kitab\u0131"},"content":{"rendered":"<p>\u00c7ocuklar\u0131n en sevdikleri ba\u015fl\u0131klar\u0131 bir araya getirdi\u011fimiz yeni \u00e7\u0131kartma serimizi g\u00f6rd\u00fcn\u00fcz m\u00fc? Her kitapta binden fazla \u00e7\u0131kartma, labirent ve e\u015fle\u015ftirme gibi e\u011flenceli, beceri geli\u015ftirici bulmacalar, zek\u00e2 geli\u015ftirici faaliyetler ve oyunlar ve \u015fa\u015f\u0131rt\u0131c\u0131 bilgiler \u00e7ocuklar\u0131 bekliyor. \u00c7ocuklar\u0131m\u0131z, 10 kitaptan olu\u015fan bu seride dinozorlardan robotlara, k\u00f6peklerden kedilere, atlardan vah\u015fi ormanlara kadar hayal d\u00fcnyas\u0131n\u0131n derinliklerinde bir yolculu\u011fa \u00e7\u0131karken ayn\u0131 zamanda inan\u0131lmaz \u015feyler \u00f6\u011frenecekler. \u00d6\u011frendiklerini aktiviteler ile peki\u015ftirecek, yeni kelimeler ve beceriler \u00f6\u011frenecekler. Ayr\u0131ca her kitapta verilen fazladan \u00e7\u0131kartmalar ile odalar\u0131n\u0131 ve e\u015fyalar\u0131n\u0131 s\u00fcsleyerek bu maceray\u0131 kitap sayfalar\u0131n\u0131n \u00e7ok daha \u00f6tesine ta\u015f\u0131yacaklar. El becerilerinden hayal g\u00fcc\u00fcne, sorumluluk duygusundan matemati\u011fe kadar pek \u00e7ok farkl\u0131 alanda \u00e7ocuklar\u0131n geli\u015fimi i\u00e7in haz\u0131rlanm\u0131\u015f olan bu seri, \u015fimdi National Geographic Kids fark\u0131 ile sizinle.<\/p>\n","protected":false},"excerpt":{"rendered":"<p>\u00c7ocuklar\u0131n en sevdikleri ba\u015fl\u0131klar\u0131 bir araya getirdi\u011fimiz yeni \u00e7\u0131kartma serimizi g\u00f6rd\u00fcn\u00fcz m\u00fc? Her kitapta binden fazla \u00e7\u0131kartma, labirent ve e\u015fle\u015ftirme gibi e\u011flenceli, beceri geli\u015ftirici bulmacalar, zek\u00e2<span class=\"excerpt-hellip\"> [\u2026]<\/span><\/p>\n","protected":false},"featured_media":0,"template":"","meta":{"_monsterinsights_skip_tracking":false,"_monsterinsights_sitenote_active":false,"_monsterinsights_sitenote_note":"","_monsterinsights_sitenote_category":0},"product_brand":[],"product_cat":[12274,15842],"product_tag":[],"class_list":{"0":"post-763396","1":"product","2":"type-product","3":"status-publish","5":"product_cat-cocuk-ve-genclik-kitaplari","6":"product_cat-egitici-kitaplar","7":"pa_cilt-ciltsiz","8":"pa_tur-kitap","9":"pa_yayinevi-beta-kids","10":"pa_yazar-kolektif","12":"first","13":"instock","14":"sale","15":"shipping-taxable","16":"purchasable","17":"product-type-simple"},"_links":{"self":[{"href":"https:\/\/roveyayinevi.com.tr\/index.php\/wp-json\/wp\/v2\/product\/763396","targetHints":{"allow":["GET"]}}],"collection":[{"href":"https:\/\/roveyayinevi.com.tr\/index.php\/wp-json\/wp\/v2\/product"}],"about":[{"href":"https:\/\/roveyayinevi.com.tr\/index.php\/wp-json\/wp\/v2\/types\/product"}],"wp:attachment":[{"href":"https:\/\/roveyayinevi.com.tr\/index.php\/wp-json\/wp\/v2\/media?parent=763396"}],"wp:term":[{"taxonomy":"product_brand","embeddable":true,"href":"https:\/\/roveyayinevi.com.tr\/index.php\/wp-json\/wp\/v2\/product_brand?post=763396"},{"taxonomy":"product_cat","embeddable":true,"href":"https:\/\/roveyayinevi.com.tr\/index.php\/wp-json\/wp\/v2\/product_cat?post=763396"},{"taxonomy":"product_tag","embeddable":true,"href":"https:\/\/roveyayinevi.com.tr\/index.php\/wp-json\/wp\/v2\/product_tag?post=763396"}],"curies":[{"name":"wp","href":"https:\/\/api.w.org\/{rel}","templated":true}]}}