{"id":763390,"date":"2025-08-28T10:38:50","date_gmt":"2025-08-28T07:38:50","guid":{"rendered":"https:\/\/roveyayinevi.com.tr\/index.php\/urun\/singapur-matematigi-ve-zeka-oyunlari-5-siniflar-icin\/"},"modified":"2026-04-15T03:28:41","modified_gmt":"2026-04-15T00:28:41","slug":"singapur-matematigi-ve-zeka-oyunlari-5-siniflar-icin","status":"publish","type":"product","link":"https:\/\/roveyayinevi.com.tr\/index.php\/urun\/singapur-matematigi-ve-zeka-oyunlari-5-siniflar-icin\/","title":{"rendered":"Singapur Matemati\u011fi ve Zeka Oyunlar\u0131- 5. S\u0131n\u0131flar \u0130\u00e7in"},"content":{"rendered":"<p>Singapur Matemati\u011fi y\u00f6ntemiyle \u00e7ocuklar, matemati\u011fi daha kolay \u00f6\u011freniyor, matematikten korkmuyorlar. Singapur Matemati\u011fi yeni bir matematik anlay\u0131\u015f\u0131 ve \u00f6\u011frencilerin erken ya\u015fta, iyi bir matematik temeli kurmas\u0131n\u0131 sa\u011fl\u0131yor.Bu kitap, Singapur Matemati\u011fi ve zek\u00e2 oyunlar\u0131 alan\u0131nda e\u011fitimler ve seminerler veren T\u00fcm \u00dcst\u00fcn Zek\u00e2l\u0131 \u00c7ocuklar ve Aileleri Dayan\u0131\u015fma Derne\u011fi (T\u00dcZAD) Ba\u015fkan\u0131 Hasan Topdemir taraf\u0131ndan haz\u0131rland\u0131. Kitapta, \u00f6\u011frencilerin say\u0131sal ve s\u00f6zel becerilerini geli\u015ftirecek Singapur Matemati\u011fi ve zek\u00e2 oyunlar\u0131 al\u0131\u015ft\u0131rmalar\u0131, T\u00fcrk e\u011fitim sistemine uyumlu bir \u015fekilde sunuluyor.<\/p>\n","protected":false},"excerpt":{"rendered":"<p>Singapur Matemati\u011fi y\u00f6ntemiyle \u00e7ocuklar, matemati\u011fi daha kolay \u00f6\u011freniyor, matematikten korkmuyorlar. Singapur Matemati\u011fi yeni bir matematik anlay\u0131\u015f\u0131 ve \u00f6\u011frencilerin erken ya\u015fta, iyi bir matematik temeli kurmas\u0131n\u0131 sa\u011fl\u0131yor.Bu<span class=\"excerpt-hellip\"> [\u2026]<\/span><\/p>\n","protected":false},"featured_media":0,"template":"","meta":{"_monsterinsights_skip_tracking":false,"_monsterinsights_sitenote_active":false,"_monsterinsights_sitenote_note":"","_monsterinsights_sitenote_category":0},"product_brand":[],"product_cat":[12274,24599],"product_tag":[],"class_list":{"0":"post-763390","1":"product","2":"type-product","3":"status-publish","5":"product_cat-cocuk-ve-genclik-kitaplari","6":"product_cat-zeka-gelisimi","7":"pa_cilt-ciltsiz","8":"pa_tur-kitap","9":"pa_yayinevi-beyaz-balina-yayinlari","10":"pa_yazar-hasan-topdemir","12":"first","13":"instock","14":"sale","15":"shipping-taxable","16":"purchasable","17":"product-type-simple"},"_links":{"self":[{"href":"https:\/\/roveyayinevi.com.tr\/index.php\/wp-json\/wp\/v2\/product\/763390","targetHints":{"allow":["GET"]}}],"collection":[{"href":"https:\/\/roveyayinevi.com.tr\/index.php\/wp-json\/wp\/v2\/product"}],"about":[{"href":"https:\/\/roveyayinevi.com.tr\/index.php\/wp-json\/wp\/v2\/types\/product"}],"wp:attachment":[{"href":"https:\/\/roveyayinevi.com.tr\/index.php\/wp-json\/wp\/v2\/media?parent=763390"}],"wp:term":[{"taxonomy":"product_brand","embeddable":true,"href":"https:\/\/roveyayinevi.com.tr\/index.php\/wp-json\/wp\/v2\/product_brand?post=763390"},{"taxonomy":"product_cat","embeddable":true,"href":"https:\/\/roveyayinevi.com.tr\/index.php\/wp-json\/wp\/v2\/product_cat?post=763390"},{"taxonomy":"product_tag","embeddable":true,"href":"https:\/\/roveyayinevi.com.tr\/index.php\/wp-json\/wp\/v2\/product_tag?post=763390"}],"curies":[{"name":"wp","href":"https:\/\/api.w.org\/{rel}","templated":true}]}}