{"id":763370,"date":"2025-08-28T10:38:19","date_gmt":"2025-08-28T07:38:19","guid":{"rendered":"https:\/\/roveyayinevi.com.tr\/index.php\/urun\/japon-istihbarati\/"},"modified":"2026-04-15T03:28:41","modified_gmt":"2026-04-15T00:28:41","slug":"japon-istihbarati","status":"publish","type":"product","link":"https:\/\/roveyayinevi.com.tr\/index.php\/urun\/japon-istihbarati\/","title":{"rendered":"Japon \u0130stihbarat\u0131"},"content":{"rendered":"<p>Bu \u00e7al\u0131\u015fma, Japonya Genelkurmay Ba\u015fkanl\u0131\u011f\u0131n\u0131n Osmanl\u0131 Devleti\u2019nde y\u00fcr\u00fctt\u00fc\u011f\u00fc istihbarat faaliyetlerini Balkan Sava\u015flar\u0131 ekseninde ele almaktad\u0131r. Bu kapsamda, Japonya Genelkurmay Ba\u015fkanl\u0131\u011f\u0131n\u0131n istihbarat sistemi ve Avrupa\u2019da \u00f6r\u00fclen istihbarat a\u011f\u0131n\u0131n i\u015fleyi\u015fi de incelenmi\u015ftir. Japonya\u2019n\u0131n sava\u015ftaki istihbarat faaliyetleri, \u00fc\u00e7 bin sayfay\u0131 a\u015fk\u0131n asker\u00ee ata\u015fe raporlar\u0131n\u0131n incelenmesiyle ortaya konmu\u015ftur. Ayr\u0131ca, Japonya\u2019n\u0131n Balkan Sava\u015flar\u0131\u2019nda elde etti\u011fi istihbarat\u0131n  \u00fclke d\u0131\u015f politikas\u0131n\u0131 olu\u015fturma s\u00fcrecine etkisi de irdelenmi\u015ftir. <\/p>\n","protected":false},"excerpt":{"rendered":"<p>Bu \u00e7al\u0131\u015fma, Japonya Genelkurmay Ba\u015fkanl\u0131\u011f\u0131n\u0131n Osmanl\u0131 Devleti\u2019nde y\u00fcr\u00fctt\u00fc\u011f\u00fc istihbarat faaliyetlerini Balkan Sava\u015flar\u0131 ekseninde ele almaktad\u0131r. Bu kapsamda, Japonya Genelkurmay Ba\u015fkanl\u0131\u011f\u0131n\u0131n istihbarat sistemi ve Avrupa\u2019da \u00f6r\u00fclen istihbarat<span class=\"excerpt-hellip\"> [\u2026]<\/span><\/p>\n","protected":false},"featured_media":0,"template":"","meta":{"_monsterinsights_skip_tracking":false,"_monsterinsights_sitenote_active":false,"_monsterinsights_sitenote_note":"","_monsterinsights_sitenote_category":0},"product_brand":[],"product_cat":[12370,12304],"product_tag":[],"class_list":{"0":"post-763370","1":"product","2":"type-product","3":"status-publish","5":"product_cat-arastirma-inceleme","6":"product_cat-tarih","7":"pa_cilt-ciltsiz","8":"pa_tur-kitap","9":"pa_yayinevi-japon-yayinlari","10":"pa_yazar-ugur-altin","12":"first","13":"instock","14":"sale","15":"shipping-taxable","16":"purchasable","17":"product-type-simple"},"_links":{"self":[{"href":"https:\/\/roveyayinevi.com.tr\/index.php\/wp-json\/wp\/v2\/product\/763370","targetHints":{"allow":["GET"]}}],"collection":[{"href":"https:\/\/roveyayinevi.com.tr\/index.php\/wp-json\/wp\/v2\/product"}],"about":[{"href":"https:\/\/roveyayinevi.com.tr\/index.php\/wp-json\/wp\/v2\/types\/product"}],"wp:attachment":[{"href":"https:\/\/roveyayinevi.com.tr\/index.php\/wp-json\/wp\/v2\/media?parent=763370"}],"wp:term":[{"taxonomy":"product_brand","embeddable":true,"href":"https:\/\/roveyayinevi.com.tr\/index.php\/wp-json\/wp\/v2\/product_brand?post=763370"},{"taxonomy":"product_cat","embeddable":true,"href":"https:\/\/roveyayinevi.com.tr\/index.php\/wp-json\/wp\/v2\/product_cat?post=763370"},{"taxonomy":"product_tag","embeddable":true,"href":"https:\/\/roveyayinevi.com.tr\/index.php\/wp-json\/wp\/v2\/product_tag?post=763370"}],"curies":[{"name":"wp","href":"https:\/\/api.w.org\/{rel}","templated":true}]}}