{"id":763369,"date":"2025-08-28T10:38:17","date_gmt":"2025-08-28T07:38:17","guid":{"rendered":"https:\/\/roveyayinevi.com.tr\/index.php\/urun\/memoria-ciltli\/"},"modified":"2026-04-15T03:28:41","modified_gmt":"2026-04-15T00:28:41","slug":"memoria-ciltli","status":"publish","type":"product","link":"https:\/\/roveyayinevi.com.tr\/index.php\/urun\/memoria-ciltli\/","title":{"rendered":"Memoria (Ciltli)"},"content":{"rendered":"<p>\u201cHerkes hik\u00e2yesini en ba\u015f\u0131ndan anlatmal\u0131, yoksa anla\u015f\u0131lmaz.\u201d   Be\u015f ya\u015f\u0131nda bir \u00e7ocuk g\u00fcn\u00fcn birinde Kar\u0131lar Tekkesi\u2019ne emanet edilir. Sorun \u015fu ki \u00e7ocuk erkektir. Ancak hik\u00e2ye bununla ba\u015flamaz. \u00d6ncesi vard\u0131r: bitik bir imparatorluk, i\u015fgal, sava\u015f, gezginler, erotik maceralar, kabaday\u0131lar, mezarl\u0131k, \u00f6l\u00fcler, diriler, tekke kar\u0131lar\u0131, eli kula\u011f\u0131nda Cumhuriyet&#8230; Tekkeleri kapat\u0131lmas\u0131n da evsiz kalmas\u0131nlar diye Mustafa Kemal Pa\u015fa\u2019y\u0131 ikna etmeye \u00e7al\u0131\u015fan tekke kar\u0131lar\u0131n\u0131n m\u00fccadelesiyle devam eder hik\u00e2ye. Ancak b\u00f6yle bitmez. Devam\u0131 vard\u0131r: Cumhuriyet, Ankara, Florya, Savarona, Dolmabah\u00e7e, s\u00fcrg\u00fcne g\u00f6nderilen halife, Ni\u015fanta\u015f\u0131, Teneke Mahallesi, Arnavutlar\u0131n kona\u011f\u0131 ve yine Mustafa Kemal Pa\u015fa.   Y\u00fczy\u0131l\u0131n sonu gelmez hik\u00e2yesini hat\u0131ralar\u0131n gizemli mihmandar\u0131ndan \u201c\u015fimdi\u201d dinledi\u011fimizde bir \u00e7\u0131rp\u0131da bitecek. Ne de olsa ge\u00e7mi\u015f bizi gelecekte bekliyor.   \u015eebnem \u0130\u015fig\u00fczel\u2019in kaleminden d\u00fcn\u00fcn, bug\u00fcn\u00fcn, y\u00fczy\u0131l\u0131n roman\u0131 Memoria.   Ba\u015f\u0131m\u0131za gelmeyen kalmazd\u0131. Neden? \u00c7\u00fcnk\u00fc d\u00fcnya, y\u00fcz y\u0131l \u00f6nce tam da buradan y\u0131rt\u0131ld\u0131 da ondan. Koskoca imparatorluk, \u00e7\u00f6kerken pe\u015finden d\u00fcnyay\u0131 s\u00fcr\u00fckledi. Bu y\u00fczden de ba\u015f\u0131m\u0131za gelmeyen kalm\u0131yordu. Dediklerimi anl\u0131yor musun? Bu, sadece bu topraklar\u0131n hik\u00e2yesi de\u011fil. D\u00fcnyan\u0131n hik\u00e2yesi.<\/p>\n","protected":false},"excerpt":{"rendered":"<p>\u201cHerkes hik\u00e2yesini en ba\u015f\u0131ndan anlatmal\u0131, yoksa anla\u015f\u0131lmaz.\u201d Be\u015f ya\u015f\u0131nda bir \u00e7ocuk g\u00fcn\u00fcn birinde Kar\u0131lar Tekkesi\u2019ne emanet edilir. Sorun \u015fu ki \u00e7ocuk erkektir. Ancak hik\u00e2ye bununla ba\u015flamaz.<span class=\"excerpt-hellip\"> [\u2026]<\/span><\/p>\n","protected":false},"featured_media":0,"template":"","meta":{"_monsterinsights_skip_tracking":false,"_monsterinsights_sitenote_active":false,"_monsterinsights_sitenote_note":"","_monsterinsights_sitenote_category":0},"product_brand":[],"product_cat":[12291,12711],"product_tag":[],"class_list":{"0":"post-763369","1":"product","2":"type-product","3":"status-publish","5":"product_cat-edebiyat","6":"product_cat-roman-oyku","7":"pa_cilt-ciltli","8":"pa_tur-kitap","9":"pa_yayinevi-everest-yayinlari","10":"pa_yazar-sebnem-isiguzel","12":"first","13":"instock","14":"sale","15":"shipping-taxable","16":"purchasable","17":"product-type-simple"},"_links":{"self":[{"href":"https:\/\/roveyayinevi.com.tr\/index.php\/wp-json\/wp\/v2\/product\/763369","targetHints":{"allow":["GET"]}}],"collection":[{"href":"https:\/\/roveyayinevi.com.tr\/index.php\/wp-json\/wp\/v2\/product"}],"about":[{"href":"https:\/\/roveyayinevi.com.tr\/index.php\/wp-json\/wp\/v2\/types\/product"}],"wp:attachment":[{"href":"https:\/\/roveyayinevi.com.tr\/index.php\/wp-json\/wp\/v2\/media?parent=763369"}],"wp:term":[{"taxonomy":"product_brand","embeddable":true,"href":"https:\/\/roveyayinevi.com.tr\/index.php\/wp-json\/wp\/v2\/product_brand?post=763369"},{"taxonomy":"product_cat","embeddable":true,"href":"https:\/\/roveyayinevi.com.tr\/index.php\/wp-json\/wp\/v2\/product_cat?post=763369"},{"taxonomy":"product_tag","embeddable":true,"href":"https:\/\/roveyayinevi.com.tr\/index.php\/wp-json\/wp\/v2\/product_tag?post=763369"}],"curies":[{"name":"wp","href":"https:\/\/api.w.org\/{rel}","templated":true}]}}