{"id":763359,"date":"2025-08-28T10:38:00","date_gmt":"2025-08-28T07:38:00","guid":{"rendered":"https:\/\/roveyayinevi.com.tr\/index.php\/urun\/kadinin-sesi\/"},"modified":"2026-03-12T03:25:59","modified_gmt":"2026-03-12T00:25:59","slug":"kadinin-sesi","status":"publish","type":"product","link":"https:\/\/roveyayinevi.com.tr\/index.php\/urun\/kadinin-sesi\/","title":{"rendered":"Kad\u0131n\u0131n Sesi"},"content":{"rendered":"<p>F\u00fcsun Egemen\u2019in kitap sevmemesini \u00e7ok yad\u0131rgam\u0131\u015f fazla bir payla\u015f\u0131m\u0131n\u0131n olmayaca\u011f\u0131n\u0131 anlam\u0131\u015ft\u0131r. F\u00dcSUN- Sinemalar hakk\u0131nda ne d\u00fc\u015f\u00fcn\u00fcyorsun? EGEMEN- Sinemaya gitmeye pek vaktim olmuyor g\u00fcnd\u00fcz \u00e7al\u0131\u015f\u0131yorum gece de yorgun oluyorum hemen uyuyorum. F\u00dcSUN- Sever misin? EGEMEN- Sevdi\u011fim filmler oluyor. Ara s\u0131ra fazla de\u011fil. F\u00fcsun sanatla fazla bir ilgisinin olmad\u0131\u011f\u0131n\u0131 anlam\u0131\u015f bulunmaktad\u0131r. Sinemay\u0131 sevmeyen tiyatroyu da sevmez d\u00fc\u015f\u00fcncesi ile sormam\u0131\u015ft\u0131r. F\u00fcsun b\u00fct\u00fcn sanat dallar\u0131n\u0131 \u00e7ok sevmekte vakit bulduk\u00e7a ilgilenmektedir. Bir m\u00fchendisin sanat\u0131 g\u00f6z ard\u0131 etmesini yad\u0131rgam\u0131\u015f fazla bir \u015fey konu\u015famam\u0131\u015ft\u0131r. <\/p>\n","protected":false},"excerpt":{"rendered":"<p>F\u00fcsun Egemen\u2019in kitap sevmemesini \u00e7ok yad\u0131rgam\u0131\u015f fazla bir payla\u015f\u0131m\u0131n\u0131n olmayaca\u011f\u0131n\u0131 anlam\u0131\u015ft\u0131r. F\u00dcSUN- Sinemalar hakk\u0131nda ne d\u00fc\u015f\u00fcn\u00fcyorsun? EGEMEN- Sinemaya gitmeye pek vaktim olmuyor g\u00fcnd\u00fcz \u00e7al\u0131\u015f\u0131yorum gece de<span class=\"excerpt-hellip\"> [\u2026]<\/span><\/p>\n","protected":false},"featured_media":0,"template":"","meta":{"_monsterinsights_skip_tracking":false,"_monsterinsights_sitenote_active":false,"_monsterinsights_sitenote_note":"","_monsterinsights_sitenote_category":0},"product_brand":[],"product_cat":[12291,12332],"product_tag":[],"class_list":{"0":"post-763359","1":"product","2":"type-product","3":"status-publish","5":"product_cat-edebiyat","6":"product_cat-senaryo","7":"pa_cilt-ciltsiz","8":"pa_tur-kitap","9":"pa_yayinevi-kirmizi-cati-yayinlari","10":"pa_yazar-muserref-kaya","12":"first","13":"instock","14":"sale","15":"shipping-taxable","16":"purchasable","17":"product-type-simple"},"_links":{"self":[{"href":"https:\/\/roveyayinevi.com.tr\/index.php\/wp-json\/wp\/v2\/product\/763359","targetHints":{"allow":["GET"]}}],"collection":[{"href":"https:\/\/roveyayinevi.com.tr\/index.php\/wp-json\/wp\/v2\/product"}],"about":[{"href":"https:\/\/roveyayinevi.com.tr\/index.php\/wp-json\/wp\/v2\/types\/product"}],"wp:attachment":[{"href":"https:\/\/roveyayinevi.com.tr\/index.php\/wp-json\/wp\/v2\/media?parent=763359"}],"wp:term":[{"taxonomy":"product_brand","embeddable":true,"href":"https:\/\/roveyayinevi.com.tr\/index.php\/wp-json\/wp\/v2\/product_brand?post=763359"},{"taxonomy":"product_cat","embeddable":true,"href":"https:\/\/roveyayinevi.com.tr\/index.php\/wp-json\/wp\/v2\/product_cat?post=763359"},{"taxonomy":"product_tag","embeddable":true,"href":"https:\/\/roveyayinevi.com.tr\/index.php\/wp-json\/wp\/v2\/product_tag?post=763359"}],"curies":[{"name":"wp","href":"https:\/\/api.w.org\/{rel}","templated":true}]}}