{"id":763347,"date":"2025-08-28T10:37:44","date_gmt":"2025-08-28T07:37:44","guid":{"rendered":"https:\/\/roveyayinevi.com.tr\/index.php\/urun\/hizli-okuyan-kurtcuk\/"},"modified":"2026-04-15T03:28:40","modified_gmt":"2026-04-15T00:28:40","slug":"hizli-okuyan-kurtcuk","status":"publish","type":"product","link":"https:\/\/roveyayinevi.com.tr\/index.php\/urun\/hizli-okuyan-kurtcuk\/","title":{"rendered":"H\u0131zl\u0131 Okuyan Kurt\u00e7uk"},"content":{"rendered":"<p>Kitap okumay\u0131 sevmeyen bir \u00e7ocuk ile ayn\u0131 dertten mustarip yaramaz bir kurt\u00e7uk! Onlar\u0131 bulu\u015fturan bir elma ve heyecanla ba\u015flayan macera dolu bir kovalamaca. Bu kovalamacayla hayatlar\u0131n\u0131n de\u011fi\u015fece\u011fini ikisi de tahmin edemezdi. \u00dcstelik hayat\u0131 de\u011fi\u015fen yaln\u0131zca onlar da de\u011fildi! Ba\u015fka kimlerin mi de\u011fi\u015fti? Kim bilir, belki de seninki\u2026 Bet\u00fcl \u0130lter, yal\u0131n bir dille kaleme ald\u0131\u011f\u0131 bu hik\u00e2yede h\u0131zl\u0131 okuma tekniklerini i\u015fliyor. E\u011flenceli ve heyecan dolu anlat\u0131m\u0131yla \u00e7ocuklar\u0131n okuma ve anlama d\u00fczeylerinde yeni boyutlar a\u00e7may\u0131 ama\u00e7l\u0131yor. <\/p>\n","protected":false},"excerpt":{"rendered":"<p>Kitap okumay\u0131 sevmeyen bir \u00e7ocuk ile ayn\u0131 dertten mustarip yaramaz bir kurt\u00e7uk! Onlar\u0131 bulu\u015fturan bir elma ve heyecanla ba\u015flayan macera dolu bir kovalamaca. Bu kovalamacayla hayatlar\u0131n\u0131n<span class=\"excerpt-hellip\"> [\u2026]<\/span><\/p>\n","protected":false},"featured_media":0,"template":"","meta":{"_monsterinsights_skip_tracking":false,"_monsterinsights_sitenote_active":false,"_monsterinsights_sitenote_note":"","_monsterinsights_sitenote_category":0},"product_brand":[],"product_cat":[13835],"product_tag":[],"class_list":{"0":"post-763347","1":"product","2":"type-product","3":"status-publish","5":"product_cat-cok-satanlar","6":"pa_cilt-ciltsiz","7":"pa_tur-kitap","8":"pa_yayinevi-fom-kitap","9":"pa_yazar-betul-ilter","11":"first","12":"instock","13":"sale","14":"shipping-taxable","15":"purchasable","16":"product-type-simple"},"_links":{"self":[{"href":"https:\/\/roveyayinevi.com.tr\/index.php\/wp-json\/wp\/v2\/product\/763347","targetHints":{"allow":["GET"]}}],"collection":[{"href":"https:\/\/roveyayinevi.com.tr\/index.php\/wp-json\/wp\/v2\/product"}],"about":[{"href":"https:\/\/roveyayinevi.com.tr\/index.php\/wp-json\/wp\/v2\/types\/product"}],"wp:attachment":[{"href":"https:\/\/roveyayinevi.com.tr\/index.php\/wp-json\/wp\/v2\/media?parent=763347"}],"wp:term":[{"taxonomy":"product_brand","embeddable":true,"href":"https:\/\/roveyayinevi.com.tr\/index.php\/wp-json\/wp\/v2\/product_brand?post=763347"},{"taxonomy":"product_cat","embeddable":true,"href":"https:\/\/roveyayinevi.com.tr\/index.php\/wp-json\/wp\/v2\/product_cat?post=763347"},{"taxonomy":"product_tag","embeddable":true,"href":"https:\/\/roveyayinevi.com.tr\/index.php\/wp-json\/wp\/v2\/product_tag?post=763347"}],"curies":[{"name":"wp","href":"https:\/\/api.w.org\/{rel}","templated":true}]}}