{"id":763345,"date":"2025-08-28T10:37:42","date_gmt":"2025-08-28T07:37:42","guid":{"rendered":"https:\/\/roveyayinevi.com.tr\/index.php\/urun\/homo-narrans\/"},"modified":"2026-04-15T03:28:40","modified_gmt":"2026-04-15T00:28:40","slug":"homo-narrans","status":"publish","type":"product","link":"https:\/\/roveyayinevi.com.tr\/index.php\/urun\/homo-narrans\/","title":{"rendered":"Homo Narrans"},"content":{"rendered":"<p>\u0130nsan\u0131n u\u011fra\u015f\u0131, kendinin in\u015fas\u0131d\u0131r, tamamlanma ve b\u00fct\u00fcnlenme gailesi. \u0130nsan, konu\u015ftuk\u00e7a konu\u015flan\u0131r, konar ve yerle\u015fir. Dille kaybetti\u011finin yerine, yine dille yenisini ikame etmeye \u00e7al\u0131\u015f\u0131r. Ula\u015fmay\u0131 ama\u00e7lad\u0131\u011f\u0131 hep geride b\u0131rakt\u0131\u011f\u0131d\u0131r. Binlerce y\u0131ll\u0131k bu kimlik in\u015fas\u0131, insan\u0131n hayvan bedenine giydi\u011fi mana d\u00fcnyas\u0131n\u0131 olu\u015fturarak onu rasyonel \u00f6rg\u00fctl\u00fc bir toplumsal varl\u0131\u011fa d\u00f6n\u00fc\u015ft\u00fcr\u00fcr. Homo narrans do\u011fadan yonttu\u011fu harflerden kurdu\u011fu metinlerle ve \u00f6l\u00fcml\u00fcl\u00fc\u011f\u00fcn\u00fcn \u00fczerine giydi\u011fi \u00f6l\u00fcms\u00fcz simgesellikle, minik par\u00e7alardan olu\u015fan b\u00fcy\u00fck \u00f6yk\u00fcler yarat\u0131c\u0131s\u0131d\u0131r. Mitler, do\u011fan\u0131n bir par\u00e7as\u0131 olarak \u00e7evresiyle etkile\u015fiminin insandaki dilsel yans\u0131malar\u0131d\u0131r, onun do\u011fa \u00fczerinde kurmaya \u00e7al\u0131\u015ft\u0131\u011f\u0131 h\u00e2kimiyetin \u00f6yk\u00fcleridir. Bu anlam\u0131yla mitler, insan\u0131n kendini in\u015fas\u0131nda kulland\u0131\u011f\u0131, kendisi taraf\u0131ndan yarat\u0131lan yap\u0131 ta\u015flar\u0131d\u0131r. \u0130nsan nedir? sorusuna verilecek yan\u0131tlar\u0131n toplam\u0131d\u0131r. \u0130nsan kendi anlat\u0131s\u0131d\u0131r; onun bedeni, d\u00fcnyas\u0131, ya\u015fam\u0131 ve k\u00fclt\u00fcr\u00fc hem \u00fcretti\u011fi hem de i\u00e7inde rol ald\u0131\u011f\u0131 mitler ve masallarda varl\u0131k bulur. \u0130\u00e7inde ya\u015fad\u0131\u011f\u0131m\u0131z, ba\u015ftan sona dille ve dilde in\u015fa edilmi\u015f bir Homo sapiens d\u00fcnyas\u0131d\u0131r. Senaryosunu kendi yazd\u0131\u011f\u0131 bir ya\u015fam\u0131 \u00f6lmek istemeden ya\u015fay\u0131p \u00f6len insan, hem ya\u015fam\u0131na hem de katlanamad\u0131\u011f\u0131 \u00f6l\u00fcme anlam y\u00fckleme \u00e7abas\u0131yla dilin ipine sar\u0131larak kendini anlat\u0131lar\u0131n k\u00f6r kuyular\u0131na b\u0131rakm\u0131\u015ft\u0131r. Belki de bu y\u00fczden Homo sapiens bir Homo narrans\u2019t\u0131r yani hik\u00e2ye anlatan insand\u0131r.   \u0130nsan ni\u00e7in hik\u00e2ye anlat\u0131r? sorusunun binlerce y\u0131ll\u0131k izini s\u00fcren bu kitap, mitler ve masallar e\u015fli\u011finde okuyucuyu heyecanl\u0131 bir yolculu\u011fa \u00e7\u0131kar\u0131yor. <\/p>\n","protected":false},"excerpt":{"rendered":"<p>\u0130nsan\u0131n u\u011fra\u015f\u0131, kendinin in\u015fas\u0131d\u0131r, tamamlanma ve b\u00fct\u00fcnlenme gailesi. \u0130nsan, konu\u015ftuk\u00e7a konu\u015flan\u0131r, konar ve yerle\u015fir. Dille kaybetti\u011finin yerine, yine dille yenisini ikame etmeye \u00e7al\u0131\u015f\u0131r. Ula\u015fmay\u0131 ama\u00e7lad\u0131\u011f\u0131 hep<span class=\"excerpt-hellip\"> [\u2026]<\/span><\/p>\n","protected":false},"featured_media":0,"template":"","meta":{"_monsterinsights_skip_tracking":false,"_monsterinsights_sitenote_active":false,"_monsterinsights_sitenote_note":"","_monsterinsights_sitenote_category":0},"product_brand":[],"product_cat":[13005],"product_tag":[],"class_list":{"0":"post-763345","1":"product","2":"type-product","3":"status-publish","5":"product_cat-bilim-muhendislik","6":"pa_cilt-ciltsiz","7":"pa_tur-kitap","8":"pa_yayinevi-pinhan-yayincilik","9":"pa_yazar-ismail-gezgin","11":"first","12":"instock","13":"sale","14":"shipping-taxable","15":"purchasable","16":"product-type-simple"},"_links":{"self":[{"href":"https:\/\/roveyayinevi.com.tr\/index.php\/wp-json\/wp\/v2\/product\/763345","targetHints":{"allow":["GET"]}}],"collection":[{"href":"https:\/\/roveyayinevi.com.tr\/index.php\/wp-json\/wp\/v2\/product"}],"about":[{"href":"https:\/\/roveyayinevi.com.tr\/index.php\/wp-json\/wp\/v2\/types\/product"}],"wp:attachment":[{"href":"https:\/\/roveyayinevi.com.tr\/index.php\/wp-json\/wp\/v2\/media?parent=763345"}],"wp:term":[{"taxonomy":"product_brand","embeddable":true,"href":"https:\/\/roveyayinevi.com.tr\/index.php\/wp-json\/wp\/v2\/product_brand?post=763345"},{"taxonomy":"product_cat","embeddable":true,"href":"https:\/\/roveyayinevi.com.tr\/index.php\/wp-json\/wp\/v2\/product_cat?post=763345"},{"taxonomy":"product_tag","embeddable":true,"href":"https:\/\/roveyayinevi.com.tr\/index.php\/wp-json\/wp\/v2\/product_tag?post=763345"}],"curies":[{"name":"wp","href":"https:\/\/api.w.org\/{rel}","templated":true}]}}