{"id":763330,"date":"2025-08-28T10:37:20","date_gmt":"2025-08-28T07:37:20","guid":{"rendered":"https:\/\/roveyayinevi.com.tr\/index.php\/urun\/tado\/"},"modified":"2026-01-30T03:56:45","modified_gmt":"2026-01-30T00:56:45","slug":"tado","status":"publish","type":"product","link":"https:\/\/roveyayinevi.com.tr\/index.php\/urun\/tado\/","title":{"rendered":"Tado"},"content":{"rendered":"<p>Tado: H\u00fczn\u00fcn Suskun F\u0131s\u0131lt\u0131lar\u0131, Adil Tu\u011fyan&#8217;\u0131n kaleme ald\u0131\u011f\u0131 Tado&#8217;nun derinlemesine bir ya\u015fam ke\u015ffi yolculu\u011fudur. Ya\u015fam\u0131n karma\u015f\u0131k dokusunu \u015fiirlerle \u00f6r\u00fcyor. Her bir dize, hayat\u0131n ini\u015fleri ve \u00e7\u0131k\u0131\u015flar\u0131n\u0131, h\u00fczn\u00fcn ve umudun i\u00e7 i\u00e7e ge\u00e7ti\u011fi anlar\u0131 ele al\u0131yor. \u015eiirler, okuyucuyu g\u00fcnl\u00fck hayat\u0131n \u00f6tesine ta\u015f\u0131y\u0131p, sessizce f\u0131s\u0131ldayan h\u00fczn\u00fcn, umudun ve yeniden do\u011fu\u015fun s\u0131rlar\u0131n\u0131 ke\u015ffetmeye davet ediyor. Bu eser, ya\u015fam\u0131n her y\u00f6n\u00fcyle \u2013 ac\u0131lar\u0131yla, sevin\u00e7leriyle, kay\u0131plar\u0131yla ve kazan\u0131mlar\u0131yla ger\u00e7ek ve hayal aras\u0131nda bir k\u00f6pr\u00fc kurup okuyucular\u0131 h\u00fczn\u00fcn suskun f\u0131s\u0131lt\u0131lar\u0131 ile bulu\u015fturuyor. ***Adil Tu\u011fyan&#8217;\u0131n &#8220;Tado: H\u00fczn\u00fcn Suskun F\u0131s\u0131lt\u0131lar\u0131&#8221; kitab\u0131, \u00f6l\u00fcm, ayr\u0131l\u0131k, a\u015fk, yaln\u0131zl\u0131k ve yabanc\u0131la\u015fma gibi evrensel duygular \u00fczerine odaklanan \u015fiirlerden olu\u015fuyor. \u015eair, ince bir duyarl\u0131l\u0131kla ki\u015fisel ac\u0131 ve \u00f6zlemleri anlat\u0131yor. Annenin \u00f6l\u00fcm\u00fcne dair bir \u015fiirde &#8220;ses&#8221; imgesiyle yas duygusu i\u015flenirken, babaya duyulan \u00f6zlem ge\u00e7mi\u015f an\u0131larla birle\u015fiyor. Toplumsal konulara da de\u011finen eser, 1978&#8217;deki bir bask\u0131n\u0131 ve 2023 depremine dair insan duygular\u0131n\u0131, ilkim de\u011fi\u015fikli\u011fi i\u00e7in toplumsal birliktelik \u00e7a\u011fr\u0131s\u0131n\u0131 ele al\u0131yor. Ayr\u0131ca, yaln\u0131zl\u0131k, hayal k\u0131r\u0131kl\u0131\u011f\u0131, insan ve a\u015fk temalar\u0131n\u0131 da derinlemesine irdeliyor. \u015eiirler, insan\u0131n kendini ve \u00e7evresini sorgulamas\u0131n\u0131 te\u015fvik eden bir melankoli ve umut aray\u0131\u015f\u0131 sunuyor.   Prof. Dr. Orhan Kemal TAVUK\u00c7UO\u011eLU Rize RTE \u00dcniversitesi Eski T\u00fcrk Edebiyat\u0131 Anabilim Dal\u0131<\/p>\n","protected":false},"excerpt":{"rendered":"<p>Tado: H\u00fczn\u00fcn Suskun F\u0131s\u0131lt\u0131lar\u0131, Adil Tu\u011fyan&#8217;\u0131n kaleme ald\u0131\u011f\u0131 Tado&#8217;nun derinlemesine bir ya\u015fam ke\u015ffi yolculu\u011fudur. Ya\u015fam\u0131n karma\u015f\u0131k dokusunu \u015fiirlerle \u00f6r\u00fcyor. Her bir dize, hayat\u0131n ini\u015fleri ve \u00e7\u0131k\u0131\u015flar\u0131n\u0131,<span class=\"excerpt-hellip\"> [\u2026]<\/span><\/p>\n","protected":false},"featured_media":0,"template":"","meta":{"_monsterinsights_skip_tracking":false,"_monsterinsights_sitenote_active":false,"_monsterinsights_sitenote_note":"","_monsterinsights_sitenote_category":0},"product_brand":[],"product_cat":[12291,12509],"product_tag":[],"class_list":{"0":"post-763330","1":"product","2":"type-product","3":"status-publish","5":"product_cat-edebiyat","6":"product_cat-siir","7":"pa_cilt-ciltsiz","8":"pa_tur-kitap","9":"pa_yayinevi-vova-yayinlari","10":"pa_yazar-adil-tugyan","12":"first","13":"instock","14":"sale","15":"shipping-taxable","16":"purchasable","17":"product-type-simple"},"_links":{"self":[{"href":"https:\/\/roveyayinevi.com.tr\/index.php\/wp-json\/wp\/v2\/product\/763330","targetHints":{"allow":["GET"]}}],"collection":[{"href":"https:\/\/roveyayinevi.com.tr\/index.php\/wp-json\/wp\/v2\/product"}],"about":[{"href":"https:\/\/roveyayinevi.com.tr\/index.php\/wp-json\/wp\/v2\/types\/product"}],"wp:attachment":[{"href":"https:\/\/roveyayinevi.com.tr\/index.php\/wp-json\/wp\/v2\/media?parent=763330"}],"wp:term":[{"taxonomy":"product_brand","embeddable":true,"href":"https:\/\/roveyayinevi.com.tr\/index.php\/wp-json\/wp\/v2\/product_brand?post=763330"},{"taxonomy":"product_cat","embeddable":true,"href":"https:\/\/roveyayinevi.com.tr\/index.php\/wp-json\/wp\/v2\/product_cat?post=763330"},{"taxonomy":"product_tag","embeddable":true,"href":"https:\/\/roveyayinevi.com.tr\/index.php\/wp-json\/wp\/v2\/product_tag?post=763330"}],"curies":[{"name":"wp","href":"https:\/\/api.w.org\/{rel}","templated":true}]}}