{"id":763314,"date":"2025-08-28T10:36:56","date_gmt":"2025-08-28T07:36:56","guid":{"rendered":"https:\/\/roveyayinevi.com.tr\/index.php\/urun\/mindful-ebeveynlik\/"},"modified":"2026-04-13T03:24:26","modified_gmt":"2026-04-13T00:24:26","slug":"mindful-ebeveynlik","status":"publish","type":"product","link":"https:\/\/roveyayinevi.com.tr\/index.php\/urun\/mindful-ebeveynlik\/","title":{"rendered":"Mindful Ebeveynlik"},"content":{"rendered":"<p>Mindful Ebeveynlik ilk bas\u0131ld\u0131\u011f\u0131 y\u0131lda benzerlerinden fark\u0131 sayesinde b\u00fcy\u00fck ses getirmi\u015fti. \u015eimdi de tamamen yeni bir giri\u015f yaz\u0131s\u0131 ve sons\u00f6zdeki geni\u015fletilmi\u015f uygulamalar da d\u00e2hil olmak \u00fczere yeni materyallerle g\u00fcncellenerek fark\u0131n\u0131 ortaya koymaya devam ediyor. K\u00fcresel \u00e7apta tan\u0131nan mindfulness uzman\u0131 Jon Kabat-Zinn ve e\u015fi Myla Kabat-Zinn\u2019in \u00e7\u0131\u011f\u0131r a\u00e7an \u201czihin\/beden ba\u011flant\u0131s\u0131\u201d konusundaki fikirlerine yer verilen Mindful Ebeveynlik, ebeveyn olman\u0131n duygusal, sezgisel ve deneyimsel boyutunu temel alan say\u0131l\u0131 kitaptan biridir. Mindfulness bir ya\u015fam bi\u00e7imidir ve optimal sa\u011fl\u0131k ve refaha katt\u0131\u011f\u0131 de\u011fere dair giderek artan say\u0131da bilimsel kan\u0131t ortaya \u00e7\u0131kmaktad\u0131r. Psikolojide mindful ebeveynlik konusuna art\u0131k \u00f6nemli bir yer verilmektedir ve mindfulness 12 ya\u015fa kadar olan \u00e7ocuklar\u0131n e\u011fitim program\u0131na entegre edilmeye ba\u015flanm\u0131\u015ft\u0131r. Bu kitap boyunca hem mindful ya\u015faman\u0131n inceliklerine bir g\u00f6z atacak hem de bu uygulamalar\u0131 \u00e7ocu\u011funuzla olan ili\u015fkinize nas\u0131l uygulayabilece\u011finizi g\u00f6receksiniz. Ebeveynlik ve aile ya\u015fam\u0131nda daha fazla bilin\u00e7li fark\u0131ndal\u0131k geli\u015ftirmek i\u00e7in bundan daha iyi bir zaman olamaz!<\/p>\n","protected":false},"excerpt":{"rendered":"<p>Mindful Ebeveynlik ilk bas\u0131ld\u0131\u011f\u0131 y\u0131lda benzerlerinden fark\u0131 sayesinde b\u00fcy\u00fck ses getirmi\u015fti. \u015eimdi de tamamen yeni bir giri\u015f yaz\u0131s\u0131 ve sons\u00f6zdeki geni\u015fletilmi\u015f uygulamalar da d\u00e2hil olmak \u00fczere<span class=\"excerpt-hellip\"> [\u2026]<\/span><\/p>\n","protected":false},"featured_media":0,"template":"","meta":{"_monsterinsights_skip_tracking":false,"_monsterinsights_sitenote_active":false,"_monsterinsights_sitenote_note":"","_monsterinsights_sitenote_category":0},"product_brand":[],"product_cat":[12364,12376],"product_tag":[],"class_list":{"0":"post-763314","1":"product","2":"type-product","3":"status-publish","5":"product_cat-genel-konular","6":"product_cat-kisisel-gelisim","7":"pa_cilt-ciltsiz","8":"pa_tur-kitap","9":"pa_yayinevi-ucuncu-goz","10":"pa_yazar-myla-kabat-zinn-jon-kabat-zinn","12":"first","13":"instock","14":"sale","15":"shipping-taxable","16":"purchasable","17":"product-type-simple"},"_links":{"self":[{"href":"https:\/\/roveyayinevi.com.tr\/index.php\/wp-json\/wp\/v2\/product\/763314","targetHints":{"allow":["GET"]}}],"collection":[{"href":"https:\/\/roveyayinevi.com.tr\/index.php\/wp-json\/wp\/v2\/product"}],"about":[{"href":"https:\/\/roveyayinevi.com.tr\/index.php\/wp-json\/wp\/v2\/types\/product"}],"wp:attachment":[{"href":"https:\/\/roveyayinevi.com.tr\/index.php\/wp-json\/wp\/v2\/media?parent=763314"}],"wp:term":[{"taxonomy":"product_brand","embeddable":true,"href":"https:\/\/roveyayinevi.com.tr\/index.php\/wp-json\/wp\/v2\/product_brand?post=763314"},{"taxonomy":"product_cat","embeddable":true,"href":"https:\/\/roveyayinevi.com.tr\/index.php\/wp-json\/wp\/v2\/product_cat?post=763314"},{"taxonomy":"product_tag","embeddable":true,"href":"https:\/\/roveyayinevi.com.tr\/index.php\/wp-json\/wp\/v2\/product_tag?post=763314"}],"curies":[{"name":"wp","href":"https:\/\/api.w.org\/{rel}","templated":true}]}}