{"id":763307,"date":"2025-08-28T10:36:46","date_gmt":"2025-08-28T07:36:46","guid":{"rendered":"https:\/\/roveyayinevi.com.tr\/index.php\/urun\/duygularin-dunyasinda-bir-yolculuk\/"},"modified":"2026-04-15T03:28:39","modified_gmt":"2026-04-15T00:28:39","slug":"duygularin-dunyasinda-bir-yolculuk","status":"publish","type":"product","link":"https:\/\/roveyayinevi.com.tr\/index.php\/urun\/duygularin-dunyasinda-bir-yolculuk\/","title":{"rendered":"Duygular\u0131n D\u00fcnyas\u0131nda Bir Yolculuk"},"content":{"rendered":"<p>Her birimiz, duygular\u0131m\u0131z\u0131n d\u00fcnyas\u0131nda \u00e7o\u011funlukla korkuyla, su\u00e7luluk duygular\u0131yla, pi\u015fmanl\u0131klarla benzersiz bir yolculuk yap\u0131yoruz. Bu kitap; bu duygusal manzarada yolunuzu bulman\u0131za rehberlik etmeyi ama\u00e7l\u0131yor. \u0130layda Sanbay&#8217;\u0131n kendi hayat\u0131ndan ve terapi deneyimlerinden ilham alarak kaleme ald\u0131\u011f\u0131 bu eser, okuyucuyu kendi duygular\u0131n\u0131 ke\u015ffetmeye, onlar\u0131 anlamaya ve kucaklamaya davet ediyor.   Duygular\u0131m\u0131z\u0131 anlamadan sa\u011fl\u0131kl\u0131 ili\u015fkiler kurmak, hayattan tam anlam\u0131yla tat almak m\u00fcmk\u00fcn de\u011fil.   &#8220;Duygular\u0131n D\u00fcnyas\u0131nda Bir Yolculuk&#8221; duygusal fark\u0131ndal\u0131\u011f\u0131n\u0131z\u0131 artt\u0131rarak, karma\u015f\u0131k hissetmenin normalli\u011fini kabul etmenizi ve ger\u00e7ek \u00f6zg\u00fcrl\u00fc\u011f\u00fcn kap\u0131lar\u0131n\u0131 aralaman\u0131z\u0131 sa\u011flayacak. Haf\u0131z\u2019\u0131n dedi\u011fi gibi &#8220;Senin kalbin ve benim kalbim \u00e7ok \u00e7ok eski arkada\u015flar.&#8221;   Bu kitap, hayat\u0131ndaki duygusal zorluklarla ba\u015fa \u00e7\u0131kmak ve i\u00e7sel huzura ula\u015fmak isteyen herkes i\u00e7in kalbe ufak bir dokunu\u015f b\u0131rakma hedefindedir.   Duygular\u0131n\u0131z\u0131 kucaklay\u0131n \u00e7\u00fcnk\u00fc onlar, sizi siz yapan, size g\u00fc\u00e7 veren en \u00f6nemli par\u00e7alard\u0131r.<\/p>\n","protected":false},"excerpt":{"rendered":"<p>Her birimiz, duygular\u0131m\u0131z\u0131n d\u00fcnyas\u0131nda \u00e7o\u011funlukla korkuyla, su\u00e7luluk duygular\u0131yla, pi\u015fmanl\u0131klarla benzersiz bir yolculuk yap\u0131yoruz. Bu kitap; bu duygusal manzarada yolunuzu bulman\u0131za rehberlik etmeyi ama\u00e7l\u0131yor. \u0130layda Sanbay&#8217;\u0131n kendi<span class=\"excerpt-hellip\"> [\u2026]<\/span><\/p>\n","protected":false},"featured_media":0,"template":"","meta":{"_monsterinsights_skip_tracking":false,"_monsterinsights_sitenote_active":false,"_monsterinsights_sitenote_note":"","_monsterinsights_sitenote_category":0},"product_brand":[],"product_cat":[12357],"product_tag":[],"class_list":{"0":"post-763307","1":"product","2":"type-product","3":"status-publish","5":"product_cat-psikoloji","6":"pa_cilt-ciltsiz","7":"pa_tur-kitap","8":"pa_yayinevi-luna-yayinlari","9":"pa_yazar-ilayda-sanbay","11":"first","12":"instock","13":"sale","14":"shipping-taxable","15":"purchasable","16":"product-type-simple"},"_links":{"self":[{"href":"https:\/\/roveyayinevi.com.tr\/index.php\/wp-json\/wp\/v2\/product\/763307","targetHints":{"allow":["GET"]}}],"collection":[{"href":"https:\/\/roveyayinevi.com.tr\/index.php\/wp-json\/wp\/v2\/product"}],"about":[{"href":"https:\/\/roveyayinevi.com.tr\/index.php\/wp-json\/wp\/v2\/types\/product"}],"wp:attachment":[{"href":"https:\/\/roveyayinevi.com.tr\/index.php\/wp-json\/wp\/v2\/media?parent=763307"}],"wp:term":[{"taxonomy":"product_brand","embeddable":true,"href":"https:\/\/roveyayinevi.com.tr\/index.php\/wp-json\/wp\/v2\/product_brand?post=763307"},{"taxonomy":"product_cat","embeddable":true,"href":"https:\/\/roveyayinevi.com.tr\/index.php\/wp-json\/wp\/v2\/product_cat?post=763307"},{"taxonomy":"product_tag","embeddable":true,"href":"https:\/\/roveyayinevi.com.tr\/index.php\/wp-json\/wp\/v2\/product_tag?post=763307"}],"curies":[{"name":"wp","href":"https:\/\/api.w.org\/{rel}","templated":true}]}}