{"id":763296,"date":"2025-08-28T10:36:31","date_gmt":"2025-08-28T07:36:31","guid":{"rendered":"https:\/\/roveyayinevi.com.tr\/index.php\/urun\/resimli-turkce-sozlugum\/"},"modified":"2026-04-15T03:28:39","modified_gmt":"2026-04-15T00:28:39","slug":"resimli-turkce-sozlugum","status":"publish","type":"product","link":"https:\/\/roveyayinevi.com.tr\/index.php\/urun\/resimli-turkce-sozlugum\/","title":{"rendered":"Resimli T\u00fcrk\u00e7e S\u00f6zl\u00fc\u011f\u00fcm"},"content":{"rendered":"<p>\u00d6rnek C\u00fcmleli, 2000&#8217;e Yak\u0131n Kelime, Renkli Resimli, TDK Yeni Yaz\u0131m Klavuzuna Uygun inceledi\u011finiz bu s\u00f6zl\u00fck sayesinde diliniz zenginle\u015fecek, daha iyi anlama ve anlatma g\u00fcc\u00fcne sahip olacaks\u0131n\u0131z. G\u00fcnl\u00fck hayatta kar\u015f\u0131la\u015fabilece\u011finiz kelimelerin pek \u00e7o\u011funu burada bulabilecek ve anlamlar\u0131n\u0131 \u00f6\u011frenebileceksiniz. Kelimelerin ger\u00e7ek anlamlar\u0131n\u0131n yan\u0131nda, kullan\u0131lan di\u011fer yan anlamlar\u0131 da verilmi\u015ftir. Bunlar\u0131n peki\u015fmesi i\u00e7in de her biri i\u00e7in uygun olan \u00f6zel g\u00f6rseller se\u00e7ilmi\u015ftir. Kelimelerin daha kolay bulunabilmesi i\u00e7in bunlar k\u0131rm\u0131z\u0131 olarak verilmi\u015ftir. Her bir kelimenin anlam\u0131n\u0131n kavranmas\u0131 i\u00e7in de c\u00fcmleler kullan\u0131lm\u0131\u015ft\u0131r. Bu c\u00fcmleler, m\u00fcfredata uygun olarak biti\u015fik e\u011fik el yaz\u0131s\u0131 ile yaz\u0131lm\u0131\u015ft\u0131r. \u0130ki bine yak\u0131n kelimenin bulundu\u011fu bu s\u00f6zl\u00fck sayesinde merak etti\u011fini her kelimeyi rahatl\u0131kla \u00f6\u011freneceksiniz. Derslerinize yard\u0131mc\u0131 ve g\u00fcnl\u00fck hayat\u0131n\u0131zda da size kolayl\u0131k sa\u011flayacak olan bu s\u00f6zl\u00fc\u011f\u00fc g\u00fczel g\u00fcnlerde kullanman\u0131z dile\u011fiyle&#8230;<\/p>\n","protected":false},"excerpt":{"rendered":"<p>\u00d6rnek C\u00fcmleli, 2000&#8217;e Yak\u0131n Kelime, Renkli Resimli, TDK Yeni Yaz\u0131m Klavuzuna Uygun inceledi\u011finiz bu s\u00f6zl\u00fck sayesinde diliniz zenginle\u015fecek, daha iyi anlama ve anlatma g\u00fcc\u00fcne sahip olacaks\u0131n\u0131z.<span class=\"excerpt-hellip\"> [\u2026]<\/span><\/p>\n","protected":false},"featured_media":0,"template":"","meta":{"_monsterinsights_skip_tracking":false,"_monsterinsights_sitenote_active":false,"_monsterinsights_sitenote_note":"","_monsterinsights_sitenote_category":0},"product_brand":[],"product_cat":[12566,13611],"product_tag":[],"class_list":{"0":"post-763296","1":"product","2":"type-product","3":"status-publish","5":"product_cat-egitim","6":"product_cat-sozlukler-ve-konusma-kilavuzlari","7":"pa_cilt-ciltsiz","8":"pa_tur-kitap","9":"pa_yayinevi-ema-kitap","10":"pa_yazar-kolektif","12":"first","13":"instock","14":"sale","15":"shipping-taxable","16":"purchasable","17":"product-type-simple"},"_links":{"self":[{"href":"https:\/\/roveyayinevi.com.tr\/index.php\/wp-json\/wp\/v2\/product\/763296","targetHints":{"allow":["GET"]}}],"collection":[{"href":"https:\/\/roveyayinevi.com.tr\/index.php\/wp-json\/wp\/v2\/product"}],"about":[{"href":"https:\/\/roveyayinevi.com.tr\/index.php\/wp-json\/wp\/v2\/types\/product"}],"wp:attachment":[{"href":"https:\/\/roveyayinevi.com.tr\/index.php\/wp-json\/wp\/v2\/media?parent=763296"}],"wp:term":[{"taxonomy":"product_brand","embeddable":true,"href":"https:\/\/roveyayinevi.com.tr\/index.php\/wp-json\/wp\/v2\/product_brand?post=763296"},{"taxonomy":"product_cat","embeddable":true,"href":"https:\/\/roveyayinevi.com.tr\/index.php\/wp-json\/wp\/v2\/product_cat?post=763296"},{"taxonomy":"product_tag","embeddable":true,"href":"https:\/\/roveyayinevi.com.tr\/index.php\/wp-json\/wp\/v2\/product_tag?post=763296"}],"curies":[{"name":"wp","href":"https:\/\/api.w.org\/{rel}","templated":true}]}}