{"id":763295,"date":"2025-08-28T10:36:30","date_gmt":"2025-08-28T07:36:30","guid":{"rendered":"https:\/\/roveyayinevi.com.tr\/index.php\/urun\/resimli-ingilizce-turkce-turkce-ingilizce-sozluk\/"},"modified":"2026-04-15T03:28:39","modified_gmt":"2026-04-15T00:28:39","slug":"resimli-ingilizce-turkce-turkce-ingilizce-sozluk","status":"publish","type":"product","link":"https:\/\/roveyayinevi.com.tr\/index.php\/urun\/resimli-ingilizce-turkce-turkce-ingilizce-sozluk\/","title":{"rendered":"Resimli \u0130ngilizce &#8211; T\u00fcrk\u00e7e \/ T\u00fcrk\u00e7e &#8211; \u0130ngilizce S\u00f6zl\u00fck"},"content":{"rendered":"<p>Resimli \u0130ngilizce &#8211; T\u00fcrk\u00e7e S\u00f6zl\u00fck ile ingilizce dersleriniz daha zevkli h\u00e2le gelecek.Anlam\u0131n\u0131 bilmedi\u011finiz s\u00f6zc\u00fckleri an\u0131nda elinizdeki s\u00f6zl\u00fckten \u00f6\u011frenecek ve \u00f6rnek c\u00fcmle i\u00e7inde kullan\u0131l\u0131\u015f\u0131 ile anlam\u0131n\u0131 daha kolay peki\u015ftireceksiniz. S\u00f6zc\u00fckler resimlerle desteklendi, \u00f6rnek c\u00fcmle i\u00e7inde kullan\u0131ld\u0131 ve T\u00fcrk\u00e7e anlamlar\u0131 verildi. Bu yolla sizlerin anlam\u0131n\u0131 bir b\u00fct\u00fcn olarak \u00f6\u011frenmeniz ama\u00e7land\u0131. \u0130lk ad\u0131m\u0131n at\u0131lmas\u0131 ve sonraki ad\u0131mlar\u0131n yapaca\u011f\u0131n\u0131z \u00e7al\u0131\u015fmalarla peki\u015ftirece\u011finiz d\u00fc\u015f\u00fcn\u00fcld\u00fc.<\/p>\n","protected":false},"excerpt":{"rendered":"<p>Resimli \u0130ngilizce &#8211; T\u00fcrk\u00e7e S\u00f6zl\u00fck ile ingilizce dersleriniz daha zevkli h\u00e2le gelecek.Anlam\u0131n\u0131 bilmedi\u011finiz s\u00f6zc\u00fckleri an\u0131nda elinizdeki s\u00f6zl\u00fckten \u00f6\u011frenecek ve \u00f6rnek c\u00fcmle i\u00e7inde kullan\u0131l\u0131\u015f\u0131 ile anlam\u0131n\u0131 daha<span class=\"excerpt-hellip\"> [\u2026]<\/span><\/p>\n","protected":false},"featured_media":0,"template":"","meta":{"_monsterinsights_skip_tracking":false,"_monsterinsights_sitenote_active":false,"_monsterinsights_sitenote_note":"","_monsterinsights_sitenote_category":0},"product_brand":[],"product_cat":[12566,13611],"product_tag":[],"class_list":{"0":"post-763295","1":"product","2":"type-product","3":"status-publish","5":"product_cat-egitim","6":"product_cat-sozlukler-ve-konusma-kilavuzlari","7":"pa_cilt-ciltsiz","8":"pa_tur-kitap","9":"pa_yayinevi-ema-kitap","10":"pa_yazar-kolektif","12":"first","13":"instock","14":"sale","15":"shipping-taxable","16":"purchasable","17":"product-type-simple"},"_links":{"self":[{"href":"https:\/\/roveyayinevi.com.tr\/index.php\/wp-json\/wp\/v2\/product\/763295","targetHints":{"allow":["GET"]}}],"collection":[{"href":"https:\/\/roveyayinevi.com.tr\/index.php\/wp-json\/wp\/v2\/product"}],"about":[{"href":"https:\/\/roveyayinevi.com.tr\/index.php\/wp-json\/wp\/v2\/types\/product"}],"wp:attachment":[{"href":"https:\/\/roveyayinevi.com.tr\/index.php\/wp-json\/wp\/v2\/media?parent=763295"}],"wp:term":[{"taxonomy":"product_brand","embeddable":true,"href":"https:\/\/roveyayinevi.com.tr\/index.php\/wp-json\/wp\/v2\/product_brand?post=763295"},{"taxonomy":"product_cat","embeddable":true,"href":"https:\/\/roveyayinevi.com.tr\/index.php\/wp-json\/wp\/v2\/product_cat?post=763295"},{"taxonomy":"product_tag","embeddable":true,"href":"https:\/\/roveyayinevi.com.tr\/index.php\/wp-json\/wp\/v2\/product_tag?post=763295"}],"curies":[{"name":"wp","href":"https:\/\/api.w.org\/{rel}","templated":true}]}}