{"id":763258,"date":"2025-08-28T10:35:30","date_gmt":"2025-08-28T07:35:30","guid":{"rendered":"https:\/\/roveyayinevi.com.tr\/index.php\/urun\/dakikalar-icinde-buyuk-konusmalar\/"},"modified":"2026-04-15T03:28:38","modified_gmt":"2026-04-15T00:28:38","slug":"dakikalar-icinde-buyuk-konusmalar","status":"publish","type":"product","link":"https:\/\/roveyayinevi.com.tr\/index.php\/urun\/dakikalar-icinde-buyuk-konusmalar\/","title":{"rendered":"Dakikalar \u0130\u00e7inde B\u00fcy\u00fck Konu\u015fmalar"},"content":{"rendered":"<p>Tarih\u00ee De\u011fi\u015ftiren 200 Konu\u015fma Marcus Antonius&#8217;un Sezar&#8217;\u0131n cenazesinde yapt\u0131\u011f\u0131 konu\u015fmay\u0131, Sokrates\u2019in idama mahk\u00fbm edildikten sonraki son s\u00f6zlerini, B\u00fcy\u00fck \u0130skender\u2019in askerlerini son bir sefere kat\u0131lmaya nas\u0131l raz\u0131 etti\u011fini, I. Elizabeth\u2019in \u0130ngiliz halk\u0131n\u0131 yabanc\u0131 istilac\u0131 kuvvetlere kar\u015f\u0131 nas\u0131l bir araya getirdi\u011fini, Napoleon Bonaparte&#8217;\u0131n s\u00fcrg\u00fcne g\u00f6nderilirken Eski Muhaf\u0131zlar adl\u0131 elit birli\u011fine yapt\u0131\u011f\u0131 veday\u0131, Atat\u00fcrk\u2019\u00fcn halk\u0131na nas\u0131l seslendi\u011fini, Winston Churchill\u2019in Nazi zaferini \u00f6nlemek amac\u0131yla halk\u0131n\u0131 t\u00fcm g\u00fcc\u00fcyle m\u00fccadeleye \u00e7a\u011f\u0131rmak i\u00e7in yapt\u0131\u011f\u0131 konu\u015fmay\u0131 veya Martin Luther King Jr.\u2019\u0131n trajik bir suikasta kurban gitmeden \u00f6nce yapt\u0131\u011f\u0131 son b\u00fcy\u00fck konu\u015fmada neler s\u00f6yledi\u011fini hi\u00e7 merak ettiniz mi? Dakikalar \u0130\u00e7inde B\u00fcy\u00fck Konu\u015fmalar, bu ve benzeri bir\u00e7ok sorunun arka plan\u0131n\u0131 ayd\u0131nlat\u0131yor ve cevaplar\u0131n\u0131 sunuyor. Bu kitapta, tarihin en etkileyici 200 konu\u015fmas\u0131 yer al\u0131yor. Konu\u015fmac\u0131lar ise uygarl\u0131\u011f\u0131n ye\u015ferdi\u011fi her k\u0131tadan ve farkl\u0131 milletlerden yeti\u015fmi\u015f \u00f6nemli isimlerden olu\u015fmakta. Amac\u0131n\u0131z ister hitabet sanat\u0131nda ustala\u015fmak, ister tarihteki b\u00fcy\u00fck lider karakterler ve y\u00f6neticilerin dinleyicilerini s\u00f6zleriyle nas\u0131l etkiledi\u011fini anlamak olsun, Dakikalar \u0130\u00e7inde B\u00fcy\u00fck Konu\u015fmalar sizin i\u00e7in m\u00fckemmel bir kaynak olacak.<\/p>\n","protected":false},"excerpt":{"rendered":"<p>Tarih\u00ee De\u011fi\u015ftiren 200 Konu\u015fma Marcus Antonius&#8217;un Sezar&#8217;\u0131n cenazesinde yapt\u0131\u011f\u0131 konu\u015fmay\u0131, Sokrates\u2019in idama mahk\u00fbm edildikten sonraki son s\u00f6zlerini, B\u00fcy\u00fck \u0130skender\u2019in askerlerini son bir sefere kat\u0131lmaya nas\u0131l raz\u0131<span class=\"excerpt-hellip\"> [\u2026]<\/span><\/p>\n","protected":false},"featured_media":0,"template":"","meta":{"_monsterinsights_skip_tracking":false,"_monsterinsights_sitenote_active":false,"_monsterinsights_sitenote_note":"","_monsterinsights_sitenote_category":0},"product_brand":[],"product_cat":[12304],"product_tag":[],"class_list":{"0":"post-763258","1":"product","2":"type-product","3":"status-publish","5":"product_cat-tarih","6":"pa_cilt-ciltsiz","7":"pa_tur-kitap","8":"pa_yayinevi-kronik-kitap","9":"pa_yazar-jacob-f-field","11":"first","12":"instock","13":"sale","14":"shipping-taxable","15":"purchasable","16":"product-type-simple"},"_links":{"self":[{"href":"https:\/\/roveyayinevi.com.tr\/index.php\/wp-json\/wp\/v2\/product\/763258","targetHints":{"allow":["GET"]}}],"collection":[{"href":"https:\/\/roveyayinevi.com.tr\/index.php\/wp-json\/wp\/v2\/product"}],"about":[{"href":"https:\/\/roveyayinevi.com.tr\/index.php\/wp-json\/wp\/v2\/types\/product"}],"wp:attachment":[{"href":"https:\/\/roveyayinevi.com.tr\/index.php\/wp-json\/wp\/v2\/media?parent=763258"}],"wp:term":[{"taxonomy":"product_brand","embeddable":true,"href":"https:\/\/roveyayinevi.com.tr\/index.php\/wp-json\/wp\/v2\/product_brand?post=763258"},{"taxonomy":"product_cat","embeddable":true,"href":"https:\/\/roveyayinevi.com.tr\/index.php\/wp-json\/wp\/v2\/product_cat?post=763258"},{"taxonomy":"product_tag","embeddable":true,"href":"https:\/\/roveyayinevi.com.tr\/index.php\/wp-json\/wp\/v2\/product_tag?post=763258"}],"curies":[{"name":"wp","href":"https:\/\/api.w.org\/{rel}","templated":true}]}}