{"id":763244,"date":"2025-08-28T10:35:08","date_gmt":"2025-08-28T07:35:08","guid":{"rendered":"https:\/\/roveyayinevi.com.tr\/index.php\/urun\/iletisim-sanati\/"},"modified":"2026-04-08T03:25:18","modified_gmt":"2026-04-08T00:25:18","slug":"iletisim-sanati","status":"publish","type":"product","link":"https:\/\/roveyayinevi.com.tr\/index.php\/urun\/iletisim-sanati\/","title":{"rendered":"\u0130leti\u015fim Sanat\u0131"},"content":{"rendered":"<p>D\u00fcnyan\u0131n en tan\u0131nm\u0131\u015f Zen ustalar\u0131ndan ruhani lider, \u015fair, aktivist Thich Nhat Hanh \u0130leti\u015fim Sanat\u0131\u2019nda hayattaki en \u00f6nemli beceri olan ileti\u015fimi geli\u015ftirerek hem kendimizle hem ba\u015fkalar\u0131yla huzur, \u00f6zg\u00fcrl\u00fck ve esenlik i\u00e7inde ya\u015faman\u0131n yollar\u0131n\u0131 g\u00f6steriyor. Buddhizm\u2019in temel \u00f6\u011fretilerinden hareketle evrensel \u00f6\u011fretiler geli\u015ftiren Thich Nhat Hanh derinlemesine dinleme, sevgiyle konu\u015fma ve fark\u0131ndal\u0131kl\u0131 ileti\u015fim pratikleri yoluyla ili\u015fkilerimizde mevcudiyete dayal\u0131 anlay\u0131\u015fl\u0131 ve \u015fefkatli bir yakla\u015f\u0131m geli\u015ftirmenin hayat\u0131m\u0131z\u0131 ve ili\u015fkilerimizi d\u00f6n\u00fc\u015ft\u00fcrme, iyile\u015ftirme ve zenginle\u015ftirme g\u00fcc\u00fcn\u00fc ortaya koyuyor.  G\u00fcndelik etkile\u015fimlerden, \u00e7ift ve aile ili\u015fkilerinden, i\u015f hayat\u0131ndan, siyasi g\u00f6r\u00fc\u015fmelerden \u00f6rnekler vererek ileti\u015fimde ya\u015fad\u0131\u011f\u0131m\u0131z zorluklarla ba\u015fa \u00e7\u0131kman\u0131n yollar\u0131n\u0131 ve do\u011fru ileti\u015fimin kendimizi ve d\u00fcnyay\u0131 d\u00f6n\u00fc\u015ft\u00fcrme potansiyelini berrak ve bilgelik dolu bir \u00fcslupla anlat\u0131yor. \u201cHi\u00e7bir \u015fey besinsiz hayatta kalamaz. T\u00fckettiklerimiz bize \u015fifa da olur zehir de. Beslenme deyince akl\u0131m\u0131za sadece a\u011fz\u0131m\u0131zdan girenler gelse de, g\u00f6z\u00fcm\u00fczle, kula\u011f\u0131m\u0131zla, burnumuzla, dilimizle, bedenimizle t\u00fckettiklerimiz de g\u0131dad\u0131r. \u00c7evremizde duydu\u011fumuz konu\u015fmalar ve i\u015ftirak etti\u011fimiz sohbetler de g\u0131dad\u0131r. Peki, t\u00fcketti\u011fimiz ve \u00fcretti\u011fimiz besinler sa\u011fl\u0131\u011f\u0131m\u0131za iyi geliyor mu, geli\u015fimimize yard\u0131mc\u0131 oluyor mu?\u201d<\/p>\n","protected":false},"excerpt":{"rendered":"<p>D\u00fcnyan\u0131n en tan\u0131nm\u0131\u015f Zen ustalar\u0131ndan ruhani lider, \u015fair, aktivist Thich Nhat Hanh \u0130leti\u015fim Sanat\u0131\u2019nda hayattaki en \u00f6nemli beceri olan ileti\u015fimi geli\u015ftirerek hem kendimizle hem ba\u015fkalar\u0131yla huzur,<span class=\"excerpt-hellip\"> [\u2026]<\/span><\/p>\n","protected":false},"featured_media":0,"template":"","meta":{"_monsterinsights_skip_tracking":false,"_monsterinsights_sitenote_active":false,"_monsterinsights_sitenote_note":"","_monsterinsights_sitenote_category":0},"product_brand":[],"product_cat":[12364,12376],"product_tag":[],"class_list":{"0":"post-763244","1":"product","2":"type-product","3":"status-publish","5":"product_cat-genel-konular","6":"product_cat-kisisel-gelisim","7":"pa_cilt-ciltsiz","8":"pa_tur-kitap","9":"pa_yayinevi-koridor-yayincilik","10":"pa_yazar-thich-nhat-hanh","12":"first","13":"instock","14":"sale","15":"shipping-taxable","16":"purchasable","17":"product-type-simple"},"_links":{"self":[{"href":"https:\/\/roveyayinevi.com.tr\/index.php\/wp-json\/wp\/v2\/product\/763244","targetHints":{"allow":["GET"]}}],"collection":[{"href":"https:\/\/roveyayinevi.com.tr\/index.php\/wp-json\/wp\/v2\/product"}],"about":[{"href":"https:\/\/roveyayinevi.com.tr\/index.php\/wp-json\/wp\/v2\/types\/product"}],"wp:attachment":[{"href":"https:\/\/roveyayinevi.com.tr\/index.php\/wp-json\/wp\/v2\/media?parent=763244"}],"wp:term":[{"taxonomy":"product_brand","embeddable":true,"href":"https:\/\/roveyayinevi.com.tr\/index.php\/wp-json\/wp\/v2\/product_brand?post=763244"},{"taxonomy":"product_cat","embeddable":true,"href":"https:\/\/roveyayinevi.com.tr\/index.php\/wp-json\/wp\/v2\/product_cat?post=763244"},{"taxonomy":"product_tag","embeddable":true,"href":"https:\/\/roveyayinevi.com.tr\/index.php\/wp-json\/wp\/v2\/product_tag?post=763244"}],"curies":[{"name":"wp","href":"https:\/\/api.w.org\/{rel}","templated":true}]}}