{"id":763243,"date":"2025-08-28T10:35:06","date_gmt":"2025-08-28T07:35:06","guid":{"rendered":"https:\/\/roveyayinevi.com.tr\/index.php\/urun\/yasama-sanati-5\/"},"modified":"2026-04-15T03:28:38","modified_gmt":"2026-04-15T00:28:38","slug":"yasama-sanati-5","status":"publish","type":"product","link":"https:\/\/roveyayinevi.com.tr\/index.php\/urun\/yasama-sanati-5\/","title":{"rendered":"Ya\u015fama Sanat\u0131"},"content":{"rendered":"<p>D\u00fcnyan\u0131n en tan\u0131nm\u0131\u015f Zen ustalar\u0131ndan ruhani lider, \u015fair, aktivist Thich Nhat Hanh Ya\u015fama Sanat\u0131\u2019nda b\u00fct\u00fcnl\u00fckl\u00fc yakla\u015f\u0131m\u0131 ve berrak \u00fcslubuyla hayata dair en temel meseleler \u00fczerinde durarak, mutlulu\u011fu ve \u00f6zg\u00fcrl\u00fc\u011f\u00fc ya\u015famaya y\u00f6nelik i\u00e7g\u00f6r\u00fcler ve pratikler sunuyor. Buddhizm\u2019in evrensel \u00f6\u011fretilerini esas alan Thich Nhat Hanh fark\u0131ndal\u0131kl\u0131 ya\u015fama, derinlemesine bakma, yo\u011funla\u015fma ve mevcudiyet pratikleriyle ac\u0131lar\u0131m\u0131z\u0131 ve al\u0131\u015fkanl\u0131klar\u0131m\u0131z\u0131 d\u00f6n\u00fc\u015ft\u00fcrecek, ger\u00e7eklerle ba\u015fa \u00e7\u0131kmam\u0131z\u0131 sa\u011flayacak, hayatlar\u0131m\u0131zda huzuru, ne\u015feyi, sevgiyi \u00e7o\u011faltacak bir ya\u015fama sanat\u0131 \u00f6neriyor. Thich Nhat Hanh deneyime dayal\u0131 i\u00e7g\u00f6r\u00fcn\u00fcn g\u00fcc\u00fcyle felsefi, bilimsel ve manevi perspektifleri kayna\u015ft\u0131rarak, t\u00fcm varl\u0131klar\u0131n birbiriyle ba\u011flar\u0131n\u0131 ve m\u00fc\u015fterek varolu\u015funu yans\u0131tan \u201cvarl\u0131klar-aras\u0131l\u0131k\u201d vizyonu temelinde kendimizle, ba\u015fkalar\u0131yla, d\u00fcnyayla bar\u0131\u015f ve esenlik i\u00e7inde ya\u015faman\u0131n yollar\u0131n\u0131 g\u00f6steriyor. \u201cBizler ba\u011f\u0131ms\u0131z olarak varolmay\u0131z, varl\u0131\u011f\u0131m\u0131z varl\u0131klar-aras\u0131d\u0131r. Y\u0131ld\u0131zlar, bulutlar, \u00e7i\u00e7ekler, a\u011fa\u00e7lar, siz ya da ben fark etmeksizin k\u00e2inatta tezah\u00fcr eden her \u015feyin varl\u0131\u011f\u0131 birbirine ba\u011fl\u0131d\u0131r. Yirminci y\u00fczy\u0131l\u0131n alameti farikas\u0131 bireycilik ve t\u00fcketimse, yirmi birinci y\u00fczy\u0131l\u0131n alameti farikas\u0131 da her \u015feyin m\u00fc\u015fterek varl\u0131\u011f\u0131na dair i\u00e7g\u00f6r\u00fcler, yeni dayan\u0131\u015fma ve birliktelik bi\u00e7imlerini ke\u015ffetme \u00e7abalar\u0131 olabilir.\u201d<\/p>\n","protected":false},"excerpt":{"rendered":"<p>D\u00fcnyan\u0131n en tan\u0131nm\u0131\u015f Zen ustalar\u0131ndan ruhani lider, \u015fair, aktivist Thich Nhat Hanh Ya\u015fama Sanat\u0131\u2019nda b\u00fct\u00fcnl\u00fckl\u00fc yakla\u015f\u0131m\u0131 ve berrak \u00fcslubuyla hayata dair en temel meseleler \u00fczerinde durarak,<span class=\"excerpt-hellip\"> [\u2026]<\/span><\/p>\n","protected":false},"featured_media":0,"template":"","meta":{"_monsterinsights_skip_tracking":false,"_monsterinsights_sitenote_active":false,"_monsterinsights_sitenote_note":"","_monsterinsights_sitenote_category":0},"product_brand":[],"product_cat":[12364,12376],"product_tag":[],"class_list":{"0":"post-763243","1":"product","2":"type-product","3":"status-publish","5":"product_cat-genel-konular","6":"product_cat-kisisel-gelisim","7":"pa_cilt-ciltsiz","8":"pa_tur-kitap","9":"pa_yayinevi-koridor-yayincilik","10":"pa_yazar-thich-nhat-hanh","12":"first","13":"instock","14":"sale","15":"shipping-taxable","16":"purchasable","17":"product-type-simple"},"_links":{"self":[{"href":"https:\/\/roveyayinevi.com.tr\/index.php\/wp-json\/wp\/v2\/product\/763243","targetHints":{"allow":["GET"]}}],"collection":[{"href":"https:\/\/roveyayinevi.com.tr\/index.php\/wp-json\/wp\/v2\/product"}],"about":[{"href":"https:\/\/roveyayinevi.com.tr\/index.php\/wp-json\/wp\/v2\/types\/product"}],"wp:attachment":[{"href":"https:\/\/roveyayinevi.com.tr\/index.php\/wp-json\/wp\/v2\/media?parent=763243"}],"wp:term":[{"taxonomy":"product_brand","embeddable":true,"href":"https:\/\/roveyayinevi.com.tr\/index.php\/wp-json\/wp\/v2\/product_brand?post=763243"},{"taxonomy":"product_cat","embeddable":true,"href":"https:\/\/roveyayinevi.com.tr\/index.php\/wp-json\/wp\/v2\/product_cat?post=763243"},{"taxonomy":"product_tag","embeddable":true,"href":"https:\/\/roveyayinevi.com.tr\/index.php\/wp-json\/wp\/v2\/product_tag?post=763243"}],"curies":[{"name":"wp","href":"https:\/\/api.w.org\/{rel}","templated":true}]}}