{"id":763211,"date":"2025-08-28T10:33:53","date_gmt":"2025-08-28T07:33:53","guid":{"rendered":"https:\/\/roveyayinevi.com.tr\/index.php\/urun\/krizin-golgesinde-en-uzun-bes-yil-2018-2023\/"},"modified":"2026-04-15T03:28:37","modified_gmt":"2026-04-15T00:28:37","slug":"krizin-golgesinde-en-uzun-bes-yil-2018-2023","status":"publish","type":"product","link":"https:\/\/roveyayinevi.com.tr\/index.php\/urun\/krizin-golgesinde-en-uzun-bes-yil-2018-2023\/","title":{"rendered":"Krizin G\u00f6lgesinde En Uzun Be\u015f Y\u0131l (2018-2023)"},"content":{"rendered":"<p>Ekonomi politikalar\u0131ndaki \u201cU-d\u00f6n\u00fc\u015fleri\u201d nas\u0131l a\u00e7\u0131klanabilir? Bu d\u00f6n\u00fc\u015flerin siyasi ve ekonomik nedenleri nelerdir?   \u201c\u00dcmit Ak\u00e7ay, T\u00fcrkiye\u2019de neoliberalizmi ele\u015ftirel olarak inceleyen iktisat\u00e7\u0131lar\u0131n \u00f6n saflar\u0131nda yer almaktad\u0131r. D\u00fcnya ekonomisini yak\u0131ndan izlemesi, T\u00fcrkiye analizini teorik ve ar\u015f\u0131la\u015ft\u0131rmal\u0131 \u00e7er\u00e7evelere oturtmaktad\u0131r. Bu kitap, bu analizi T\u00fcrkiye\u2019nin 2018-2023 y\u0131llar\u0131na ta\u015f\u0131yor. \u201cKrizin g\u00f6lgesinde ge\u00e7en\u201d bu d\u00f6nemde izlenen iktisat politikalar\u0131na odaklan\u0131yor.   Saray iktidar\u0131n\u0131n s\u0131n\u0131fsal ba\u011flant\u0131lar\u0131 T\u00fcrkiye\u2019de tart\u0131\u015f\u0131lmaktad\u0131r. Ak\u00e7ay, bu tart\u0131\u015fmaya \u0131\u015f\u0131k tutacak bir d\u00f6k\u00fcm \u00f6nermekte; sermaye gruplar\u0131n\u0131n son be\u015f y\u0131lda politika virajlar\u0131n\u0131 etkileme ve onlardan etkilenme bi\u00e7imlerini titizlikle ara\u015ft\u0131rmaktad\u0131r. Bu tabloda halk s\u0131n\u0131flar\u0131 pasif g\u00f6r\u00fcn\u00fcmdedir; ama se\u00e7im d\u00f6neme\u00e7leri, bu \u00e7aresiz konumu de\u011fi\u015ftiren dinamikleri hayata ge\u00e7irmi\u015ftir.Ak\u00e7ay\u2019\u0131n T\u00fcrkiye\u2019ye ili\u015fkin bu tespitleri neoliberalizmin y\u00fczeysel, kaderci, kat\u0131 analizine d\u00f6n\u00fck \u00f6rt\u00fcl\u00fc bir ele\u015ftiri de i\u00e7ermektedir.    AKP\u2019nin yirmi y\u0131l\u0131 a\u015fk\u0131n iktidar\u0131, T\u00fcrkiye ekonomisinin ba\u011f\u0131ml\u0131 geli\u015fme modelini yo\u011funla\u015ft\u0131rm\u0131\u015ft\u0131r. \u00dcmit Ak\u00e7ay\u2019\u0131n \u00e7al\u0131\u015fmas\u0131, bu modelden k\u00f6kl\u00fc bir d\u00f6n\u00fc\u015f\u00fcmle \u00e7\u0131k\u0131\u015f\u0131n gerekti\u011fini vurguluyor; sosyalistleri alternatifler \u00fczerinde tart\u0131\u015fmaya davet ediyor. Bu zengin g\u00fcndemi i\u00e7eren Krizin G\u00f6lgesinde En Uzun Be\u015f Y\u0131l, 21. y\u00fczy\u0131l T\u00fcrkiye\u2019sinin yak\u0131n gelece\u011fine de \u0131\u015f\u0131k tutan, \u00f6nemli, kal\u0131c\u0131 bir katk\u0131d\u0131r.\u201d   Prof. Dr. Korkut Boratav   <\/p>\n","protected":false},"excerpt":{"rendered":"<p>Ekonomi politikalar\u0131ndaki \u201cU-d\u00f6n\u00fc\u015fleri\u201d nas\u0131l a\u00e7\u0131klanabilir? Bu d\u00f6n\u00fc\u015flerin siyasi ve ekonomik nedenleri nelerdir? \u201c\u00dcmit Ak\u00e7ay, T\u00fcrkiye\u2019de neoliberalizmi ele\u015ftirel olarak inceleyen iktisat\u00e7\u0131lar\u0131n \u00f6n saflar\u0131nda yer almaktad\u0131r. D\u00fcnya ekonomisini<span class=\"excerpt-hellip\"> [\u2026]<\/span><\/p>\n","protected":false},"featured_media":0,"template":"","meta":{"_monsterinsights_skip_tracking":false,"_monsterinsights_sitenote_active":false,"_monsterinsights_sitenote_note":"","_monsterinsights_sitenote_category":0},"product_brand":[],"product_cat":[13043],"product_tag":[],"class_list":{"0":"post-763211","1":"product","2":"type-product","3":"status-publish","5":"product_cat-ekonomi","6":"pa_cilt-ciltsiz","7":"pa_tur-kitap","8":"pa_yayinevi-dogan-kitap","9":"pa_yazar-umit-akcay","11":"first","12":"instock","13":"sale","14":"shipping-taxable","15":"purchasable","16":"product-type-simple"},"_links":{"self":[{"href":"https:\/\/roveyayinevi.com.tr\/index.php\/wp-json\/wp\/v2\/product\/763211","targetHints":{"allow":["GET"]}}],"collection":[{"href":"https:\/\/roveyayinevi.com.tr\/index.php\/wp-json\/wp\/v2\/product"}],"about":[{"href":"https:\/\/roveyayinevi.com.tr\/index.php\/wp-json\/wp\/v2\/types\/product"}],"wp:attachment":[{"href":"https:\/\/roveyayinevi.com.tr\/index.php\/wp-json\/wp\/v2\/media?parent=763211"}],"wp:term":[{"taxonomy":"product_brand","embeddable":true,"href":"https:\/\/roveyayinevi.com.tr\/index.php\/wp-json\/wp\/v2\/product_brand?post=763211"},{"taxonomy":"product_cat","embeddable":true,"href":"https:\/\/roveyayinevi.com.tr\/index.php\/wp-json\/wp\/v2\/product_cat?post=763211"},{"taxonomy":"product_tag","embeddable":true,"href":"https:\/\/roveyayinevi.com.tr\/index.php\/wp-json\/wp\/v2\/product_tag?post=763211"}],"curies":[{"name":"wp","href":"https:\/\/api.w.org\/{rel}","templated":true}]}}