{"id":763195,"date":"2025-08-28T10:33:22","date_gmt":"2025-08-28T07:33:22","guid":{"rendered":"https:\/\/roveyayinevi.com.tr\/index.php\/urun\/kalk-bi-dopamin-demle-vakti-olmayanlar-icin-sinirbilim-vois\/"},"modified":"2026-04-15T03:28:37","modified_gmt":"2026-04-15T00:28:37","slug":"kalk-bi-dopamin-demle-vakti-olmayanlar-icin-sinirbilim-vois","status":"publish","type":"product","link":"https:\/\/roveyayinevi.com.tr\/index.php\/urun\/kalk-bi-dopamin-demle-vakti-olmayanlar-icin-sinirbilim-vois\/","title":{"rendered":"Kalk Bi Dopamin Demle &#8211; Vakti Olmayanlar \u0130\u00e7in Sinirbilim (VO\u0130S)"},"content":{"rendered":"<p>Elma Yay\u0131nevi-ORTAPIA\u2019dan \u00e7\u0131kan yeni kitab\u0131m\u0131z Kalk Bi Dopamin Demle yazar Dr. Serkan Karaismailo\u011flu ve Dr. M. Ali Karaismailo\u011flu\u2019nun anlat\u0131mlar\u0131yla sesleniyor okura; \u0130nsan beyni \u00f6n\u00fcne \u00e7\u0131kan her t\u00fcrl\u00fc durumu harika analiz edebilecek bir prefrontal kortekse sahip olsa da hayat\u0131n\u0131n b\u00fcy\u00fck bir b\u00f6l\u00fcm\u00fcn\u00fc duygular\u0131yla ya\u015far. Duygular\u0131n bu denli g\u00fc\u00e7l\u00fc olmas\u0131ndaki en \u00f6nemli etken \u00f6d\u00fcl ve ceza sistemiyle \u00e7ok yak\u0131n bir ili\u015fki i\u00e7inde olmas\u0131ndan kaynaklan\u0131r. \u0130\u015fte bu nedenle hayat\u0131 anlamak i\u00e7in beynimizdeki \u00f6d\u00fcl devrelerinin \u00e7al\u0131\u015fma mant\u0131\u011f\u0131n\u0131 ve dopaminin felsefesini anlamak laz\u0131m. Elbette \u00f6d\u00fcl merkezleri a\u00e7\u0131s\u0131ndan beynimizde aktif rol oynayan serotonin, oksitosin, endorfin gibi \u00e7e\u015fitli molek\u00fcller olsa da bu kitapta sadece dopamini ele alaca\u011f\u0131z \u00e7\u00fcnk\u00fc sistemdeki en kritik molek\u00fcl dopamindir.\u2026 E\u011fer siz de beyninizin i\u00e7inde bir karadelik varm\u0131\u015f ve ara s\u0131ra her \u015feyi yutuyormu\u015f gibi hissediyorsan\u0131z aram\u0131za ho\u015f geldiniz. Tan\u0131\u015ft\u0131\u011f\u0131m\u0131za g\u00f6re dopaminimizi g\u00fczelce demleyip sohbetimize ba\u015flayabiliriz. Keyifli okumalar\u2026 <\/p>\n","protected":false},"excerpt":{"rendered":"<p>Elma Yay\u0131nevi-ORTAPIA\u2019dan \u00e7\u0131kan yeni kitab\u0131m\u0131z Kalk Bi Dopamin Demle yazar Dr. Serkan Karaismailo\u011flu ve Dr. M. Ali Karaismailo\u011flu\u2019nun anlat\u0131mlar\u0131yla sesleniyor okura; \u0130nsan beyni \u00f6n\u00fcne \u00e7\u0131kan her<span class=\"excerpt-hellip\"> [\u2026]<\/span><\/p>\n","protected":false},"featured_media":0,"template":"","meta":{"_monsterinsights_skip_tracking":false,"_monsterinsights_sitenote_active":false,"_monsterinsights_sitenote_note":"","_monsterinsights_sitenote_category":0},"product_brand":[],"product_cat":[13835],"product_tag":[],"class_list":{"0":"post-763195","1":"product","2":"type-product","3":"status-publish","5":"product_cat-cok-satanlar","6":"pa_cilt-ciltsiz","7":"pa_tur-kitap","8":"pa_yayinevi-ortapia","9":"pa_yazar-serkan-karaismailoglu-m-ali-karaismailoglu","11":"first","12":"instock","13":"sale","14":"shipping-taxable","15":"purchasable","16":"product-type-simple"},"_links":{"self":[{"href":"https:\/\/roveyayinevi.com.tr\/index.php\/wp-json\/wp\/v2\/product\/763195","targetHints":{"allow":["GET"]}}],"collection":[{"href":"https:\/\/roveyayinevi.com.tr\/index.php\/wp-json\/wp\/v2\/product"}],"about":[{"href":"https:\/\/roveyayinevi.com.tr\/index.php\/wp-json\/wp\/v2\/types\/product"}],"wp:attachment":[{"href":"https:\/\/roveyayinevi.com.tr\/index.php\/wp-json\/wp\/v2\/media?parent=763195"}],"wp:term":[{"taxonomy":"product_brand","embeddable":true,"href":"https:\/\/roveyayinevi.com.tr\/index.php\/wp-json\/wp\/v2\/product_brand?post=763195"},{"taxonomy":"product_cat","embeddable":true,"href":"https:\/\/roveyayinevi.com.tr\/index.php\/wp-json\/wp\/v2\/product_cat?post=763195"},{"taxonomy":"product_tag","embeddable":true,"href":"https:\/\/roveyayinevi.com.tr\/index.php\/wp-json\/wp\/v2\/product_tag?post=763195"}],"curies":[{"name":"wp","href":"https:\/\/api.w.org\/{rel}","templated":true}]}}