{"id":763158,"date":"2025-08-28T10:32:17","date_gmt":"2025-08-28T07:32:17","guid":{"rendered":"https:\/\/roveyayinevi.com.tr\/index.php\/urun\/radyolojik-kesitsel-anatomi\/"},"modified":"2026-04-15T03:28:36","modified_gmt":"2026-04-15T00:28:36","slug":"radyolojik-kesitsel-anatomi","status":"publish","type":"product","link":"https:\/\/roveyayinevi.com.tr\/index.php\/urun\/radyolojik-kesitsel-anatomi\/","title":{"rendered":"Radyolojik Kesitsel Anatomi"},"content":{"rendered":"<p>Bu kitap \u00f6zellikle \u00f6n lisans d\u00fczeyindeki T\u0131bbi G\u00f6r\u00fcnt\u00fcleme Teknikleri program\u0131nda okutulan Kesitsel Radyolojik Anatomi ders m\u00fcfredat\u0131na uygun olarak haz\u0131rlanm\u0131\u015ft\u0131r. Kitapta insan v\u00fccudunun kesitsel anatomisi BT g\u00f6r\u00fcnt\u00fcler, sagittal, aksiyal ve koronal d\u00fczlemlerde MR g\u00f6r\u00fcnt\u00fc oryantasyonu kolay anla\u015f\u0131labilir \u015fekilde g\u00f6sterilmi\u015ftir. Konu anlat\u0131mlar\u0131 sonunda \u00e7oktan se\u00e7meli testler yolu ile \u00f6\u011frenim kazan\u0131mlar\u0131n\u0131n peki\u015ftirilmesi ama\u00e7lanm\u0131\u015f, bu do\u011frultuda kaynaklar zenginle\u015ftirilmi\u015ftir. Bu \u00e7al\u0131\u015fma ayn\u0131 zamanda kesitsel radyolojik anatomi ile u\u011fra\u015fan N\u00f6roloji, Beyin Cerrahisi, Ortopedi, Fizyoterapi ve Rehabilitasyon uzmanl\u0131k alanlar\u0131nda \u00e7al\u0131\u015fanlar\u0131n, Radyoloji uzmanl\u0131k \u00f6\u011frencilerinin ve Radyoloji uzmanlar\u0131n\u0131n patolojileri yorumlarken normal anatomi i\u00e7in ba\u015fvurabilecekleri bir kaynak olarak da g\u00f6r\u00fclebilir. Kitab\u0131n, T\u0131bbi G\u00f6r\u00fcnt\u00fcleme Teknikleri program\u0131 \u00f6\u011frencilerine ve bu alan\u0131na ilgi duyanlara faydal\u0131 olmas\u0131 ama\u00e7lanmaktad\u0131r.<\/p>\n","protected":false},"excerpt":{"rendered":"<p>Bu kitap \u00f6zellikle \u00f6n lisans d\u00fczeyindeki T\u0131bbi G\u00f6r\u00fcnt\u00fcleme Teknikleri program\u0131nda okutulan Kesitsel Radyolojik Anatomi ders m\u00fcfredat\u0131na uygun olarak haz\u0131rlanm\u0131\u015ft\u0131r. Kitapta insan v\u00fccudunun kesitsel anatomisi BT g\u00f6r\u00fcnt\u00fcler,<span class=\"excerpt-hellip\"> [\u2026]<\/span><\/p>\n","protected":false},"featured_media":0,"template":"","meta":{"_monsterinsights_skip_tracking":false,"_monsterinsights_sitenote_active":false,"_monsterinsights_sitenote_note":"","_monsterinsights_sitenote_category":0},"product_brand":[],"product_cat":[13365],"product_tag":[],"class_list":{"0":"post-763158","1":"product","2":"type-product","3":"status-publish","5":"product_cat-saglik","6":"pa_cilt-ciltsiz","7":"pa_tur-kitap","8":"pa_yayinevi-kapadokya-universitesi-yayinlari","9":"pa_yazar-saban-tiryaki","11":"first","12":"instock","13":"sale","14":"shipping-taxable","15":"purchasable","16":"product-type-simple"},"_links":{"self":[{"href":"https:\/\/roveyayinevi.com.tr\/index.php\/wp-json\/wp\/v2\/product\/763158","targetHints":{"allow":["GET"]}}],"collection":[{"href":"https:\/\/roveyayinevi.com.tr\/index.php\/wp-json\/wp\/v2\/product"}],"about":[{"href":"https:\/\/roveyayinevi.com.tr\/index.php\/wp-json\/wp\/v2\/types\/product"}],"wp:attachment":[{"href":"https:\/\/roveyayinevi.com.tr\/index.php\/wp-json\/wp\/v2\/media?parent=763158"}],"wp:term":[{"taxonomy":"product_brand","embeddable":true,"href":"https:\/\/roveyayinevi.com.tr\/index.php\/wp-json\/wp\/v2\/product_brand?post=763158"},{"taxonomy":"product_cat","embeddable":true,"href":"https:\/\/roveyayinevi.com.tr\/index.php\/wp-json\/wp\/v2\/product_cat?post=763158"},{"taxonomy":"product_tag","embeddable":true,"href":"https:\/\/roveyayinevi.com.tr\/index.php\/wp-json\/wp\/v2\/product_tag?post=763158"}],"curies":[{"name":"wp","href":"https:\/\/api.w.org\/{rel}","templated":true}]}}