{"id":763131,"date":"2025-08-28T10:31:40","date_gmt":"2025-08-28T07:31:40","guid":{"rendered":"https:\/\/roveyayinevi.com.tr\/index.php\/urun\/icimden-boyle-geldi\/"},"modified":"2026-04-15T03:28:35","modified_gmt":"2026-04-15T00:28:35","slug":"icimden-boyle-geldi","status":"publish","type":"product","link":"https:\/\/roveyayinevi.com.tr\/index.php\/urun\/icimden-boyle-geldi\/","title":{"rendered":"\u0130\u00e7imden B\u00f6yle Geldi"},"content":{"rendered":"<p>Bu olanlar diyorum bazen\u2026 Niyeydi? Nas\u0131l oldu b\u00f6ylesi? B\u00f6yle k\u0131rm\u0131z\u0131 yuvarlak bir halka gibi! Bilmiyorum bir ad\u0131 var m\u0131? Sadece i\u00e7imden b\u00f6yle geldi.   Utanga\u00e7 \u00e7ocuklar\u0131n \u00e7illi y\u00fcz\u00fc, Olmam\u0131\u015f eriklerin mayho\u015f h\u00fczn\u00fc, Demir ranzalar\u0131n so\u011fuk g\u00fcz\u00fc gibi biraz bence, Sahi sence neye benzer ayr\u0131l\u0131klar? Peki yeniden ba\u015flamalar? Bilmiyorum bir ad\u0131 var m\u0131?       Ben isim koyam\u0131yorum art\u0131k g\u00fcnlere, G\u00fcl\u00fc\u015flere ve sanc\u0131lara\u2026 Senden de \u00e7\u0131kt\u0131 art\u0131k bu sevda. Kirpiklerinde sakl\u0131yorum ben \u00e7ocuklu\u011fumu. Bilmiyorum bunun da bir ad\u0131 var m\u0131?   Benim sadece i\u00e7imden b\u00f6yle geldi. Ad\u0131n\u0131 sen koy\u2026 <\/p>\n","protected":false},"excerpt":{"rendered":"<p>Bu olanlar diyorum bazen\u2026 Niyeydi? Nas\u0131l oldu b\u00f6ylesi? B\u00f6yle k\u0131rm\u0131z\u0131 yuvarlak bir halka gibi! Bilmiyorum bir ad\u0131 var m\u0131? Sadece i\u00e7imden b\u00f6yle geldi. Utanga\u00e7 \u00e7ocuklar\u0131n \u00e7illi<span class=\"excerpt-hellip\"> [\u2026]<\/span><\/p>\n","protected":false},"featured_media":0,"template":"","meta":{"_monsterinsights_skip_tracking":false,"_monsterinsights_sitenote_active":false,"_monsterinsights_sitenote_note":"","_monsterinsights_sitenote_category":0},"product_brand":[],"product_cat":[12291,12509],"product_tag":[],"class_list":{"0":"post-763131","1":"product","2":"type-product","3":"status-publish","5":"product_cat-edebiyat","6":"product_cat-siir","7":"pa_cilt-ciltsiz","8":"pa_tur-kitap","9":"pa_yayinevi-favori-yayinlari","10":"pa_yazar-ceren-kurtay","12":"first","13":"instock","14":"sale","15":"shipping-taxable","16":"purchasable","17":"product-type-simple"},"_links":{"self":[{"href":"https:\/\/roveyayinevi.com.tr\/index.php\/wp-json\/wp\/v2\/product\/763131","targetHints":{"allow":["GET"]}}],"collection":[{"href":"https:\/\/roveyayinevi.com.tr\/index.php\/wp-json\/wp\/v2\/product"}],"about":[{"href":"https:\/\/roveyayinevi.com.tr\/index.php\/wp-json\/wp\/v2\/types\/product"}],"wp:attachment":[{"href":"https:\/\/roveyayinevi.com.tr\/index.php\/wp-json\/wp\/v2\/media?parent=763131"}],"wp:term":[{"taxonomy":"product_brand","embeddable":true,"href":"https:\/\/roveyayinevi.com.tr\/index.php\/wp-json\/wp\/v2\/product_brand?post=763131"},{"taxonomy":"product_cat","embeddable":true,"href":"https:\/\/roveyayinevi.com.tr\/index.php\/wp-json\/wp\/v2\/product_cat?post=763131"},{"taxonomy":"product_tag","embeddable":true,"href":"https:\/\/roveyayinevi.com.tr\/index.php\/wp-json\/wp\/v2\/product_tag?post=763131"}],"curies":[{"name":"wp","href":"https:\/\/api.w.org\/{rel}","templated":true}]}}