{"id":763128,"date":"2025-08-28T10:31:36","date_gmt":"2025-08-28T07:31:36","guid":{"rendered":"https:\/\/roveyayinevi.com.tr\/index.php\/urun\/iktisat-ve-toplum-dergisi-166-sayi-dunya-hepimize-yeter\/"},"modified":"2026-04-15T03:28:35","modified_gmt":"2026-04-15T00:28:35","slug":"iktisat-ve-toplum-dergisi-166-sayi-dunya-hepimize-yeter","status":"publish","type":"product","link":"https:\/\/roveyayinevi.com.tr\/index.php\/urun\/iktisat-ve-toplum-dergisi-166-sayi-dunya-hepimize-yeter\/","title":{"rendered":"\u0130ktisat ve Toplum Dergisi 166. Say\u0131 D\u00fcnya Hepimize Yeter"},"content":{"rendered":"<p>Bu say\u0131da: Alg\u0131 Yan\u0131ltmas\u0131 &#8211; Mahfi Eg\u0306ilmez     Ezeli Ebedi Derdimiz Enflasyon &#8211; I\u0307zzettin \u00d6nder       Demokrasinin H\u00fck\u00fcmeti olarak Koalisyonlar: Zor Zanaat &#8211; Ersin Kalayc\u0131o\u011flu       \u015eim\u015fek\u2019in AKP\u2019siyle Yine, Yeniden Lale Devri &#8211; A. Erin\u00e7 Yeldan N\u00fcfus ve Ekonomik Adalet &#8211; \u00d6rsan K. \u00d6ymen  A\u015f\u0131r\u0131 N\u00fcfus ve K\u00fcresel E\u011filimler &#8211; R. Funda Barbaros        Do\u011fum Oranlar\u0131 Neden Azal\u0131yor, Ne Yapmal\u0131? &#8211; Mehmet Ali Eryurt    Ke\u015fke O Kadar Kolay Olsa! &#8211; Ay\u00e7a Tekin-Koru        Toplumsal Cinsiyet E\u015fitli\u011fi Perspektifinden Pronatalist Politikalara Bak\u0131\u015f &#8211; \u0130lknur Y\u00fcksel-Kaptano\u011flu      D\u00fcnyada ve T\u00fcrkiye\u2019de N\u00fcfus Politikalar\u0131: D\u00fcnya N\u00fcfus Konferanslar\u0131 ve De\u011fi\u015fen Paradigmalar &#8211; Ay\u015fe Abbaso\u011flu \u00d6zg\u00f6ren \u201cEn Az \u00dc\u00e7 \u00c7ocuk!\u201dtan Kad\u0131n Ba\u015f\u0131na 1,51 \u00c7ocu\u011fa &#8211; M. Aykut Attar     N\u00fcfus ve S\u00fcrd\u00fcr\u00fclebilirlik: Ancak, Hangi N\u00fcfus? &#8211; Arda Tunca  Mars\u2019a Gitmek \u00c7\u00f6z\u00fcm m\u00fc? &#8211; Berna Balc\u0131 \u0130zgi  James K. Galbraith\u2019le S\u00f6yle\u015fi &#8211; Adem Yavuz Elveren T\u00fcrkiye\u2019de Bilgi \u0130leti\u015fim Teknolojileri Sekt\u00f6r\u00fcnde G\u00fcncel Geli\u015fmeler &#8211; \u00dcmit Atabek       Heterodoks \u0130ktisad\u0131n \u201cYeni\u201d Temsilcisi Modern Para Teorisi \u00dczerine &#8211; Y\u0131lmaz Ayd\u0131n     T\u00fcrkiye \u0130ktisat E\u011fitimi Tarihinde \u00d6nc\u00fc Bir \u0130sim: H\u00fcseyin \u015e\u00fckr\u00fc Baban (1890-1980) &#8211; Ercan Eren, Alaaddin Tok Birinci D\u00fcnya Sava\u015f\u0131 \u00d6ncesi ve Sonras\u0131nda \u0130ktisat &#8211; Erdin\u00e7 Tokg\u00f6z      G\u00fcncelli\u011fini Koruyan Marksist Tarih Teorisi I\u015f\u0131\u011f\u0131nda Yeni \u00dcretici G\u00fc\u00e7ler &#8211; Haluk Erg\u00fcven     Deniz Ta\u015f\u0131mac\u0131l\u0131\u011f\u0131nda \u201cYe\u015fil ve Adil Bir Ge\u00e7i\u015fe Do\u011fru\u201d &#8211; Mehmet Saya        \u015eirketlerin Zombile\u015fmesi ve Neoliberalizm &#8211; Danis\u0327 Navaro Ekonomik De\u011fi\u015fimin Sosyal Yans\u0131malar\u0131: \u00c7ehov ve Vi\u015fne Bah\u00e7esi &#8211; G\u00fcl\u00e7in Elif Y\u00fccel<\/p>\n","protected":false},"excerpt":{"rendered":"<p>Bu say\u0131da: Alg\u0131 Yan\u0131ltmas\u0131 &#8211; Mahfi Eg\u0306ilmez Ezeli Ebedi Derdimiz Enflasyon &#8211; I\u0307zzettin \u00d6nder Demokrasinin H\u00fck\u00fcmeti olarak Koalisyonlar: Zor Zanaat &#8211; Ersin Kalayc\u0131o\u011flu \u015eim\u015fek\u2019in AKP\u2019siyle Yine,<span class=\"excerpt-hellip\"> [\u2026]<\/span><\/p>\n","protected":false},"featured_media":0,"template":"","meta":{"_monsterinsights_skip_tracking":false,"_monsterinsights_sitenote_active":false,"_monsterinsights_sitenote_note":"","_monsterinsights_sitenote_category":0},"product_brand":[],"product_cat":[13527],"product_tag":[],"class_list":{"0":"post-763128","1":"product","2":"type-product","3":"status-publish","5":"product_cat-sureli-yayinlar","6":"pa_cilt-ciltsiz","7":"pa_tur-dergi","8":"pa_yayinevi-efil-yayinevi-dergi","9":"pa_yazar-kolektif","11":"first","12":"instock","13":"sale","14":"shipping-taxable","15":"purchasable","16":"product-type-simple"},"_links":{"self":[{"href":"https:\/\/roveyayinevi.com.tr\/index.php\/wp-json\/wp\/v2\/product\/763128","targetHints":{"allow":["GET"]}}],"collection":[{"href":"https:\/\/roveyayinevi.com.tr\/index.php\/wp-json\/wp\/v2\/product"}],"about":[{"href":"https:\/\/roveyayinevi.com.tr\/index.php\/wp-json\/wp\/v2\/types\/product"}],"wp:attachment":[{"href":"https:\/\/roveyayinevi.com.tr\/index.php\/wp-json\/wp\/v2\/media?parent=763128"}],"wp:term":[{"taxonomy":"product_brand","embeddable":true,"href":"https:\/\/roveyayinevi.com.tr\/index.php\/wp-json\/wp\/v2\/product_brand?post=763128"},{"taxonomy":"product_cat","embeddable":true,"href":"https:\/\/roveyayinevi.com.tr\/index.php\/wp-json\/wp\/v2\/product_cat?post=763128"},{"taxonomy":"product_tag","embeddable":true,"href":"https:\/\/roveyayinevi.com.tr\/index.php\/wp-json\/wp\/v2\/product_tag?post=763128"}],"curies":[{"name":"wp","href":"https:\/\/api.w.org\/{rel}","templated":true}]}}